/*
SQLyog Community v12.02 (64 bit)
MySQL - 5.6.21 : Database - ssc
*********************************************************************
*/


/*!40101 SET NAMES utf8 */;

/*!40101 SET SQL_MODE=''*/;

/*!40014 SET @OLD_UNIQUE_CHECKS=@@UNIQUE_CHECKS, UNIQUE_CHECKS=0 */;
/*!40014 SET @OLD_FOREIGN_KEY_CHECKS=@@FOREIGN_KEY_CHECKS, FOREIGN_KEY_CHECKS=0 */;
/*!40101 SET @OLD_SQL_MODE=@@SQL_MODE, SQL_MODE='NO_AUTO_VALUE_ON_ZERO' */;
/*!40111 SET @OLD_SQL_NOTES=@@SQL_NOTES, SQL_NOTES=0 */;
CREATE DATABASE /*!32312 IF NOT EXISTS*/`ssc` /*!40100 DEFAULT CHARACTER SET latin1 */;

/*Table structure for table `authassignment` */

DROP TABLE IF EXISTS `authassignment`;

CREATE TABLE `authassignment` (
  `itemname` varchar(64) NOT NULL,
  `userid` varchar(64) NOT NULL,
  `bizrule` text,
  `data` text,
  PRIMARY KEY (`itemname`,`userid`),
  CONSTRAINT `authassignment_ibfk_1` FOREIGN KEY (`itemname`) REFERENCES `authitem` (`name`) ON DELETE CASCADE ON UPDATE CASCADE
) ENGINE=InnoDB DEFAULT CHARSET=latin1;

/*Data for the table `authassignment` */

insert  into `authassignment`(`itemname`,`userid`,`bizrule`,`data`) values ('RBAC Manager','1',NULL,'N;'),('Super User','1',NULL,'N;');

/*Table structure for table `authitem` */

DROP TABLE IF EXISTS `authitem`;

CREATE TABLE `authitem` (
  `name` varchar(64) NOT NULL,
  `type` int(11) NOT NULL,
  `description` text,
  `bizrule` text,
  `data` text,
  PRIMARY KEY (`name`)
) ENGINE=InnoDB DEFAULT CHARSET=latin1;

/*Data for the table `authitem` */

insert  into `authitem`(`name`,`type`,`description`,`bizrule`,`data`) values ('A/R Authorize Personnel',2,'A/R Authorize Personnel','','s:0:\"\";'),('A/R MASTER ADMIN',2,'A/R MASTER ADMIN','','s:0:\"\";'),('A/R Processing',2,'A/R Processing','','s:0:\"\";'),('A/R Reporting',2,'A/R Reporting','','s:0:\"\";'),('Admin:Admin',0,'Admin:Admin',NULL,'N;'),('ApCnDtl',1,'',NULL,'N;'),('ApCnDtl:Admin',0,'',NULL,'N;'),('ApCnDtl:BatchCreate',0,'',NULL,'N;'),('ApCnDtl:BatchDelete',0,'',NULL,'N;'),('ApCnDtl:CalculateNetAmt',0,'',NULL,'N;'),('ApCnDtl:CalculateNetAmtBatch',0,'',NULL,'N;'),('ApCnDtl:CalculateOdrAmt',0,'',NULL,'N;'),('ApCnDtl:CalculateTaxAmt',0,'',NULL,'N;'),('ApCnDtl:Create',0,'',NULL,'N;'),('ApCnDtl:Delete',0,'',NULL,'N;'),('ApCnDtl:MoveLineDown',0,'',NULL,'N;'),('ApCnDtl:MoveLineUp',0,'',NULL,'N;'),('ApCnDtl:Update',0,'',NULL,'N;'),('ApCnDtl:UpdateInventory',0,'',NULL,'N;'),('ApCnDtl:UpdateItem',0,'',NULL,'N;'),('ApCnDtl:UpdateItemBatch',0,'',NULL,'N;'),('ApCnDtl:UpdateTax',0,'',NULL,'N;'),('ApCnDtl:UpdateTaxBatch',0,'',NULL,'N;'),('ApCnDtl:UpdateUOM',0,'',NULL,'N;'),('ApCnDtl:UpdateUOMBatch',0,'',NULL,'N;'),('ApCnDtl:ValidateBatch',0,'',NULL,'N;'),('ApCnDtl:View',0,'',NULL,'N;'),('ApCnHdr',1,'',NULL,'N;'),('ApCnHdr:Admin',0,'',NULL,'N;'),('ApCnHdr:CalculateDiscAmt',0,'',NULL,'N;'),('ApCnHdr:CalculateDiscLocalAmt',0,'',NULL,'N;'),('ApCnHdr:CalculateNetAmt',0,'',NULL,'N;'),('ApCnHdr:CalculateNetLocalAmt',0,'',NULL,'N;'),('ApCnHdr:CalculateTaxAmt',0,'',NULL,'N;'),('ApCnHdr:CalculateTaxLocalAmt',0,'',NULL,'N;'),('ApCnHdr:Confirm',0,'',NULL,'N;'),('ApCnHdr:Create',0,'',NULL,'N;'),('ApCnHdr:Delete',0,'',NULL,'N;'),('ApCnHdr:Update',0,'',NULL,'N;'),('ApCnHdr:UpdateArea',0,'',NULL,'N;'),('ApCnHdr:UpdateBranchInfo',0,'',NULL,'N;'),('ApCnHdr:UpdateCurrency',0,'',NULL,'N;'),('ApCnHdr:UpdateTax',0,'',NULL,'N;'),('ApCnHdr:UpdateTerm',0,'',NULL,'N;'),('ApCnHdr:UpdateVendorInfo',0,'',NULL,'N;'),('ApCnHdr:View',0,'',NULL,'N;'),('ApCnHdr:Void',0,'',NULL,'N;'),('ApPaymentDtl',1,'',NULL,'N;'),('ApPaymentDtl:Admin',0,'',NULL,'N;'),('ApPaymentDtl:BatchDelete',0,'',NULL,'N;'),('ApPaymentDtl:CalculateKoAmt',0,'',NULL,'N;'),('ApPaymentDtl:Create',0,'',NULL,'N;'),('ApPaymentDtl:Delete',0,'',NULL,'N;'),('ApPaymentDtl:Transfer',0,'',NULL,'N;'),('ApPaymentDtl:Update',0,'',NULL,'N;'),('ApPaymentDtl:View',0,'',NULL,'N;'),('ApPaymentHdr',1,'',NULL,'N;'),('ApPaymentHdr:Admin',0,'',NULL,'N;'),('ApPaymentHdr:Confirm',0,'',NULL,'N;'),('ApPaymentHdr:Create',0,'',NULL,'N;'),('ApPaymentHdr:Delete',0,'',NULL,'N;'),('ApPaymentHdr:Update',0,'',NULL,'N;'),('ApPaymentHdr:UpdateCurrency',0,'',NULL,'N;'),('ApPaymentHdr:UpdateVendorInfo',0,'',NULL,'N;'),('ApPaymentHdr:View',0,'',NULL,'N;'),('ApPaymentHdr:Void',0,'',NULL,'N;'),('ArDnDtl',1,'',NULL,'N;'),('ArDnDtl:Admin',0,'',NULL,'N;'),('ArDnDtl:BatchCreate',0,'',NULL,'N;'),('ArDnDtl:BatchDelete',0,'',NULL,'N;'),('ArDnDtl:CalculateNetAmt',0,'',NULL,'N;'),('ArDnDtl:CalculateNetAmtBatch',0,'',NULL,'N;'),('ArDnDtl:CalculateOdrAmt',0,'',NULL,'N;'),('ArDnDtl:CalculateTaxAmt',0,'',NULL,'N;'),('ArDnDtl:Create',0,'',NULL,'N;'),('ArDnDtl:Delete',0,'',NULL,'N;'),('ArDnDtl:MoveLineDown',0,'',NULL,'N;'),('ArDnDtl:MoveLineUp',0,'',NULL,'N;'),('ArDnDtl:Update',0,'',NULL,'N;'),('ArDnDtl:UpdateInventory',0,'',NULL,'N;'),('ArDnDtl:UpdateItem',0,'',NULL,'N;'),('ArDnDtl:UpdateItemBatch',0,'',NULL,'N;'),('ArDnDtl:UpdateTax',0,'',NULL,'N;'),('ArDnDtl:UpdateTaxBatch',0,'',NULL,'N;'),('ArDnDtl:UpdateUOM',0,'',NULL,'N;'),('ArDnDtl:UpdateUOMBatch',0,'',NULL,'N;'),('ArDnDtl:ValidateBatch',0,'',NULL,'N;'),('ArDnDtl:View',0,'',NULL,'N;'),('ArDnHdr',1,'',NULL,'N;'),('ArDnHdr:Admin',0,'',NULL,'N;'),('ArDnHdr:CalculateDiscAmt',0,'',NULL,'N;'),('ArDnHdr:CalculateDiscLocalAmt',0,'',NULL,'N;'),('ArDnHdr:CalculateNetAmt',0,'',NULL,'N;'),('ArDnHdr:CalculateNetLocalAmt',0,'',NULL,'N;'),('ArDnHdr:CalculateTaxAmt',0,'',NULL,'N;'),('ArDnHdr:CalculateTaxLocalAmt',0,'',NULL,'N;'),('ArDnHdr:Confirm',0,'',NULL,'N;'),('ArDnHdr:Create',0,'',NULL,'N;'),('ArDnHdr:Delete',0,'',NULL,'N;'),('ArDnHdr:Update',0,'',NULL,'N;'),('ArDnHdr:UpdateArea',0,'',NULL,'N;'),('ArDnHdr:UpdateBranchInfo',0,'',NULL,'N;'),('ArDnHdr:UpdateCurrency',0,'',NULL,'N;'),('ArDnHdr:UpdateCustomerInfo',0,'',NULL,'N;'),('ArDnHdr:UpdateTax',0,'',NULL,'N;'),('ArDnHdr:UpdateTerm',0,'',NULL,'N;'),('ArDnHdr:View',0,'',NULL,'N;'),('ArDnHdr:Void',0,'',NULL,'N;'),('Area',1,'',NULL,'N;'),('Area:Admin',0,'',NULL,'N;'),('Area:BatchDelete',0,'',NULL,'N;'),('Area:Create',0,'',NULL,'N;'),('Area:Delete',0,'',NULL,'N;'),('Area:Update',0,'',NULL,'N;'),('ArPaymentDtl',1,'',NULL,'N;'),('ArPaymentDtl:Admin',0,'',NULL,'N;'),('ArPaymentDtl:BatchDelete',0,'',NULL,'N;'),('ArPaymentDtl:CalculateKoAmt',0,'',NULL,'N;'),('ArPaymentDtl:Create',0,'',NULL,'N;'),('ArPaymentDtl:Delete',0,'',NULL,'N;'),('ArPaymentDtl:Transfer',0,'',NULL,'N;'),('ArPaymentDtl:Update',0,'',NULL,'N;'),('ArPaymentDtl:View',0,'',NULL,'N;'),('ArPaymentHdr',1,'',NULL,'N;'),('ArPaymentHdr:Admin',0,'',NULL,'N;'),('ArPaymentHdr:BatchConfirm',0,'',NULL,'N;'),('ArPaymentHdr:ChangeToBatch',0,'',NULL,'N;'),('ArPaymentHdr:Confirm',0,'',NULL,'N;'),('ArPaymentHdr:Create',0,'',NULL,'N;'),('ArPaymentHdr:Delete',0,'',NULL,'N;'),('ArPaymentHdr:EditRemarkView',0,'',NULL,'N;'),('ArPaymentHdr:FixBatchVoid',0,'',NULL,'N;'),('ArPaymentHdr:RemoveBalance',0,'',NULL,'N;'),('ArPaymentHdr:Update',0,'',NULL,'N;'),('ArPaymentHdr:UpdateCurrency',0,'',NULL,'N;'),('ArPaymentHdr:UpdateCustomerInfo',0,'',NULL,'N;'),('ArPaymentHdr:View',0,'',NULL,'N;'),('ArPaymentHdr:Void',0,'',NULL,'N;'),('ArPaymentRef',1,'',NULL,'N;'),('ArPaymentRef:Admin',0,'',NULL,'N;'),('ArPaymentRef:BatchDelete',0,'',NULL,'N;'),('ArPaymentRef:CalculateKoAmt',0,'',NULL,'N;'),('ArPaymentRef:Create',0,'',NULL,'N;'),('ArPaymentRef:Delete',0,'',NULL,'N;'),('ArPaymentRef:Transfer',0,'',NULL,'N;'),('ArPaymentRef:Update',0,'',NULL,'N;'),('ArPaymentRef:View',0,'',NULL,'N;'),('Auth Assignments Manager',2,'Manages Role Assignments. RBAM required role.',NULL,'N;'),('Auth Items Manager',2,'Manages Auth Items. RBAM required role.',NULL,'N;'),('Authenticated',2,'Default role for users that are logged in. RBAC default role.','return !Yii::app()->getUser()->getIsGuest();','N;'),('AutoComplete',1,'',NULL,'N;'),('AutoComplete:AutocompleteSource',0,'',NULL,'N;'),('AutoComplete:FindAreaCode',0,'',NULL,'N;'),('AutoComplete:FindCurrencyCode',0,'',NULL,'N;'),('AutoComplete:FindCustomerCategory',0,'',NULL,'N;'),('AutoComplete:FindCustomerCode',0,'',NULL,'N;'),('AutoComplete:FindDivision',0,'',NULL,'N;'),('AutoComplete:FindItemCode',0,'',NULL,'N;'),('AutoComplete:FindItemGroup',0,'',NULL,'N;'),('AutoComplete:FindLocationCode',0,'',NULL,'N;'),('AutoComplete:FindPaymentMethod',0,'',NULL,'N;'),('AutoComplete:FindPriceGroup',0,'',NULL,'N;'),('AutoComplete:FindPromotionGroup',0,'',NULL,'N;'),('AutoComplete:FindReasonCode',0,'',NULL,'N;'),('AutoComplete:FindTermsCode',0,'',NULL,'N;'),('AutoComplete:FindUOMCode',0,'',NULL,'N;'),('AutoComplete:FindUser',0,'',NULL,'N;'),('AutoComplete:FindVendorCategory',0,'',NULL,'N;'),('BarcodeApp',1,'',NULL,'N;'),('BarcodeApp:CheckBarcode',0,'',NULL,'N;'),('BarcodeApp:CheckInvoice',0,'',NULL,'N;'),('BarcodeApp:ConfirmDoc',0,'',NULL,'N;'),('BarcodeApp:GetDocSet',0,'',NULL,'N;'),('CallCardDtl',1,'',NULL,'N;'),('CallCardDtl:UpdateInventory',0,'',NULL,'N;'),('CallCardDtl:UpdateItem',0,'',NULL,'N;'),('CallCardDtl:UpdateTax',0,'',NULL,'N;'),('CallCardDtl:UpdateUOM',0,'',NULL,'N;'),('CallCardDtl:View',0,'',NULL,'N;'),('CallCardHdr',1,'',NULL,'N;'),('CallCardHdr:Admin',0,'',NULL,'N;'),('CallCardHdr:BatchPrint',0,'',NULL,'N;'),('CallCardHdr:CalculateDiscAmt',0,'',NULL,'N;'),('CallCardHdr:CalculateDiscLocalAmt',0,'',NULL,'N;'),('CallCardHdr:CalculateNetAmt',0,'',NULL,'N;'),('CallCardHdr:CalculateNetLocalAmt',0,'',NULL,'N;'),('CallCardHdr:CalculateTaxAmt',0,'',NULL,'N;'),('CallCardHdr:CalculateTaxLocalAmt',0,'',NULL,'N;'),('CallCardHdr:Confirm',0,'',NULL,'N;'),('CallCardHdr:Create',0,'',NULL,'N;'),('CallCardHdr:Delete',0,'',NULL,'N;'),('CallCardHdr:PrintSalesOrder',0,'',NULL,'N;'),('CallCardHdr:ReverseToDraft',0,'',NULL,'N;'),('CallCardHdr:Update',0,'',NULL,'N;'),('CallCardHdr:UpdateArea',0,'',NULL,'N;'),('CallCardHdr:UpdateBranchInfo',0,'',NULL,'N;'),('CallCardHdr:UpdateCurrency',0,'',NULL,'N;'),('CallCardHdr:UpdateCustomerInfo',0,'',NULL,'N;'),('CallCardHdr:UpdateTax',0,'',NULL,'N;'),('CallCardHdr:UpdateTerm',0,'',NULL,'N;'),('CallCardHdr:View',0,'',NULL,'N;'),('CallCardHdr:Void',0,'',NULL,'N;'),('CallCardHdrC',1,'',NULL,'N;'),('CallCardHdrC:Admin',0,'',NULL,'N;'),('CallCardHdrC:View',0,'',NULL,'N;'),('Company',1,'',NULL,'N;'),('Company:Admin',0,'',NULL,'N;'),('Company:Create',0,'',NULL,'N;'),('Company:Update',0,'',NULL,'N;'),('CopyDocument',1,'',NULL,'N;'),('CopyDocument:CopyTo',0,'',NULL,'N;'),('CreditorTrans',1,'',NULL,'N;'),('CreditorTrans:Admin',0,'',NULL,'N;'),('CreditorTrans:UpdateVendorInfo',0,'',NULL,'N;'),('Currency',1,'',NULL,'N;'),('Currency:Admin',0,'',NULL,'N;'),('Currency:BatchDelete',0,'',NULL,'N;'),('Currency:Create',0,'',NULL,'N;'),('Currency:Delete',0,'',NULL,'N;'),('Currency:Update',0,'',NULL,'N;'),('Currency:View',0,'',NULL,'N;'),('CurrencyRate',1,'',NULL,'N;'),('CurrencyRate:BatchDelete',0,'',NULL,'N;'),('CurrencyRate:Create',0,'',NULL,'N;'),('CurrencyRate:Delete',0,'',NULL,'N;'),('CurrencyRate:Update',0,'',NULL,'N;'),('Customer',1,'',NULL,'N;'),('CUSTOMER MASTER ADMIN',2,'CUSTOMER MASTER ADMIN','','s:0:\"\";'),('Customer:Admin',0,'',NULL,'N;'),('Customer:AdminDeleted',0,'',NULL,'N;'),('Customer:AdminTools',0,'',NULL,'N;'),('Customer:AssignSubsidiary',0,'',NULL,'N;'),('Customer:AssignUser',0,'',NULL,'N;'),('Customer:BatchDelete',0,'',NULL,'N;'),('Customer:Create',0,'',NULL,'N;'),('Customer:CustomerStockCard',0,'',NULL,'N;'),('Customer:Delete',0,'',NULL,'N;'),('Customer:DeleteSubsidiary',0,'',NULL,'N;'),('Customer:DsoAnalysis',0,'',NULL,'N;'),('Customer:FakeDelete',0,'',NULL,'N;'),('Customer:Index',0,'',NULL,'N;'),('Customer:LoadImage',0,'',NULL,'N;'),('Customer:RemoveSubsidiary',0,'',NULL,'N;'),('Customer:Restore',0,'',NULL,'N;'),('Customer:Update',0,'',NULL,'N;'),('Customer:View',0,'',NULL,'N;'),('CustomerBlacklist',1,'',NULL,'N;'),('CustomerBlacklist:AddCustomer',0,'',NULL,'N;'),('CustomerBlacklist:AddToBlacklist',0,'',NULL,'N;'),('CustomerBlacklist:AddToWhitelist',0,'',NULL,'N;'),('CustomerBlacklist:Admin',0,'',NULL,'N;'),('CustomerBlacklist:BatchDelete',0,'',NULL,'N;'),('CustomerBlacklist:ExportToExcel2007',0,'',NULL,'N;'),('CustomerBranch',1,'',NULL,'N;'),('CustomerBranch:BatchDelete',0,'',NULL,'N;'),('CustomerBranch:Create',0,'',NULL,'N;'),('CustomerBranch:Delete',0,'',NULL,'N;'),('CustomerBranch:Update',0,'',NULL,'N;'),('CustomerBranch:View',0,'',NULL,'N;'),('CustomerCategory',1,'',NULL,'N;'),('CustomerCategory1',1,'',NULL,'N;'),('CustomerCategory1:Admin',0,'',NULL,'N;'),('CustomerCategory1:BatchDelete',0,'',NULL,'N;'),('CustomerCategory1:Create',0,'',NULL,'N;'),('CustomerCategory1:Delete',0,'',NULL,'N;'),('CustomerCategory1:Update',0,'',NULL,'N;'),('CustomerCategory2',1,'',NULL,'N;'),('CustomerCategory2:Admin',0,'',NULL,'N;'),('CustomerCategory2:BatchDelete',0,'',NULL,'N;'),('CustomerCategory2:Create',0,'',NULL,'N;'),('CustomerCategory2:Delete',0,'',NULL,'N;'),('CustomerCategory2:Update',0,'',NULL,'N;'),('CustomerCategory:Admin',0,'',NULL,'N;'),('CustomerCategory:BatchDelete',0,'',NULL,'N;'),('CustomerCategory:Create',0,'',NULL,'N;'),('CustomerCategory:Delete',0,'',NULL,'N;'),('CustomerCategory:Update',0,'',NULL,'N;'),('CustomerContact',1,'',NULL,'N;'),('CustomerContact:BatchDelete',0,'',NULL,'N;'),('CustomerContact:Create',0,'',NULL,'N;'),('CustomerContact:Delete',0,'',NULL,'N;'),('CustomerContact:Update',0,'',NULL,'N;'),('CustomerContact:View',0,'',NULL,'N;'),('CustomerDivision',1,'',NULL,'N;'),('CustomerDivision:Assign',0,'',NULL,'N;'),('CustomerDivision:BatchDelete',0,'',NULL,'N;'),('CustomerDivision:Create',0,'',NULL,'N;'),('CustomerDivision:Delete',0,'',NULL,'N;'),('CustomerDivision:DeletePriceGroup',0,'',NULL,'N;'),('CustomerDivision:Update',0,'',NULL,'N;'),('CustomerDivision:ViewAssign',0,'',NULL,'N;'),('CustomerPriceGroup',1,'',NULL,'N;'),('CustomerPriceGroup:Admin',0,'',NULL,'N;'),('CustomerPriceGroup:Assign',0,'',NULL,'N;'),('CustomerPriceGroup:Create',0,'',NULL,'N;'),('CustomerPriceGroup:Delete',0,'',NULL,'N;'),('CustomerPriceGroup:Index',0,'',NULL,'N;'),('CustomerPriceGroup:Update',0,'',NULL,'N;'),('CustomerPriceGroup:UpdateViewByDivision',0,'',NULL,'N;'),('CustomerPriceGroup:View',0,'',NULL,'N;'),('CustomerPriceGroup:ViewAssign',0,'',NULL,'N;'),('CustomerPromotion',1,'',NULL,'N;'),('CustomerPromotion:AssignCategory',0,'',NULL,'N;'),('CustomerPromotion:AssignChannel',0,'',NULL,'N;'),('CustomerPromotion:AssignCustomer',0,'',NULL,'N;'),('CustomerPromotion:AssignCustomerFile',0,'',NULL,'N;'),('CustomerPromotion:Delete',0,'',NULL,'N;'),('CustomerPromotion:RemoveCustomer',0,'',NULL,'N;'),('CustomerPromotion:SelectFile',0,'',NULL,'N;'),('CustomerPromotionGroup',1,'',NULL,'N;'),('CustomerPromotionGroup:Admin',0,'',NULL,'N;'),('CustomerPromotionGroup:Assign',0,'',NULL,'N;'),('CustomerPromotionGroup:Create',0,'',NULL,'N;'),('CustomerPromotionGroup:Delete',0,'',NULL,'N;'),('CustomerPromotionGroup:Index',0,'',NULL,'N;'),('CustomerPromotionGroup:Update',0,'',NULL,'N;'),('CustomerPromotionGroup:View',0,'',NULL,'N;'),('CustomerPromotionGroup:ViewAssign',0,'',NULL,'N;'),('DebtorReport',1,'',NULL,'N;'),('DebtorReport:PrintBankLedger',0,'',NULL,'N;'),('DebtorReport:PrintDebtorAging',0,'',NULL,'N;'),('DebtorReport:PrintDebtorCollectionAnalysis',0,'',NULL,'N;'),('DebtorReport:PrintDebtorDetailAging',0,'',NULL,'N;'),('DebtorReport:PrintDebtorInvColAging',0,'',NULL,'N;'),('DebtorReport:PrintDebtorLedger',0,'',NULL,'N;'),('DebtorReport:PrintDebtorSalesmanAging',0,'',NULL,'N;'),('DebtorReport:PrintDebtorShortPaid',0,'',NULL,'N;'),('DebtorReport:PrintDebtorStatement',0,'',NULL,'N;'),('DebtorReport:ViewDebtorReports',0,'',NULL,'N;'),('DebtorTrans',1,'',NULL,'N;'),('DebtorTrans:Admin',0,'',NULL,'N;'),('DebtorTrans:AdminAdjustment',0,'',NULL,'N;'),('DebtorTrans:AdminJournal',0,'',NULL,'N;'),('DebtorTrans:BatchReverseKnockOff',0,'',NULL,'N;'),('DebtorTrans:CreateAdjustment',0,'',NULL,'N;'),('DebtorTrans:CreateJournal',0,'',NULL,'N;'),('DebtorTrans:DeleteAdjustment',0,'',NULL,'N;'),('DebtorTrans:DeleteJournal',0,'',NULL,'N;'),('DebtorTrans:KnockOff',0,'',NULL,'N;'),('DebtorTrans:KnockOffHistory',0,'',NULL,'N;'),('DebtorTrans:KnockOffPartialView',0,'',NULL,'N;'),('DebtorTrans:KnockOffRemarkView',0,'',NULL,'N;'),('DebtorTrans:ReverseKnockOff',0,'',NULL,'N;'),('DebtorTrans:TransferDivision',0,'',NULL,'N;'),('DebtorTrans:TransferSalesman',0,'',NULL,'N;'),('DebtorTrans:UpdateAdjustment',0,'',NULL,'N;'),('DebtorTrans:UpdateCurrency',0,'',NULL,'N;'),('DebtorTrans:UpdateCustomerInfo',0,'',NULL,'N;'),('DebtorTrans:UpdateDebtorHistory',0,'',NULL,'N;'),('DebtorTrans:UpdateJournal',0,'',NULL,'N;'),('DebtorTrans:ViewDebtorHistory',0,'',NULL,'N;'),('DebtorTrans:ViewLedger',0,'',NULL,'N;'),('Division',1,'',NULL,'N;'),('Division:Admin',0,'',NULL,'N;'),('Division:AssignCustomer',0,'',NULL,'N;'),('Division:AssignItem',0,'',NULL,'N;'),('Division:AssignLocation',0,'',NULL,'N;'),('Division:AssignUser',0,'',NULL,'N;'),('Division:AssignVendor',0,'',NULL,'N;'),('Division:BatchDelete',0,'',NULL,'N;'),('Division:BlockCustomer',0,'',NULL,'N;'),('Division:Create',0,'',NULL,'N;'),('Division:DecrementLocationSequence',0,'',NULL,'N;'),('Division:Delete',0,'',NULL,'N;'),('Division:IncrementLocationSequence',0,'',NULL,'N;'),('Division:RemoveCustomer',0,'',NULL,'N;'),('Division:RemoveItem',0,'',NULL,'N;'),('Division:RemoveUser',0,'',NULL,'N;'),('Division:RemoveVendor',0,'',NULL,'N;'),('Division:Update',0,'',NULL,'N;'),('Division:View',0,'',NULL,'N;'),('Division:ViewAssignLocation',0,'',NULL,'N;'),('DmsReport',1,'',NULL,'N;'),('DmsReport:ExportCNReport',0,'',NULL,'N;'),('DmsReport:ExportReportsAuditLogin',0,'',NULL,'N;'),('DmsReport:ExportReportsAuditTrail',0,'',NULL,'N;'),('DmsReport:ExportSalesOutReport',0,'',NULL,'N;'),('DmsReport:ExportTrackingBySchedule',0,'',NULL,'N;'),('DmsReport:PrintChannelClassificationSummaryByDivision',0,'',NULL,'N;'),('DmsReport:PrintChannelClassificationSummaryBySalesman',0,'',NULL,'N;'),('DmsReport:PrintPenetrationDetailedReportByDivision',0,'',NULL,'N;'),('DmsReport:PrintPenetrationDetailedReportBySalesman',0,'',NULL,'N;'),('DmsReport:PrintPenetrationSummaryReportByDivision',0,'',NULL,'N;'),('DmsReport:PrintPenetrationSummaryReportBySalesman',0,'',NULL,'N;'),('DmsReport:PrintSalesHistoryPromo',0,'',NULL,'N;'),('DmsReport:PrintSalesReachByDivisionSummary',0,'',NULL,'N;'),('DmsReport:PrintSalesReachBySalesmanSummary',0,'',NULL,'N;'),('DmsReport:PrintSalesReachDetailedByDivision',0,'',NULL,'N;'),('DmsReport:PrintSalesReachDetailedBySalesman',0,'',NULL,'N;'),('DmsReport:UpdateCustomerInfo',0,'',NULL,'N;'),('DmsReport:UpdateItem',0,'',NULL,'N;'),('DmsReport:UpdateItemInfo',0,'',NULL,'N;'),('DmsReport:ViewManagementReports',0,'',NULL,'N;'),('DmsReport:ViewPrincipleReports',0,'',NULL,'N;'),('Document',1,'',NULL,'N;'),('Document:DocumentDetailsListing',0,'',NULL,'N;'),('Document:QuickCreateDocument',0,'',NULL,'N;'),('DocumentApprove',1,'',NULL,'N;'),('DocumentApprove:Approve',0,'',NULL,'N;'),('DocumentApprove:TagView',0,'',NULL,'N;'),('DocumentNo',1,'',NULL,'N;'),('DocumentNo:Admin',0,'',NULL,'N;'),('DocumentNo:BatchDelete',0,'',NULL,'N;'),('DocumentNo:Create',0,'',NULL,'N;'),('DocumentNo:Delete',0,'',NULL,'N;'),('DocumentNo:GetLatestDocNumber',0,'',NULL,'N;'),('DocumentNo:Update',0,'',NULL,'N;'),('DoInvDtl',1,'',NULL,'N;'),('DoInvDtl:Admin',0,'',NULL,'N;'),('DoInvDtl:BatchCreate',0,'',NULL,'N;'),('DoInvDtl:BatchDelete',0,'',NULL,'N;'),('DoInvDtl:CalculateNetAmt',0,'',NULL,'N;'),('DoInvDtl:CalculateNetAmtBatch',0,'',NULL,'N;'),('DoInvDtl:CalculateOdrAmt',0,'',NULL,'N;'),('DoInvDtl:CalculateTaxAmt',0,'',NULL,'N;'),('DoInvDtl:Create',0,'',NULL,'N;'),('DoInvDtl:CreateFromPromotion',0,'',NULL,'N;'),('DoInvDtl:Delete',0,'',NULL,'N;'),('DoInvDtl:GetPackingInfo',0,'',NULL,'N;'),('DoInvDtl:GetPromotionItems',0,'',NULL,'N;'),('DoInvDtl:MoveLineDown',0,'',NULL,'N;'),('DoInvDtl:MoveLineUp',0,'',NULL,'N;'),('DoInvDtl:Transfer',0,'',NULL,'N;'),('DoInvDtl:Update',0,'',NULL,'N;'),('DoInvDtl:UpdateFromPromotion',0,'',NULL,'N;'),('DoInvDtl:UpdateInventory',0,'',NULL,'N;'),('DoInvDtl:UpdateItem',0,'',NULL,'N;'),('DoInvDtl:UpdateItemBatch',0,'',NULL,'N;'),('DoInvDtl:UpdateTax',0,'',NULL,'N;'),('DoInvDtl:UpdateTaxBatch',0,'',NULL,'N;'),('DoInvDtl:UpdateUOM',0,'',NULL,'N;'),('DoInvDtl:UpdateUOMBatch',0,'',NULL,'N;'),('DoInvDtl:ValidateBatch',0,'',NULL,'N;'),('DoInvDtl:View',0,'',NULL,'N;'),('DoInvHdr',1,'',NULL,'N;'),('DoInvHdr:AddInvoiceToPicking',0,'',NULL,'N;'),('DoInvHdr:AddPickingRemark2',0,'',NULL,'N;'),('DoInvHdr:AddSalesOdrToPicking',0,'',NULL,'N;'),('DoInvHdr:Admin',0,'',NULL,'N;'),('DoInvHdr:AdminCashInvoice',0,'',NULL,'N;'),('DoInvHdr:AdminInvoice',0,'',NULL,'N;'),('DoInvHdr:AdminMyDeliveryOrder',0,'',NULL,'N;'),('DoInvHdr:AdminMyInvoice',0,'',NULL,'N;'),('DoInvHdr:AdminPicking',0,'',NULL,'N;'),('DoInvHdr:AdminShipment',0,'',NULL,'N;'),('DoInvHdr:BatchPrintInvoiceAsDO',0,'',NULL,'N;'),('DoInvHdr:BatchPrintSalesInvoice',0,'',NULL,'N;'),('DoInvHdr:BulkConfirmInvoice',0,'',NULL,'N;'),('DoInvHdr:BulkConfirmPicking',0,'',NULL,'N;'),('DoInvHdr:CalculateDiscAmt',0,'',NULL,'N;'),('DoInvHdr:CalculateDiscLocalAmt',0,'',NULL,'N;'),('DoInvHdr:CalculateNetAmt',0,'',NULL,'N;'),('DoInvHdr:CalculateNetLocalAmt',0,'',NULL,'N;'),('DoInvHdr:CalculateTaxAmt',0,'',NULL,'N;'),('DoInvHdr:CalculateTaxLocalAmt',0,'',NULL,'N;'),('DoInvHdr:Confirm',0,'',NULL,'N;'),('DoInvHdr:Create',0,'',NULL,'N;'),('DoInvHdr:Create2',0,'',NULL,'N;'),('DoInvHdr:CreateCashInvoice',0,'',NULL,'N;'),('DoInvHdr:CreateInvoice',0,'',NULL,'N;'),('DoInvHdr:CreateInvoice2',0,'',NULL,'N;'),('DoInvHdr:DeleteDraft',0,'',NULL,'N;'),('DoInvHdr:DeleteInvoiceFromPicking',0,'',NULL,'N;'),('DoInvHdr:DeleteInvoiceFromShipment',0,'',NULL,'N;'),('DoInvHdr:DeleteInvoiceWIP',0,'',NULL,'N;'),('DoInvHdr:DeletePicking',0,'',NULL,'N;'),('DoInvHdr:DeleteShipment',0,'',NULL,'N;'),('DoInvHdr:DeliveryPicking',0,'',NULL,'N;'),('DoInvHdr:EditSalesman',0,'',NULL,'N;'),('DoInvHdr:Invoice',0,'',NULL,'N;'),('DoInvHdr:InvoiceFrDeliveryOrder',0,'',NULL,'N;'),('DoInvHdr:InvoiceFrSalesOrder',0,'',NULL,'N;'),('DoInvHdr:Picking',0,'',NULL,'N;'),('DoInvHdr:PrintDoInvHdrByPicking',0,'',NULL,'N;'),('DoInvHdr:PrintSalesInvoice',0,'',NULL,'N;'),('DoInvHdr:ReverseToDraft',0,'',NULL,'N;'),('DoInvHdr:Shipment',0,'',NULL,'N;'),('DoInvHdr:ShipmentRemark',0,'',NULL,'N;'),('DoInvHdr:SortByItemCode',0,'',NULL,'N;'),('DoInvHdr:Transfer',0,'',NULL,'N;'),('DoInvHdr:TransferView',0,'',NULL,'N;'),('DoInvHdr:Update',0,'',NULL,'N;'),('DoInvHdr:UpdateArea',0,'',NULL,'N;'),('DoInvHdr:UpdateBranchInfo',0,'',NULL,'N;'),('DoInvHdr:UpdateCashInvoice',0,'',NULL,'N;'),('DoInvHdr:UpdateCurrency',0,'',NULL,'N;'),('DoInvHdr:UpdateCustomerInfo',0,'',NULL,'N;'),('DoInvHdr:UpdateCustomerInfo2',0,'',NULL,'N;'),('DoInvHdr:UpdateInvoice',0,'',NULL,'N;'),('DoInvHdr:UpdateItem2',0,'',NULL,'N;'),('DoInvHdr:UpdateShipment',0,'',NULL,'N;'),('DoInvHdr:UpdateTax',0,'',NULL,'N;'),('DoInvHdr:UpdateTerm',0,'',NULL,'N;'),('DoInvHdr:View',0,'',NULL,'N;'),('DoInvHdr:ViewCashInvoice',0,'',NULL,'N;'),('DoInvHdr:ViewInvoice',0,'',NULL,'N;'),('DoInvHdr:ViewPicking',0,'',NULL,'N;'),('DoInvHdr:ViewShipment',0,'',NULL,'N;'),('DoInvHdr:Void',0,'',NULL,'N;'),('DoInvHdr:VoidDO',0,'',NULL,'N;'),('GrPiDtl',1,'',NULL,'N;'),('GrPiDtl:Admin',0,'',NULL,'N;'),('GrPiDtl:BatchCreate',0,'',NULL,'N;'),('GrPiDtl:BatchDelete',0,'',NULL,'N;'),('GrPiDtl:CalculateNetAmt',0,'',NULL,'N;'),('GrPiDtl:CalculateNetAmtBatch',0,'',NULL,'N;'),('GrPiDtl:CalculateOdrAmt',0,'',NULL,'N;'),('GrPiDtl:CalculateTaxAmt',0,'',NULL,'N;'),('GrPiDtl:Create',0,'',NULL,'N;'),('GrPiDtl:Delete',0,'',NULL,'N;'),('GrPiDtl:MoveLineDown',0,'',NULL,'N;'),('GrPiDtl:MoveLineUp',0,'',NULL,'N;'),('GrPiDtl:Transfer',0,'',NULL,'N;'),('GrPiDtl:Update',0,'',NULL,'N;'),('GrPiDtl:UpdateInventory',0,'',NULL,'N;'),('GrPiDtl:UpdateInventoryBatch',0,'',NULL,'N;'),('GrPiDtl:UpdateItem',0,'',NULL,'N;'),('GrPiDtl:UpdateItemBatch',0,'',NULL,'N;'),('GrPiDtl:UpdateTax',0,'',NULL,'N;'),('GrPiDtl:UpdateTaxBatch',0,'',NULL,'N;'),('GrPiDtl:UpdateUOM',0,'',NULL,'N;'),('GrPiDtl:UpdateUOMBatch',0,'',NULL,'N;'),('GrPiDtl:ValidateBatch',0,'',NULL,'N;'),('GrPiDtl:View',0,'',NULL,'N;'),('GrPiHdr',1,'',NULL,'N;'),('GrPiHdr:Admin',0,'',NULL,'N;'),('GrPiHdr:AdminCashInvoice',0,'',NULL,'N;'),('GrPiHdr:AdminInvoice',0,'',NULL,'N;'),('GrPiHdr:BatchPrintPurchaseInvoice',0,'',NULL,'N;'),('GrPiHdr:BulkConfirmInvoice',0,'',NULL,'N;'),('GrPiHdr:CalculateDiscAmt',0,'',NULL,'N;'),('GrPiHdr:CalculateDiscLocalAmt',0,'',NULL,'N;'),('GrPiHdr:CalculateNetAmt',0,'',NULL,'N;'),('GrPiHdr:CalculateNetLocalAmt',0,'',NULL,'N;'),('GrPiHdr:CalculateTaxAmt',0,'',NULL,'N;'),('GrPiHdr:CalculateTaxLocalAmt',0,'',NULL,'N;'),('GrPiHdr:Confirm',0,'',NULL,'N;'),('GrPiHdr:Create',0,'',NULL,'N;'),('GrPiHdr:CreateCashInvoice',0,'',NULL,'N;'),('GrPiHdr:CreateInvoice',0,'',NULL,'N;'),('GrPiHdr:Delete',0,'',NULL,'N;'),('GrPiHdr:DeleteInvoiceWIP',0,'',NULL,'N;'),('GrPiHdr:ImportFromExcel',0,'',NULL,'N;'),('GrPiHdr:Invoice',0,'',NULL,'N;'),('GrPiHdr:InvoiceFrGoodReceived',0,'',NULL,'N;'),('GrPiHdr:InvoiceFrPrchOdr',0,'',NULL,'N;'),('GrPiHdr:PrintPurchaseInvoice',0,'',NULL,'N;'),('GrPiHdr:Transfer',0,'',NULL,'N;'),('GrPiHdr:TransferView',0,'',NULL,'N;'),('GrPiHdr:Update',0,'',NULL,'N;'),('GrPiHdr:UpdateArea',0,'',NULL,'N;'),('GrPiHdr:UpdateBranchInfo',0,'',NULL,'N;'),('GrPiHdr:UpdateCashInvoice',0,'',NULL,'N;'),('GrPiHdr:UpdateCurrency',0,'',NULL,'N;'),('GrPiHdr:UpdateInvoice',0,'',NULL,'N;'),('GrPiHdr:UpdateLocation',0,'',NULL,'N;'),('GrPiHdr:UpdateTax',0,'',NULL,'N;'),('GrPiHdr:UpdateTerm',0,'',NULL,'N;'),('GrPiHdr:UpdateVendorInfo',0,'',NULL,'N;'),('GrPiHdr:View',0,'',NULL,'N;'),('GrPiHdr:ViewCashInvoice',0,'',NULL,'N;'),('GrPiHdr:ViewInvoice',0,'',NULL,'N;'),('GrPiHdr:Void',0,'',NULL,'N;'),('Guest',2,'Default role for users that are not logged in. RBAC default role.','return Yii::app()->getUser()->getIsGuest();','N;'),('Integration',1,'',NULL,'N;'),('Integration:SetExportedStatus',0,'',NULL,'N;'),('IntgAceSoftware',1,'',NULL,'N;'),('IntgAceSoftware:ExportSalesOrder',0,'',NULL,'N;'),('IntgASoft',1,'',NULL,'N;'),('IntgASoft:ExportTransaction',0,'',NULL,'N;'),('IntgASoft:TestUpload',0,'',NULL,'N;'),('IntgAutoCount',1,'',NULL,'N;'),('IntgAutoCount:ExportApCreditNote',0,'',NULL,'N;'),('IntgAutoCount:ExportApInvoice',0,'',NULL,'N;'),('IntgAutoCount:ExportArCreditNote',0,'',NULL,'N;'),('IntgAutoCount:ExportArDebitNote',0,'',NULL,'N;'),('IntgAutoCount:ExportArInvoice',0,'',NULL,'N;'),('IntgAutoCount:ExportArReceive',0,'',NULL,'N;'),('IntgAutoCount:ExportSalesInvoice',0,'',NULL,'N;'),('IntgAutoCount:ImportBranches',0,'',NULL,'N;'),('IntgAutoCount:ImportCustomer',0,'',NULL,'N;'),('IntgAutoCount:ImportItems',0,'',NULL,'N;'),('IntgAutoCount:SyncDebtorTrans',0,'',NULL,'N;'),('IntgBigEast',1,'',NULL,'N;'),('IntgBigEast:ExportTransaction',0,'',NULL,'N;'),('IntgBigEast:TestUpload',0,'',NULL,'N;'),('IntgChoonEng',1,'',NULL,'N;'),('IntgChoonEng:ExportTransaction',0,'',NULL,'N;'),('IntgCustomer',1,'',NULL,'N;'),('IntgCustomer:ImportCustomer',0,'',NULL,'N;'),('IntgCustomer:ImportCustomer2',0,'',NULL,'N;'),('IntgCustomer:ImportCustomer3',0,'',NULL,'N;'),('IntgCustomer:ImportCustomer4',0,'',NULL,'N;'),('IntgCustomer:ImportCustomer5',0,'',NULL,'N;'),('IntgCustomer:ImportCustomerCredit',0,'',NULL,'N;'),('IntgCustomer:ImportCustomerService',0,'',NULL,'N;'),('IntgDKSH',1,'',NULL,'N;'),('IntgDKSH:ExportTransaction',0,'',NULL,'N;'),('IntgDKSH:ExportTransactionBySchedule',0,'',NULL,'N;'),('IntgDKSH:ImportItems',0,'',NULL,'N;'),('IntgDKSH:ImportItemsByExcel',0,'',NULL,'N;'),('IntgDms',1,'',NULL,'N;'),('IntgDms:ExportTrans',0,'',NULL,'N;'),('IntgDms:ImportTrans',0,'',NULL,'N;'),('IntgDms:ViewImportDtl',0,'',NULL,'N;'),('IntgEmas',1,'',NULL,'N;'),('IntgEmas:ImportCustomers',0,'',NULL,'N;'),('IntgEmas:ImportInvoiceHistory',0,'',NULL,'N;'),('IntgEmas:ImportItems',0,'',NULL,'N;'),('IntgEmas:ImportVendors',0,'',NULL,'N;'),('IntgEmas:PostCollection',0,'',NULL,'N;'),('IntgEmas:PostToAccount',0,'',NULL,'N;'),('IntgEmas:SyncDebtorTrans',0,'',NULL,'N;'),('IntgEmas:SyncDebtorTransBySchedule',0,'',NULL,'N;'),('IntgGst',1,'',NULL,'N;'),('IntgGst:AdminTaxFiling',0,'',NULL,'N;'),('IntgGst:CreateTaxFiling',0,'',NULL,'N;'),('IntgGst:DeleteTaxFiling',0,'',NULL,'N;'),('IntgGst:ExportGaf',0,'',NULL,'N;'),('IntgGst:ExportGst03',0,'',NULL,'N;'),('IntgGst:SubmitTaxFiling',0,'',NULL,'N;'),('IntgGst:ViewTaxFiling',0,'',NULL,'N;'),('IntgHockJu',1,'',NULL,'N;'),('IntgHockJu:ExportTransaction',0,'',NULL,'N;'),('IntgItem',1,'',NULL,'N;'),('IntgItem:ImportCBPPrice',0,'',NULL,'N;'),('IntgItem:ImportGrossWeight',0,'',NULL,'N;'),('IntgItem:ImportItemCost',0,'',NULL,'N;'),('IntgItem:ImportItemMinOdrQty',0,'',NULL,'N;'),('IntgItem:ImportItems',0,'',NULL,'N;'),('IntgItem:ImportItems2',0,'',NULL,'N;'),('IntgItem:ImportItemSalesUom',0,'',NULL,'N;'),('IntgItem:ImportItemsImages',0,'',NULL,'N;'),('IntgItem:ImportItemStatus',0,'',NULL,'N;'),('IntgItem:ImportPurchasePrice',0,'',NULL,'N;'),('IntgItem:ImportSalesPrice',0,'',NULL,'N;'),('IntgItem:ImportService',0,'',NULL,'N;'),('IntgItem:ImportStockReorder',0,'',NULL,'N;'),('IntgKao',1,'',NULL,'N;'),('IntgKao:ExportSalesOrder',0,'',NULL,'N;'),('IntgKao:ImportConfirmedItems',0,'',NULL,'N;'),('IntgKao:ImportCustomers',0,'',NULL,'N;'),('IntgKao:ImportItems',0,'',NULL,'N;'),('IntgKao:ImportStockBalance',0,'',NULL,'N;'),('IntgKao:ImportTransactions',0,'',NULL,'N;'),('IntgLucia',1,'',NULL,'N;'),('IntgLucia:ExportSalesOrderAsInvoice',0,'',NULL,'N;'),('IntgLucia:ImportInvoice',0,'',NULL,'N;'),('IntgLucia:PostInvoiceToUBSAcct',0,'',NULL,'N;'),('IntgMunchys',1,'',NULL,'N;'),('IntgMunchys:ExportSales',0,'',NULL,'N;'),('IntgNewspageRB',1,'',NULL,'N;'),('IntgNewspageRB:ExportSalesOrder',0,'',NULL,'N;'),('IntgNewspageRB:ExportSalesReturn',0,'',NULL,'N;'),('IntgNewspageRB:ImportConfirmedItems',0,'',NULL,'N;'),('IntgNewspageRB:PostOpenItemsToLucia',0,'',NULL,'N;'),('IntgNewspageSCJ',1,'',NULL,'N;'),('IntgNewspageSCJ:ConvertSalesCreditNoteToHwpSqlAccount',0,'',NULL,'N;'),('IntgNewspageSCJ:ConvertSalesInvoiceToHwpSqlAccount',0,'',NULL,'N;'),('IntgNewspageSCJ:ConvertSalesNonProductCreditNoteToHwpSqlAccount',0,'',NULL,'N;'),('IntgNewspageSCJ:ExportSalesOrder',0,'',NULL,'N;'),('IntgNewspageSCJ:ExportSalesReturn',0,'',NULL,'N;'),('IntgNewspageSCJ:ImportConfirmedItems',0,'',NULL,'N;'),('IntgNewspageSCJ:PostOpenItemsToLucia',0,'',NULL,'N;'),('IntgNewspageYeos',1,'',NULL,'N;'),('IntgNewspageYeos:ImportTransaction',0,'',NULL,'N;'),('IntgQne',1,'',NULL,'N;'),('IntgQne:ExportTrans',0,'',NULL,'N;'),('IntgSalesExpress',1,'',NULL,'N;'),('IntgSalesExpress:ImportCustomers',0,'',NULL,'N;'),('IntgSalesExpress:ImportPriceGroup',0,'',NULL,'N;'),('IntgSalesExpress:ImportSalesmanCust',0,'',NULL,'N;'),('IntgSalesExpress:ImportStockMaster',0,'',NULL,'N;'),('IntgSalesExpress:SyncDebtorTrans',0,'',NULL,'N;'),('IntgSamSystem',1,'',NULL,'N;'),('IntgSamSystem:BatchPrintSalesInvoice',0,'',NULL,'N;'),('IntgSamSystem:CopyTransaction',0,'',NULL,'N;'),('IntgSamSystem:ExportInvoice',0,'',NULL,'N;'),('IntgSamSystem:ExportMamyPoko',0,'',NULL,'N;'),('IntgSamSystem:ExportReceipt',0,'',NULL,'N;'),('IntgSamSystem:ImportCustomers',0,'',NULL,'N;'),('IntgSamSystem:ImportItems',0,'',NULL,'N;'),('IntgSamSystem:ImportStockBalance',0,'',NULL,'N;'),('IntgSamSystem:ImportVendors',0,'',NULL,'N;'),('IntgSamSystem:SyncDebtorTrans',0,'',NULL,'N;'),('IntgSamSystem:SyncDebtorTransBySchedule',0,'',NULL,'N;'),('IntgSqlAccount',1,'',NULL,'N;'),('IntgSqlAccount:ExportPurchaseDebitNote',0,'',NULL,'N;'),('IntgSqlAccount:ExportPurchaseInvoice',0,'',NULL,'N;'),('IntgSqlAccount:ExportSalesCreditNote',0,'',NULL,'N;'),('IntgSqlAccount:ExportSalesDebitNote',0,'',NULL,'N;'),('IntgSqlAccount:ExportSalesInvoice',0,'',NULL,'N;'),('IntgSqlAccount:SyncDebtorTrans',0,'',NULL,'N;'),('IntgUBSAccounting',1,'',NULL,'N;'),('IntgUBSAccounting:ExportCustomers',0,'',NULL,'N;'),('IntgUBSAccounting:FixGlpost9Desc',0,'',NULL,'N;'),('IntgUBSAccounting:ImportCreditorTrans',0,'',NULL,'N;'),('IntgUBSAccounting:ImportDebtorLedger',0,'',NULL,'N;'),('IntgUBSAccounting:ImportDebtorTrans',0,'',NULL,'N;'),('IntgUBSAccounting:OldPostToDaccount',0,'',NULL,'N;'),('IntgUBSAccounting:PostCollection',0,'',NULL,'N;'),('IntgUBSAccounting:PostToDaccount',0,'',NULL,'N;'),('IntgUBSAccounting:SyncDebtorTrans',0,'',NULL,'N;'),('IntgUBSAccounting:SyncDebtorTransBySchedule',0,'',NULL,'N;'),('IntgUBSStockControl',1,'',NULL,'N;'),('IntgUBSStockControl:CopyTransaction',0,'',NULL,'N;'),('IntgUBSStockControl:ExportItems',0,'',NULL,'N;'),('IntgUBSStockControl:ExportTransaction',0,'',NULL,'N;'),('IntgUBSStockControl:ImportBatchNo',0,'',NULL,'N;'),('IntgUBSStockControl:ImportBatchNoBySchedule',0,'',NULL,'N;'),('IntgUBSStockControl:ImportBranches',0,'',NULL,'N;'),('IntgUBSStockControl:ImportCustomers',0,'',NULL,'N;'),('IntgUBSStockControl:ImportItems',0,'',NULL,'N;'),('IntgUBSStockControl:ImportStockBalance',0,'',NULL,'N;'),('IntgUBSStockControl:ImportVendors',0,'',NULL,'N;'),('IntgUBSStockControl:OldImportCustomers',0,'',NULL,'N;'),('IntgUBSStockControl:OldImportItems',0,'',NULL,'N;'),('IntgUBSStockControl:OldImportVendors',0,'',NULL,'N;'),('IntgUBSStockControl:Remark1ToUserfield',0,'',NULL,'N;'),('IntgUBSStockControl:TestUpload',0,'',NULL,'N;'),('IntgUrc',1,'',NULL,'N;'),('IntgUrc:ExportSales',0,'',NULL,'N;'),('IntgWahHoong',1,'',NULL,'N;'),('IntgWahHoong:ExportTransaction',0,'',NULL,'N;'),('IntgWahHoong:ImportCustomers',0,'',NULL,'N;'),('IntgWahHoong:ImportItems',0,'',NULL,'N;'),('IntgWahHoong:SyncDebtorTrans',0,'',NULL,'N;'),('Inventory',1,'',NULL,'N;'),('Inventory:Create',0,'',NULL,'N;'),('Inventory:Delete',0,'',NULL,'N;'),('Inventory:ImportOpeningQuantity',0,'',NULL,'N;'),('Inventory:OpeningQuantity',0,'',NULL,'N;'),('Inventory:StockReplenishment',0,'',NULL,'N;'),('Inventory:TestImage',0,'',NULL,'N;'),('Inventory:TransListing',0,'',NULL,'N;'),('Inventory:Update',0,'',NULL,'N;'),('Inventory:UpdateInventory',0,'',NULL,'N;'),('Inventory:UpdateItem',0,'',NULL,'N;'),('Invoice Authorize Personnel',2,'Invoice Authorize Personnel',NULL,'N;'),('Invoice Processing',2,'Invoice Processing',NULL,'N;'),('Item',1,'',NULL,'N;'),('ITEM MASTER ADMIN',2,'ITEM MASTER ADMIN','','s:0:\"\";'),('Item:Admin',0,'',NULL,'N;'),('Item:AdminAverageCost',0,'',NULL,'N;'),('Item:AdminDeleted',0,'',NULL,'N;'),('Item:AdminTools',0,'',NULL,'N;'),('Item:BatchDelete',0,'',NULL,'N;'),('Item:Copy',0,'',NULL,'N;'),('Item:Create',0,'',NULL,'N;'),('Item:Delete',0,'',NULL,'N;'),('Item:DeleteImage',0,'',NULL,'N;'),('Item:FakeDelete',0,'',NULL,'N;'),('Item:LoadImage',0,'',NULL,'N;'),('Item:OpeningCost',0,'',NULL,'N;'),('Item:Restore',0,'',NULL,'N;'),('Item:SelectImage',0,'',NULL,'N;'),('Item:TraceAverageCost',0,'',NULL,'N;'),('Item:Update',0,'',NULL,'N;'),('Item:UpdateOpeningCost',0,'',NULL,'N;'),('Item:UpdateUOM',0,'',NULL,'N;'),('Item:View',0,'',NULL,'N;'),('ItemCost',1,'',NULL,'N;'),('ItemCost:Admin',0,'',NULL,'N;'),('ItemCost:BatchDelete',0,'',NULL,'N;'),('ItemCost:Create',0,'',NULL,'N;'),('ItemCost:Delete',0,'',NULL,'N;'),('ItemCost:Update',0,'',NULL,'N;'),('ItemCost:View',0,'',NULL,'N;'),('ItemDivision',1,'',NULL,'N;'),('ItemDivision:Admin',0,'',NULL,'N;'),('ItemDivision:Assign',0,'',NULL,'N;'),('ItemDivision:BatchDelete',0,'',NULL,'N;'),('ItemDivision:BlockItem',0,'',NULL,'N;'),('ItemDivision:Create',0,'',NULL,'N;'),('ItemDivision:Delete',0,'',NULL,'N;'),('ItemDivision:Index',0,'',NULL,'N;'),('ItemDivision:UnblockItem',0,'',NULL,'N;'),('ItemDivision:Update',0,'',NULL,'N;'),('ItemDivision:View',0,'',NULL,'N;'),('ItemDivision:ViewAssign',0,'',NULL,'N;'),('ItemGroup',1,'',NULL,'N;'),('ItemGroup1',1,'',NULL,'N;'),('ItemGroup1:Admin',0,'',NULL,'N;'),('ItemGroup1:AssignItem',0,'',NULL,'N;'),('ItemGroup1:BatchDelete',0,'',NULL,'N;'),('ItemGroup1:CleanUp',0,'',NULL,'N;'),('ItemGroup1:Create',0,'',NULL,'N;'),('ItemGroup1:Delete',0,'',NULL,'N;'),('ItemGroup1:Update',0,'',NULL,'N;'),('ItemGroup2',1,'',NULL,'N;'),('ItemGroup2:Admin',0,'',NULL,'N;'),('ItemGroup2:AssignItem',0,'',NULL,'N;'),('ItemGroup2:BatchDelete',0,'',NULL,'N;'),('ItemGroup2:CleanUp',0,'',NULL,'N;'),('ItemGroup2:Create',0,'',NULL,'N;'),('ItemGroup2:Delete',0,'',NULL,'N;'),('ItemGroup2:Update',0,'',NULL,'N;'),('ItemGroup:Admin',0,'',NULL,'N;'),('ItemGroup:AssignItem',0,'',NULL,'N;'),('ItemGroup:BatchDelete',0,'',NULL,'N;'),('ItemGroup:CleanUp',0,'',NULL,'N;'),('ItemGroup:Create',0,'',NULL,'N;'),('ItemGroup:Delete',0,'',NULL,'N;'),('ItemGroup:Update',0,'',NULL,'N;'),('ItemImage',1,'',NULL,'N;'),('ItemImage:Admin',0,'',NULL,'N;'),('ItemImage:Create',0,'',NULL,'N;'),('ItemImage:Delete',0,'',NULL,'N;'),('ItemImage:Index',0,'',NULL,'N;'),('ItemImage:Update',0,'',NULL,'N;'),('ItemImage:View',0,'',NULL,'N;'),('ItemPrice',1,'',NULL,'N;'),('ItemPrice:Admin',0,'',NULL,'N;'),('ItemPrice:BatchDelete',0,'',NULL,'N;'),('ItemPrice:Create',0,'',NULL,'N;'),('ItemPrice:CreatePriceGroup',0,'',NULL,'N;'),('ItemPrice:Delete',0,'',NULL,'N;'),('ItemPrice:Update',0,'',NULL,'N;'),('ItemPrice:UpdateItem',0,'',NULL,'N;'),('ItemPrice:UpdatePriceGroup',0,'',NULL,'N;'),('ItemPrice:View',0,'',NULL,'N;'),('ItemPriceCbp',1,'',NULL,'N;'),('ItemPriceCbp:Admin',0,'',NULL,'N;'),('ItemPriceCbp:BatchDelete',0,'',NULL,'N;'),('ItemPriceCbp:Create',0,'',NULL,'N;'),('ItemPriceCbp:CreatePriceGroup',0,'',NULL,'N;'),('ItemPriceCbp:Delete',0,'',NULL,'N;'),('ItemPriceCbp:Update',0,'',NULL,'N;'),('ItemPriceCbp:UpdateItem',0,'',NULL,'N;'),('ItemPriceCbp:UpdatePriceGroup',0,'',NULL,'N;'),('ItemPriceCbp:View',0,'',NULL,'N;'),('ItemUOM',1,'',NULL,'N;'),('ItemUOM:Admin',0,'',NULL,'N;'),('ItemUOM:BatchDelete',0,'',NULL,'N;'),('ItemUOM:Create',0,'',NULL,'N;'),('ItemUOM:Delete',0,'',NULL,'N;'),('ItemUOM:Update',0,'',NULL,'N;'),('ItemUOM:View',0,'',NULL,'N;'),('Location',1,'',NULL,'N;'),('Location:Admin',0,'',NULL,'N;'),('Location:BatchDelete',0,'',NULL,'N;'),('Location:Create',0,'',NULL,'N;'),('Location:Delete',0,'',NULL,'N;'),('Location:Update',0,'',NULL,'N;'),('LocationCheckIn',1,'',NULL,'N;'),('LocationCheckIn:Action1',0,'',NULL,'N;'),('LocationCheckIn:Action2',0,'',NULL,'N;'),('LocationCheckIn:CheckinPhoto',0,'',NULL,'N;'),('LocationCheckIn:CheckoutPhoto',0,'',NULL,'N;'),('LocationCheckIn:Index',0,'',NULL,'N;'),('LocationReport',1,'',NULL,'N;'),('LocationReport:ExportDailyOrderDetailsFulfillment',0,'',NULL,'N;'),('LocationReport:ExportDailyOrderFulfillment',0,'',NULL,'N;'),('LocationReport:ExportDailyOrderFulfillmentCSV',0,'',NULL,'N;'),('LocationReport:ExportNewCustomerListing',0,'',NULL,'N;'),('LocationReport:ExportSalesmanAttendance',0,'',NULL,'N;'),('LocationReport:ExportSalesmanCreditBlacklist',0,'',NULL,'N;'),('LocationReport:ExportSalesmanDailyCollection',0,'',NULL,'N;'),('LocationReport:ExportSalesmanDailySales',0,'',NULL,'N;'),('LocationReport:ExportSalesmanDailySalesDetails',0,'',NULL,'N;'),('LocationReport:PrintLocationReportByAgent',0,'',NULL,'N;'),('LocationReport:PrintLocationReports',0,'',NULL,'N;'),('LocationReport:TestTerm',0,'',NULL,'N;'),('LocationReport:UpdateCustomerInfo',0,'',NULL,'N;'),('LocationReport:UpdateItem',0,'',NULL,'N;'),('LocationReport:UpdateItemInfo',0,'',NULL,'N;'),('LocationReport:ViewLocationReportByDivision',0,'',NULL,'N;'),('LocationReport:ViewLocationReports',0,'',NULL,'N;'),('MobileBulletin',1,'',NULL,'N;'),('MobileBulletin:Admin',0,'',NULL,'N;'),('MobileBulletin:Create',0,'',NULL,'N;'),('MobileBulletin:Delete',0,'',NULL,'N;'),('MobileBulletin:LoadImage',0,'',NULL,'N;'),('MobileBulletin:Update',0,'',NULL,'N;'),('MobileBulletin:View',0,'',NULL,'N;'),('MobileProfile',1,'',NULL,'N;'),('MobileProfile:Admin',0,'',NULL,'N;'),('MobileProfile:Delete',0,'',NULL,'N;'),('MobileProfile:DeleteMobileProfile',0,'',NULL,'N;'),('MobileProfile:Update',0,'',NULL,'N;'),('MobileStockSync',1,'',NULL,'N;'),('MobileStockSync:CheckRequirement',0,'',NULL,'N;'),('MobileStockSync:CreateMobileProfile',0,'',NULL,'N;'),('MobileStockSync:DeleteMobileDownload',0,'',NULL,'N;'),('MobileStockSync:DeleteServerMobileSync',0,'',NULL,'N;'),('MobileStockSync:DoUploadFileToServer',0,'',NULL,'N;'),('MobileStockSync:DownloadDocumentToDelete',0,'',NULL,'N;'),('MobileStockSync:DownloadEnforcedDocNo',0,'',NULL,'N;'),('MobileStockSync:GetMobileDbSchema',0,'',NULL,'N;'),('MobileStockSync:GetMobileDownload',0,'',NULL,'N;'),('MobileStockSync:GetMobileDownloadItemImage',0,'',NULL,'N;'),('MobileStockSync:GetMobileUploadv2',0,'',NULL,'N;'),('MobileStockSync:GetUpdateMobileDbSchema',0,'',NULL,'N;'),('MobileStockSync:GetUpdateVersionCode',0,'',NULL,'N;'),('MobileStockSync:ResetEnforcedDocNo',0,'',NULL,'N;'),('MobileStockSync:StartSyncAll',0,'',NULL,'N;'),('MobileStockSync:StartSyncAllBackground',0,'',NULL,'N;'),('MobileStockSync:StartSyncCustomerBackground',0,'',NULL,'N;'),('MobileStockSync:StartSyncItem',0,'',NULL,'N;'),('MobileStockSync:StartSyncItemBackground',0,'',NULL,'N;'),('MobileStockSync:TestJson',0,'',NULL,'N;'),('MobileStockSync:TestStartSync',0,'',NULL,'N;'),('MobileStockSync:TestStartSyncBackground',0,'',NULL,'N;'),('MobileStockSync:TestTableData',0,'',NULL,'N;'),('MobileStockSync:UploadDocNo',0,'',NULL,'N;'),('MobileSync',1,'',NULL,'N;'),('MobileSync:CheckRequirement',0,'',NULL,'N;'),('MobileSync:CreateMobileProfile',0,'',NULL,'N;'),('MobileSync:DeleteMobileDownload',0,'',NULL,'N;'),('MobileSync:DeleteServerMobileSync',0,'',NULL,'N;'),('MobileSync:DoUploadFileToServer',0,'',NULL,'N;'),('MobileSync:DownloadDocumentToDelete',0,'',NULL,'N;'),('MobileSync:DownloadEnforcedDocNo',0,'',NULL,'N;'),('MobileSync:GetMobileDbSchema',0,'',NULL,'N;'),('MobileSync:GetMobileDownload',0,'',NULL,'N;'),('MobileSync:GetMobileDownloadItemImage',0,'',NULL,'N;'),('MobileSync:GetMobileDownloadPromotion',0,'',NULL,'N;'),('MobileSync:GetMobileUpload',0,'',NULL,'N;'),('MobileSync:GetMobileUploadv2',0,'',NULL,'N;'),('MobileSync:GetUpdateMobileDbSchema',0,'',NULL,'N;'),('MobileSync:GetUpdateVersionCode',0,'',NULL,'N;'),('MobileSync:ResetEnforcedDocNo',0,'',NULL,'N;'),('MobileSync:StartSyncAll',0,'',NULL,'N;'),('MobileSync:StartSyncAllBackground',0,'',NULL,'N;'),('MobileSync:StartSyncCustomer',0,'',NULL,'N;'),('MobileSync:StartSyncCustomerBackground',0,'',NULL,'N;'),('MobileSync:StartSyncItem',0,'',NULL,'N;'),('MobileSync:StartSyncItemBackground',0,'',NULL,'N;'),('MobileSync:StartSyncItemImages',0,'',NULL,'N;'),('MobileSync:StartSyncItemImagesBackground',0,'',NULL,'N;'),('MobileSync:StartSyncPromotion',0,'',NULL,'N;'),('MobileSync:StartSyncPromotionBackground',0,'',NULL,'N;'),('MobileSync:TestJson',0,'',NULL,'N;'),('MobileSync:TestStartSync',0,'',NULL,'N;'),('MobileSync:TestStartSyncBackground',0,'',NULL,'N;'),('MobileSync:TestTableData',0,'',NULL,'N;'),('MobileSync:UploadDocNo',0,'',NULL,'N;'),('PaymentMethod',1,'',NULL,'N;'),('PaymentMethod:Admin',0,'',NULL,'N;'),('PaymentMethod:BatchDelete',0,'',NULL,'N;'),('PaymentMethod:Create',0,'',NULL,'N;'),('PaymentMethod:Delete',0,'',NULL,'N;'),('PaymentMethod:Update',0,'',NULL,'N;'),('Picking Processing',2,'Picking Processing',NULL,'N;'),('PrchOdrDtl',1,'',NULL,'N;'),('PrchOdrDtl:Admin',0,'',NULL,'N;'),('PrchOdrDtl:BatchCreate',0,'',NULL,'N;'),('PrchOdrDtl:BatchDelete',0,'',NULL,'N;'),('PrchOdrDtl:CalculateNetAmt',0,'',NULL,'N;'),('PrchOdrDtl:CalculateNetAmtBatch',0,'',NULL,'N;'),('PrchOdrDtl:CalculateOdrAmt',0,'',NULL,'N;'),('PrchOdrDtl:CalculateTaxAmt',0,'',NULL,'N;'),('PrchOdrDtl:Create',0,'',NULL,'N;'),('PrchOdrDtl:Delete',0,'',NULL,'N;'),('PrchOdrDtl:MoveLineDown',0,'',NULL,'N;'),('PrchOdrDtl:MoveLineUp',0,'',NULL,'N;'),('PrchOdrDtl:Update',0,'',NULL,'N;'),('PrchOdrDtl:UpdateInventory',0,'',NULL,'N;'),('PrchOdrDtl:UpdateItem',0,'',NULL,'N;'),('PrchOdrDtl:UpdateItemBatch',0,'',NULL,'N;'),('PrchOdrDtl:UpdateTax',0,'',NULL,'N;'),('PrchOdrDtl:UpdateTaxBatch',0,'',NULL,'N;'),('PrchOdrDtl:UpdateUOM',0,'',NULL,'N;'),('PrchOdrDtl:UpdateUOMBatch',0,'',NULL,'N;'),('PrchOdrDtl:ValidateBatch',0,'',NULL,'N;'),('PrchOdrDtl:View',0,'',NULL,'N;'),('PrchOdrHdr',1,'',NULL,'N;'),('PrchOdrHdr:Admin',0,'',NULL,'N;'),('PrchOdrHdr:AdminMyPrchOdr',0,'',NULL,'N;'),('PrchOdrHdr:CalculateDiscAmt',0,'',NULL,'N;'),('PrchOdrHdr:CalculateDiscLocalAmt',0,'',NULL,'N;'),('PrchOdrHdr:CalculateNetAmt',0,'',NULL,'N;'),('PrchOdrHdr:CalculateNetLocalAmt',0,'',NULL,'N;'),('PrchOdrHdr:CalculateTaxAmt',0,'',NULL,'N;'),('PrchOdrHdr:CalculateTaxLocalAmt',0,'',NULL,'N;'),('PrchOdrHdr:Complete',0,'',NULL,'N;'),('PrchOdrHdr:CompleteRemark',0,'',NULL,'N;'),('PrchOdrHdr:Confirm',0,'',NULL,'N;'),('PrchOdrHdr:Create',0,'',NULL,'N;'),('PrchOdrHdr:Delete',0,'',NULL,'N;'),('PrchOdrHdr:Index',0,'',NULL,'N;'),('PrchOdrHdr:Update',0,'',NULL,'N;'),('PrchOdrHdr:UpdateArea',0,'',NULL,'N;'),('PrchOdrHdr:UpdateBranchInfo',0,'',NULL,'N;'),('PrchOdrHdr:UpdateCurrency',0,'',NULL,'N;'),('PrchOdrHdr:UpdateMyPrchOrder',0,'',NULL,'N;'),('PrchOdrHdr:UpdateTax',0,'',NULL,'N;'),('PrchOdrHdr:UpdateTerm',0,'',NULL,'N;'),('PrchOdrHdr:UpdateVendorInfo',0,'',NULL,'N;'),('PrchOdrHdr:View',0,'',NULL,'N;'),('PrchOdrHdr:Void',0,'',NULL,'N;'),('PrchRetDtl',1,'',NULL,'N;'),('PrchRetDtl:Admin',0,'',NULL,'N;'),('PrchRetDtl:BatchCreate',0,'',NULL,'N;'),('PrchRetDtl:BatchDelete',0,'',NULL,'N;'),('PrchRetDtl:CalculateNetAmt',0,'',NULL,'N;'),('PrchRetDtl:CalculateNetAmtBatch',0,'',NULL,'N;'),('PrchRetDtl:CalculateOdrAmt',0,'',NULL,'N;'),('PrchRetDtl:CalculateTaxAmt',0,'',NULL,'N;'),('PrchRetDtl:Create',0,'',NULL,'N;'),('PrchRetDtl:Delete',0,'',NULL,'N;'),('PrchRetDtl:MoveLineDown',0,'',NULL,'N;'),('PrchRetDtl:MoveLineUp',0,'',NULL,'N;'),('PrchRetDtl:Update',0,'',NULL,'N;'),('PrchRetDtl:UpdateInventory',0,'',NULL,'N;'),('PrchRetDtl:UpdateItem',0,'',NULL,'N;'),('PrchRetDtl:UpdateItemBatch',0,'',NULL,'N;'),('PrchRetDtl:UpdateTax',0,'',NULL,'N;'),('PrchRetDtl:UpdateTaxBatch',0,'',NULL,'N;'),('PrchRetDtl:UpdateUOM',0,'',NULL,'N;'),('PrchRetDtl:UpdateUOMBatch',0,'',NULL,'N;'),('PrchRetDtl:ValidateBatch',0,'',NULL,'N;'),('PrchRetDtl:View',0,'',NULL,'N;'),('PrchRetHdr',1,'',NULL,'N;'),('PrchRetHdr:Admin',0,'',NULL,'N;'),('PrchRetHdr:CalculateDiscAmt',0,'',NULL,'N;'),('PrchRetHdr:CalculateDiscLocalAmt',0,'',NULL,'N;'),('PrchRetHdr:CalculateNetAmt',0,'',NULL,'N;'),('PrchRetHdr:CalculateNetLocalAmt',0,'',NULL,'N;'),('PrchRetHdr:CalculateTaxAmt',0,'',NULL,'N;'),('PrchRetHdr:CalculateTaxLocalAmt',0,'',NULL,'N;'),('PrchRetHdr:Complete',0,'',NULL,'N;'),('PrchRetHdr:CompleteRemark',0,'',NULL,'N;'),('PrchRetHdr:Confirm',0,'',NULL,'N;'),('PrchRetHdr:Create',0,'',NULL,'N;'),('PrchRetHdr:Delete',0,'',NULL,'N;'),('PrchRetHdr:Update',0,'',NULL,'N;'),('PrchRetHdr:UpdateArea',0,'',NULL,'N;'),('PrchRetHdr:UpdateBranchInfo',0,'',NULL,'N;'),('PrchRetHdr:UpdateCurrency',0,'',NULL,'N;'),('PrchRetHdr:UpdateTerm',0,'',NULL,'N;'),('PrchRetHdr:UpdateVendorInfo',0,'',NULL,'N;'),('PrchRetHdr:View',0,'',NULL,'N;'),('PrchRetHdr:Void',0,'',NULL,'N;'),('PriceGroup',1,'',NULL,'N;'),('PriceGroup:Admin',0,'',NULL,'N;'),('PriceGroup:AssignCustomer',0,'',NULL,'N;'),('PriceGroup:BatchDelete',0,'',NULL,'N;'),('PriceGroup:Create',0,'',NULL,'N;'),('PriceGroup:Delete',0,'',NULL,'N;'),('PriceGroup:ImportFromExcel2007',0,'',NULL,'N;'),('PriceGroup:Update',0,'',NULL,'N;'),('PriceGroup:View',0,'',NULL,'N;'),('PriceGroup:ViewAssignCustomer',0,'',NULL,'N;'),('Project',1,'',NULL,'N;'),('Project:Admin',0,'',NULL,'N;'),('Project:BatchDelete',0,'',NULL,'N;'),('Project:Create',0,'',NULL,'N;'),('Project:Delete',0,'',NULL,'N;'),('Project:Update',0,'',NULL,'N;'),('Promotion Authorize Personnel',2,'Promotion Authorize Personnel',NULL,'N;'),('Promotion Processing',2,'Promotion Processing',NULL,'N;'),('PromotionAlloc',1,'',NULL,'N;'),('PromotionAlloc:Admin',0,'',NULL,'N;'),('PromotionAlloc:Create',0,'',NULL,'N;'),('PromotionAlloc:Delete',0,'',NULL,'N;'),('PromotionAlloc:Index',0,'',NULL,'N;'),('PromotionAlloc:Update',0,'',NULL,'N;'),('PromotionAlloc:View',0,'',NULL,'N;'),('PromotionDivision',1,'',NULL,'N;'),('PromotionDivision:Admin',0,'',NULL,'N;'),('PromotionDivision:AssignDivision',0,'',NULL,'N;'),('PromotionDivision:Create',0,'',NULL,'N;'),('PromotionDivision:Delete',0,'',NULL,'N;'),('PromotionDivision:Index',0,'',NULL,'N;'),('PromotionDivision:Update',0,'',NULL,'N;'),('PromotionDivision:View',0,'',NULL,'N;'),('PromotionDtl',1,'',NULL,'N;'),('PromotionDtl:Admin',0,'',NULL,'N;'),('PromotionDtl:BatchDelete',0,'',NULL,'N;'),('PromotionDtl:CalculateDiscAmt',0,'',NULL,'N;'),('PromotionDtl:Create',0,'',NULL,'N;'),('PromotionDtl:Delete',0,'',NULL,'N;'),('PromotionDtl:Group',0,'',NULL,'N;'),('PromotionDtl:MoveLineDown',0,'',NULL,'N;'),('PromotionDtl:MoveLineUp',0,'',NULL,'N;'),('PromotionDtl:Ungroup',0,'',NULL,'N;'),('PromotionDtl:Update',0,'',NULL,'N;'),('PromotionDtl:UpdateItem',0,'',NULL,'N;'),('PromotionDtl:UpdateUOM',0,'',NULL,'N;'),('PromotionHdr',1,'',NULL,'N;'),('PromotionHdr:Admin',0,'',NULL,'N;'),('PromotionHdr:BatchDelete',0,'',NULL,'N;'),('PromotionHdr:Create',0,'',NULL,'N;'),('PromotionHdr:Delete',0,'',NULL,'N;'),('PromotionHdr:DeleteImage',0,'',NULL,'N;'),('PromotionHdr:ImportFromExcel2007',0,'',NULL,'N;'),('PromotionHdr:Index',0,'',NULL,'N;'),('PromotionHdr:LoadImage',0,'',NULL,'N;'),('PromotionHdr:SelectImage',0,'',NULL,'N;'),('PromotionHdr:Update',0,'',NULL,'N;'),('PromotionHdr:View',0,'',NULL,'N;'),('Purchase Authorize Personnel',2,'Purchase Authorize Personnel','','s:0:\"\";'),('Purchase CN Authorize Personnel',2,'Purchase CN Authorize Personnel',NULL,'N;'),('Purchase CN Processing',2,'Purchase CN Processing',NULL,'N;'),('Purchase DN Authorize Personnel',2,'Purchase DN Authorize Personnel',NULL,'N;'),('Purchase DN Processing',2,'Purchase DN Processing',NULL,'N;'),('Purchase Invoice Authorize Personnel',2,'Purchase Invoice Authorize Personnel',NULL,'N;'),('Purchase Invoice Processing',2,'Purchase Invoice Processing',NULL,'N;'),('Purchase Processing',2,'Purchase Processing','','s:0:\"\";'),('Purchase Receiving Authorize Personnel',2,'Purchase Receiving Authorize Personnel','','s:0:\"\";'),('Purchase Receiving Processing',2,'Purchase Receiving Processing','','s:0:\"\";'),('Purchase Report',2,'Purchase Report',NULL,'N;'),('Purchase Return Authorize Personnel',2,'Purchase Return Authorize Personnel',NULL,'N;'),('Purchase Return Processing',2,'Purchase Return Processing',NULL,'N;'),('Query',1,'',NULL,'N;'),('Query:QueryAging',0,'',NULL,'N;'),('Query:QueryInventory',0,'',NULL,'N;'),('Query:QueryOpenBills',0,'',NULL,'N;'),('Query:QueryReservedQty',0,'',NULL,'N;'),('Query:UpdateItem',0,'',NULL,'N;'),('RBAC Manager',2,'Manages Auth Items and Role Assignments. RBAM required role.',NULL,'N;'),('RdDnDtl',1,'',NULL,'N;'),('RdDnDtl:Admin',0,'',NULL,'N;'),('RdDnDtl:BatchCreate',0,'',NULL,'N;'),('RdDnDtl:BatchDelete',0,'',NULL,'N;'),('RdDnDtl:CalculateNetAmt',0,'',NULL,'N;'),('RdDnDtl:CalculateNetAmtBatch',0,'',NULL,'N;'),('RdDnDtl:CalculateOdrAmt',0,'',NULL,'N;'),('RdDnDtl:CalculateTaxAmt',0,'',NULL,'N;'),('RdDnDtl:Create',0,'',NULL,'N;'),('RdDnDtl:Delete',0,'',NULL,'N;'),('RdDnDtl:GetPackingInfo',0,'',NULL,'N;'),('RdDnDtl:MoveLineDown',0,'',NULL,'N;'),('RdDnDtl:MoveLineUp',0,'',NULL,'N;'),('RdDnDtl:Transfer',0,'',NULL,'N;'),('RdDnDtl:Update',0,'',NULL,'N;'),('RdDnDtl:UpdateInventory',0,'',NULL,'N;'),('RdDnDtl:UpdateItem',0,'',NULL,'N;'),('RdDnDtl:UpdateItemBatch',0,'',NULL,'N;'),('RdDnDtl:UpdateTax',0,'',NULL,'N;'),('RdDnDtl:UpdateTaxBatch',0,'',NULL,'N;'),('RdDnDtl:UpdateUOM',0,'',NULL,'N;'),('RdDnDtl:UpdateUOMBatch',0,'',NULL,'N;'),('RdDnDtl:ValidateBatch',0,'',NULL,'N;'),('RdDnDtl:View',0,'',NULL,'N;'),('RdDnHdr',1,'',NULL,'N;'),('RdDnHdr:Admin',0,'',NULL,'N;'),('RdDnHdr:AdminDN',0,'',NULL,'N;'),('RdDnHdr:BatchPrintDN',0,'',NULL,'N;'),('RdDnHdr:BulkConfirmDN',0,'',NULL,'N;'),('RdDnHdr:CalculateDiscAmt',0,'',NULL,'N;'),('RdDnHdr:CalculateDiscLocalAmt',0,'',NULL,'N;'),('RdDnHdr:CalculateNetAmt',0,'',NULL,'N;'),('RdDnHdr:CalculateNetLocalAmt',0,'',NULL,'N;'),('RdDnHdr:CalculateTaxAmt',0,'',NULL,'N;'),('RdDnHdr:CalculateTaxLocalAmt',0,'',NULL,'N;'),('RdDnHdr:Confirm',0,'',NULL,'N;'),('RdDnHdr:Create',0,'',NULL,'N;'),('RdDnHdr:CreateDN',0,'',NULL,'N;'),('RdDnHdr:Delete',0,'',NULL,'N;'),('RdDnHdr:DeleteDNWIP',0,'',NULL,'N;'),('RdDnHdr:DnFrPrchReturn',0,'',NULL,'N;'),('RdDnHdr:DnFrReturnDelivery',0,'',NULL,'N;'),('RdDnHdr:GenerateDN',0,'',NULL,'N;'),('RdDnHdr:PrintDN',0,'',NULL,'N;'),('RdDnHdr:Transfer',0,'',NULL,'N;'),('RdDnHdr:TransferView',0,'',NULL,'N;'),('RdDnHdr:Update',0,'',NULL,'N;'),('RdDnHdr:UpdateArea',0,'',NULL,'N;'),('RdDnHdr:UpdateBranchInfo',0,'',NULL,'N;'),('RdDnHdr:UpdateCurrency',0,'',NULL,'N;'),('RdDnHdr:UpdateDN',0,'',NULL,'N;'),('RdDnHdr:UpdateTax',0,'',NULL,'N;'),('RdDnHdr:UpdateTerm',0,'',NULL,'N;'),('RdDnHdr:UpdateVendorInfo',0,'',NULL,'N;'),('RdDnHdr:View',0,'',NULL,'N;'),('RdDnHdr:ViewDN',0,'',NULL,'N;'),('RdDnHdr:Void',0,'',NULL,'N;'),('Reason',1,'',NULL,'N;'),('Reason:Admin',0,'',NULL,'N;'),('Reason:BatchDelete',0,'',NULL,'N;'),('Reason:Create',0,'',NULL,'N;'),('Reason:Delete',0,'',NULL,'N;'),('Reason:Update',0,'',NULL,'N;'),('Report',1,'',NULL,'N;'),('Report:DMSCustomerListing',0,'',NULL,'N;'),('Report:ExportCarbonSoVsInv',0,'',NULL,'N;'),('Report:ExportItemListingByPriceGroup',0,'',NULL,'N;'),('Report:ExportItemListingCostPrice',0,'',NULL,'N;'),('Report:ExportMonthlySalesReport',0,'',NULL,'N;'),('Report:ExportReturnAnalysisByCustomerByItemByReasonXls',0,'',NULL,'N;'),('Report:ExportReturnAnalysisByItemByReasonXls',0,'',NULL,'N;'),('Report:ExportReturnAnalysisByLocationByCustomerByItemByReasonXls',0,'',NULL,'N;'),('Report:ExportReturnAnalysisByLocationByItemByReasonXls',0,'',NULL,'N;'),('Report:ExportReturnAnalysisByLocationBySalesmanByItemByReasonXls',0,'',NULL,'N;'),('Report:ExportReturnAnalysisBySalesmanByItemByReasonXls',0,'',NULL,'N;'),('Report:ExportSalesReportByItemGroupByItem',0,'',NULL,'N;'),('Report:ExportSalesReportByItemGroupByItem2',0,'',NULL,'N;'),('Report:ListCustomerReport',0,'',NULL,'N;'),('Report:Pdfviewerjs',0,'',NULL,'N;'),('Report:PrintCashInvoice',0,'',NULL,'N;'),('Report:PrintCashInvoiceListing',0,'',NULL,'N;'),('Report:PrintCreditInvoiceListing',0,'',NULL,'N;'),('Report:PrintCreditNote',0,'',NULL,'N;'),('Report:PrintCreditNoteListing',0,'',NULL,'N;'),('Report:PrintCustomerListing',0,'',NULL,'N;'),('Report:PrintCustomerListingBySalesman',0,'',NULL,'N;'),('Report:PrintDebitNote',0,'',NULL,'N;'),('Report:PrintDebitNoteListing',0,'',NULL,'N;'),('Report:PrintDeliveryOrder',0,'',NULL,'N;'),('Report:PrintDeliveryOrderListing',0,'',NULL,'N;'),('Report:PrintDeliverySummaryByItem',0,'',NULL,'N;'),('Report:PrintGRN',0,'',NULL,'N;'),('Report:PrintInventoryWorksheet',0,'',NULL,'N;'),('Report:PrintInvoiceWeightSummary',0,'',NULL,'N;'),('Report:PrintItemListing',0,'',NULL,'N;'),('Report:PrintItemListingWithCostPrice',0,'',NULL,'N;'),('Report:PrintItemListingWithPrice',0,'',NULL,'N;'),('Report:PrintPickingOrder',0,'',NULL,'N;'),('Report:PrintPickingSummaryList',0,'',NULL,'N;'),('Report:PrintPrchDN',0,'',NULL,'N;'),('Report:PrintPrchOrder',0,'',NULL,'N;'),('Report:PrintPrchRD',0,'',NULL,'N;'),('Report:PrintPrchReturn',0,'',NULL,'N;'),('Report:PrintPurchaseAnalysisByDoc',0,'',NULL,'N;'),('Report:PrintPurchaseAnalysisByItemByDoc',0,'',NULL,'N;'),('Report:PrintPurchaseAnalysisByVendorByDoc',0,'',NULL,'N;'),('Report:PrintPurchaseAnalysisByVendorByItem',0,'',NULL,'N;'),('Report:PrintPurchaseReportByDivision',0,'',NULL,'N;'),('Report:PrintPurchaseReportByItemGroupByItem',0,'',NULL,'N;'),('Report:PrintPurchaseReportByVendor',0,'',NULL,'N;'),('Report:PrintReturnReceipt',0,'',NULL,'N;'),('Report:PrintSalesAnalysisByCustomerByDoc',0,'',NULL,'N;'),('Report:PrintSalesAnalysisByDoc',0,'',NULL,'N;'),('Report:PrintSalesAnalysisByItemByDoc',0,'',NULL,'N;'),('Report:PrintSalesAnalysisSoInv',0,'',NULL,'N;'),('Report:PrintSalesHistoryDiscount',0,'',NULL,'N;'),('Report:PrintSalesHistoryFOC',0,'',NULL,'N;'),('Report:PrintSalesHistoryFooterDiscount',0,'',NULL,'N;'),('Report:PrintSalesHistoryPromo',0,'',NULL,'N;'),('Report:PrintSalesInvoice',0,'',NULL,'N;'),('Report:PrintSalesMonthlyByCustomer',0,'',NULL,'N;'),('Report:PrintSalesOrder',0,'',NULL,'N;'),('Report:PrintSalesPLByCustomerByItem',0,'',NULL,'N;'),('Report:PrintSalesPLByItemGroupByItem',0,'',NULL,'N;'),('Report:PrintSalesReportByCustomer',0,'',NULL,'N;'),('Report:PrintSalesReportByCustomerCategory',0,'',NULL,'N;'),('Report:PrintSalesReportByDivision',0,'',NULL,'N;'),('Report:PrintSalesReportByItemGroupByItem',0,'',NULL,'N;'),('Report:PrintSalesReportBySalesman',0,'',NULL,'N;'),('Report:PrintSalesReturn',0,'',NULL,'N;'),('Report:PrintSalesSummaryByCustomerByItem',0,'',NULL,'N;'),('Report:PrintSalesSummaryByCustomerYearly',0,'',NULL,'N;'),('Report:PrintSalesSummaryByItem',0,'',NULL,'N;'),('Report:PrintSalesSummaryByItemByCustomer',0,'',NULL,'N;'),('Report:PrintSalesSummaryByItemGroupBySalesman',0,'',NULL,'N;'),('Report:PrintSalesSummaryByItemYearly',0,'',NULL,'N;'),('Report:PrintSalesSummaryByLevel',0,'',NULL,'N;'),('Report:PrintSalesSummaryBySalesman',0,'',NULL,'N;'),('Report:PrintSalesSummaryBySalesmanByCustomer',0,'',NULL,'N;'),('Report:PrintSalesSummaryBySalesmanByItem',0,'',NULL,'N;'),('Report:PrintShipment',0,'',NULL,'N;'),('Report:PrintShipmentListing',0,'',NULL,'N;'),('Report:PrintStkIssue',0,'',NULL,'N;'),('Report:PrintStkTransfer',0,'',NULL,'N;'),('Report:PrintStockAdjustment',0,'',NULL,'N;'),('Report:PrintStockBalance',0,'',NULL,'N;'),('Report:PrintStockBalanceByItemGroup',0,'',NULL,'N;'),('Report:PrintStockCard',0,'',NULL,'N;'),('Report:PrintStockCardReserved',0,'',NULL,'N;'),('Report:PrintStockSummaryMonthly',0,'',NULL,'N;'),('Report:PrintVendorListing',0,'',NULL,'N;'),('Report:SalesSummaryByItemByArea',0,'',NULL,'N;'),('Report:UpdateCustomerInfo',0,'',NULL,'N;'),('Report:UpdateItem',0,'',NULL,'N;'),('Report:UpdateItemInfo',0,'',NULL,'N;'),('Report:ViewCreditorReports',0,'',NULL,'N;'),('Report:ViewDmsSalesReports',0,'',NULL,'N;'),('Report:ViewDmsStockReports',0,'',NULL,'N;'),('Report:ViewLocationReports',0,'Report:ViewLocationReports',NULL,'N;'),('Report:ViewPortalSalesReports',0,'',NULL,'N;'),('Report:ViewPortalStockReports',0,'',NULL,'N;'),('Report:ViewPurchaseReports',0,'',NULL,'N;'),('Report:ViewSalesReports',0,'',NULL,'N;'),('Report:ViewStockReports',0,'',NULL,'N;'),('Return Delivery Authorize Personnel',2,'Return Delivery Authorize Personnel',NULL,'N;'),('Return Delivery Processing',2,'Return Delivery Processing',NULL,'N;'),('Return Receiving Personnel',2,'Return Receiving Personnel',NULL,'N;'),('Return Receiving Processing',2,'Return Receiving Processing',NULL,'N;'),('Route',1,'',NULL,'N;'),('Route:Admin',0,'',NULL,'N;'),('Route:AutoAssignAllRoute',0,'',NULL,'N;'),('Route:AutoAssignRoute',0,'',NULL,'N;'),('Route:BatchDeleteCriteria',0,'',NULL,'N;'),('Route:Create',0,'',NULL,'N;'),('Route:CreateCriteria',0,'',NULL,'N;'),('Route:Delete',0,'',NULL,'N;'),('Route:ImportFromExcel2007',0,'',NULL,'N;'),('Route:Update',0,'',NULL,'N;'),('RoutePlan',1,'',NULL,'N;'),('RoutePlan:Admin',0,'',NULL,'N;'),('RoutePlan:Create',0,'',NULL,'N;'),('RoutePlan:Delete',0,'',NULL,'N;'),('RoutePlan:ImportRouteplan',0,'',NULL,'N;'),('RoutePlan:Index',0,'',NULL,'N;'),('RoutePlan:RepeatType',0,'',NULL,'N;'),('RoutePlan:Update',0,'',NULL,'N;'),('RoutePlan:UpdateCustomerInfo',0,'',NULL,'N;'),('RoutePlan:View',0,'',NULL,'N;'),('RrCnDtl',1,'',NULL,'N;'),('RrCnDtl:Admin',0,'',NULL,'N;'),('RrCnDtl:BatchCreate',0,'',NULL,'N;'),('RrCnDtl:BatchDelete',0,'',NULL,'N;'),('RrCnDtl:CalculateNetAmt',0,'',NULL,'N;'),('RrCnDtl:CalculateNetAmtBatch',0,'',NULL,'N;'),('RrCnDtl:CalculateOdrAmt',0,'',NULL,'N;'),('RrCnDtl:CalculateTaxAmt',0,'',NULL,'N;'),('RrCnDtl:Create',0,'',NULL,'N;'),('RrCnDtl:Delete',0,'',NULL,'N;'),('RrCnDtl:GetPackingInfo',0,'',NULL,'N;'),('RrCnDtl:MoveLineDown',0,'',NULL,'N;'),('RrCnDtl:MoveLineUp',0,'',NULL,'N;'),('RrCnDtl:Transfer',0,'',NULL,'N;'),('RrCnDtl:Update',0,'',NULL,'N;'),('RrCnDtl:UpdateInventory',0,'',NULL,'N;'),('RrCnDtl:UpdateItem',0,'',NULL,'N;'),('RrCnDtl:UpdateItemBatch',0,'',NULL,'N;'),('RrCnDtl:UpdateTax',0,'',NULL,'N;'),('RrCnDtl:UpdateTaxBatch',0,'',NULL,'N;'),('RrCnDtl:UpdateUOM',0,'',NULL,'N;'),('RrCnDtl:UpdateUOMBatch',0,'',NULL,'N;'),('RrCnDtl:ValidateBatch',0,'',NULL,'N;'),('RrCnDtl:View',0,'',NULL,'N;'),('RrCnHdr',1,'',NULL,'N;'),('RrCnHdr:Admin',0,'',NULL,'N;'),('RrCnHdr:AdminCN',0,'',NULL,'N;'),('RrCnHdr:BatchPrintCN',0,'',NULL,'N;'),('RrCnHdr:BulkConfirmCn',0,'',NULL,'N;'),('RrCnHdr:CalculateDiscAmt',0,'',NULL,'N;'),('RrCnHdr:CalculateDiscLocalAmt',0,'',NULL,'N;'),('RrCnHdr:CalculateNetAmt',0,'',NULL,'N;'),('RrCnHdr:CalculateNetLocalAmt',0,'',NULL,'N;'),('RrCnHdr:CalculateTaxAmt',0,'',NULL,'N;'),('RrCnHdr:CalculateTaxLocalAmt',0,'',NULL,'N;'),('RrCnHdr:CnFrReturnReceive',0,'',NULL,'N;'),('RrCnHdr:CnFrSalesReturn',0,'',NULL,'N;'),('RrCnHdr:Confirm',0,'',NULL,'N;'),('RrCnHdr:Create',0,'',NULL,'N;'),('RrCnHdr:CreateCN',0,'',NULL,'N;'),('RrCnHdr:Delete',0,'',NULL,'N;'),('RrCnHdr:DeleteCNWIP',0,'',NULL,'N;'),('RrCnHdr:EditSalesman',0,'',NULL,'N;'),('RrCnHdr:GenerateCN',0,'',NULL,'N;'),('RrCnHdr:ImportFromExcel2007',0,'',NULL,'N;'),('RrCnHdr:PrintCN',0,'',NULL,'N;'),('RrCnHdr:ReverseToDraft',0,'',NULL,'N;'),('RrCnHdr:Transfer',0,'',NULL,'N;'),('RrCnHdr:TransferView',0,'',NULL,'N;'),('RrCnHdr:Update',0,'',NULL,'N;'),('RrCnHdr:UpdateArea',0,'',NULL,'N;'),('RrCnHdr:UpdateBranchInfo',0,'',NULL,'N;'),('RrCnHdr:UpdateCN',0,'',NULL,'N;'),('RrCnHdr:UpdateCurrency',0,'',NULL,'N;'),('RrCnHdr:UpdateCustomerInfo',0,'',NULL,'N;'),('RrCnHdr:UpdateTax',0,'',NULL,'N;'),('RrCnHdr:UpdateTerm',0,'',NULL,'N;'),('RrCnHdr:View',0,'',NULL,'N;'),('RrCnHdr:ViewCN',0,'',NULL,'N;'),('RrCnHdr:Void',0,'',NULL,'N;'),('SALEMAN MASTER ADMIN',2,'SALEMAN MASTER ADMIN',NULL,'N;'),('Sales CN Authorize Personnel',2,'Sales CN Authorize Personnel',NULL,'N;'),('Sales CN Processing',2,'Sales CN Processing',NULL,'N;'),('Sales DN Authorize Personnel',2,'Sales DN Authorize Personnel',NULL,'N;'),('Sales DN Processing',2,'Sales DN Processing',NULL,'N;'),('Sales Order Authorize Personnel',2,'Sales Order Authorize Personnel',NULL,'N;'),('Sales Order Processing',2,'Sales Order Processing',NULL,'N;'),('Sales Reporting',2,'Sales Reporting',NULL,'N;'),('Sales Return Authorize Personnel',2,'Sales Return Authorize Personnel',NULL,'N;'),('Sales Return Processing',2,'Sales Return Processing',NULL,'N;'),('SalesOdrDtl',1,'',NULL,'N;'),('SalesOdrDtl:Admin',0,'',NULL,'N;'),('SalesOdrDtl:BatchCreate',0,'',NULL,'N;'),('SalesOdrDtl:BatchDelete',0,'',NULL,'N;'),('SalesOdrDtl:CalculateNetAmt',0,'',NULL,'N;'),('SalesOdrDtl:CalculateNetAmtBatch',0,'',NULL,'N;'),('SalesOdrDtl:CalculateOdrAmt',0,'',NULL,'N;'),('SalesOdrDtl:CalculateTaxAmt',0,'',NULL,'N;'),('SalesOdrDtl:Create',0,'',NULL,'N;'),('SalesOdrDtl:CreateFromPromotion',0,'',NULL,'N;'),('SalesOdrDtl:Delete',0,'',NULL,'N;'),('SalesOdrDtl:GetPromotionItems',0,'',NULL,'N;'),('SalesOdrDtl:MoveLineDown',0,'',NULL,'N;'),('SalesOdrDtl:MoveLineUp',0,'',NULL,'N;'),('SalesOdrDtl:Update',0,'',NULL,'N;'),('SalesOdrDtl:UpdateFromPromotion',0,'',NULL,'N;'),('SalesOdrDtl:UpdateInventory',0,'',NULL,'N;'),('SalesOdrDtl:UpdateInventoryBatch',0,'',NULL,'N;'),('SalesOdrDtl:UpdateItem',0,'',NULL,'N;'),('SalesOdrDtl:UpdateItemBatch',0,'',NULL,'N;'),('SalesOdrDtl:UpdatePromoInventory',0,'',NULL,'N;'),('SalesOdrDtl:UpdatePromoItem',0,'',NULL,'N;'),('SalesOdrDtl:UpdateTax',0,'',NULL,'N;'),('SalesOdrDtl:UpdateTaxBatch',0,'',NULL,'N;'),('SalesOdrDtl:UpdateUOM',0,'',NULL,'N;'),('SalesOdrDtl:UpdateUOMBatch',0,'',NULL,'N;'),('SalesOdrDtl:ValidateBatch',0,'',NULL,'N;'),('SalesOdrDtl:View',0,'',NULL,'N;'),('SalesOdrDtlC',1,'',NULL,'N;'),('SalesOdrDtlC:View',0,'',NULL,'N;'),('SalesOdrHdr',1,'',NULL,'N;'),('SalesOdrHdr:AddRemark2',0,'',NULL,'N;'),('SalesOdrHdr:Admin',0,'',NULL,'N;'),('SalesOdrHdr:AdminMySalesOdr',0,'',NULL,'N;'),('SalesOdrHdr:BatchPrint',0,'',NULL,'N;'),('SalesOdrHdr:CalculateDiscAmt',0,'',NULL,'N;'),('SalesOdrHdr:CalculateDiscLocalAmt',0,'',NULL,'N;'),('SalesOdrHdr:CalculateNetAmt',0,'',NULL,'N;'),('SalesOdrHdr:CalculateNetLocalAmt',0,'',NULL,'N;'),('SalesOdrHdr:CalculateTaxAmt',0,'',NULL,'N;'),('SalesOdrHdr:CalculateTaxLocalAmt',0,'',NULL,'N;'),('SalesOdrHdr:CheckOutOfStock',0,'',NULL,'N;'),('SalesOdrHdr:CheckOutOfStockFrSalesOdr',0,'',NULL,'N;'),('SalesOdrHdr:Confirm',0,'',NULL,'N;'),('SalesOdrHdr:Create',0,'',NULL,'N;'),('SalesOdrHdr:Delete',0,'',NULL,'N;'),('SalesOdrHdr:Picking',0,'',NULL,'N;'),('SalesOdrHdr:PrintPickingPreview',0,'',NULL,'N;'),('SalesOdrHdr:PrintSalesOrder',0,'',NULL,'N;'),('SalesOdrHdr:PrintSoAsPickingPreview',0,'',NULL,'N;'),('SalesOdrHdr:RetagStockAllocation',0,'',NULL,'N;'),('SalesOdrHdr:ReverseToDraft',0,'',NULL,'N;'),('SalesOdrHdr:Running',0,'',NULL,'N;'),('SalesOdrHdr:SortByItemCode',0,'',NULL,'N;'),('SalesOdrHdr:SortLineUp',0,'',NULL,'N;'),('SalesOdrHdr:SplitView',0,'',NULL,'N;'),('SalesOdrHdr:TransferView',0,'',NULL,'N;'),('SalesOdrHdr:Update',0,'',NULL,'N;'),('SalesOdrHdr:UpdateArea',0,'',NULL,'N;'),('SalesOdrHdr:UpdateBranchInfo',0,'',NULL,'N;'),('SalesOdrHdr:UpdateCurrency',0,'',NULL,'N;'),('SalesOdrHdr:UpdateCustomerInfo',0,'',NULL,'N;'),('SalesOdrHdr:UpdateMySalesOrder',0,'',NULL,'N;'),('SalesOdrHdr:UpdateTax',0,'',NULL,'N;'),('SalesOdrHdr:UpdateTerm',0,'',NULL,'N;'),('SalesOdrHdr:View',0,'',NULL,'N;'),('SalesOdrHdr:Void',0,'',NULL,'N;'),('SalesOdrHdrC',1,'',NULL,'N;'),('SalesOdrHdrC:Admin',0,'',NULL,'N;'),('SalesOdrHdrC:View',0,'',NULL,'N;'),('SalesRetDtl',1,'',NULL,'N;'),('SalesRetDtl:Admin',0,'',NULL,'N;'),('SalesRetDtl:BatchCreate',0,'',NULL,'N;'),('SalesRetDtl:BatchDelete',0,'',NULL,'N;'),('SalesRetDtl:CalculateNetAmt',0,'',NULL,'N;'),('SalesRetDtl:CalculateNetAmtBatch',0,'',NULL,'N;'),('SalesRetDtl:CalculateOdrAmt',0,'',NULL,'N;'),('SalesRetDtl:CalculateTaxAmt',0,'',NULL,'N;'),('SalesRetDtl:Create',0,'',NULL,'N;'),('SalesRetDtl:Delete',0,'',NULL,'N;'),('SalesRetDtl:MoveLineDown',0,'',NULL,'N;'),('SalesRetDtl:MoveLineUp',0,'',NULL,'N;'),('SalesRetDtl:Update',0,'',NULL,'N;'),('SalesRetDtl:UpdateInventory',0,'',NULL,'N;'),('SalesRetDtl:UpdateInventoryBatch',0,'',NULL,'N;'),('SalesRetDtl:UpdateItem',0,'',NULL,'N;'),('SalesRetDtl:UpdateItemBatch',0,'',NULL,'N;'),('SalesRetDtl:UpdateTax',0,'',NULL,'N;'),('SalesRetDtl:UpdateTaxBatch',0,'',NULL,'N;'),('SalesRetDtl:UpdateUOM',0,'',NULL,'N;'),('SalesRetDtl:UpdateUOMBatch',0,'',NULL,'N;'),('SalesRetDtl:ValidateBatch',0,'',NULL,'N;'),('SalesRetDtl:View',0,'',NULL,'N;'),('SalesRetHdr',1,'',NULL,'N;'),('SalesRetHdr:Admin',0,'',NULL,'N;'),('SalesRetHdr:BatchPrint',0,'',NULL,'N;'),('SalesRetHdr:CalculateDiscAmt',0,'',NULL,'N;'),('SalesRetHdr:CalculateDiscLocalAmt',0,'',NULL,'N;'),('SalesRetHdr:CalculateNetAmt',0,'',NULL,'N;'),('SalesRetHdr:CalculateNetLocalAmt',0,'',NULL,'N;'),('SalesRetHdr:CalculateTaxAmt',0,'',NULL,'N;'),('SalesRetHdr:CalculateTaxLocalAmt',0,'',NULL,'N;'),('SalesRetHdr:Confirm',0,'',NULL,'N;'),('SalesRetHdr:Create',0,'',NULL,'N;'),('SalesRetHdr:Delete',0,'',NULL,'N;'),('SalesRetHdr:ReverseToDraft',0,'',NULL,'N;'),('SalesRetHdr:Update',0,'',NULL,'N;'),('SalesRetHdr:UpdateArea',0,'',NULL,'N;'),('SalesRetHdr:UpdateBranchInfo',0,'',NULL,'N;'),('SalesRetHdr:UpdateCurrency',0,'',NULL,'N;'),('SalesRetHdr:UpdateCustomerInfo',0,'',NULL,'N;'),('SalesRetHdr:UpdateTerm',0,'',NULL,'N;'),('SalesRetHdr:View',0,'',NULL,'N;'),('SalesRetHdr:Void',0,'',NULL,'N;'),('SalesTeam',1,'',NULL,'N;'),('Salesteam Manager',2,'Salesteam Manager',NULL,'N;'),('SalesTeam:Admin',0,'',NULL,'N;'),('SalesTeam:AssignUser',0,'',NULL,'N;'),('SalesTeam:BatchDelete',0,'',NULL,'N;'),('SalesTeam:BatchRemoveMember',0,'',NULL,'N;'),('SalesTeam:Create',0,'',NULL,'N;'),('SalesTeam:Delete',0,'',NULL,'N;'),('SalesTeam:RemoveMember',0,'',NULL,'N;'),('SalesTeam:Update',0,'',NULL,'N;'),('SalesTeam:View',0,'',NULL,'N;'),('SalesTracking',1,'',NULL,'N;'),('SalesTracking:MobileTrack',0,'',NULL,'N;'),('SalesTracking:Track',0,'',NULL,'N;'),('SalesTracking:View',0,'',NULL,'N;'),('SalesTracking:ViewDeliveryTracking',0,'',NULL,'N;'),('Setting',1,'',NULL,'N;'),('Setting:AssignServiceAccount',0,'',NULL,'N;'),('Setting:AssignSuperUserToAll',0,'',NULL,'N;'),('Setting:CleanUpItemGroup',0,'',NULL,'N;'),('Setting:ConvertCallCard',0,'',NULL,'N;'),('Setting:DeleteItemGroup2',0,'',NULL,'N;'),('Setting:FixCnEmptyBillAddr',0,'',NULL,'N;'),('Setting:FixReserveTrans',0,'',NULL,'N;'),('Setting:FixReserveTransO1',0,'',NULL,'N;'),('Setting:FixReserveTransO2',0,'',NULL,'N;'),('Setting:FoxProSqlCommand',0,'',NULL,'N;'),('Setting:Printing',0,'',NULL,'N;'),('Setting:PurgeStkTrans',0,'',NULL,'N;'),('Setting:RecalculateAverageCost',0,'',NULL,'N;'),('Setting:Reporting',0,'',NULL,'N;'),('Setting:RepostCNStkTrans',0,'',NULL,'N;'),('Setting:ResetReservedStock',0,'',NULL,'N;'),('Setting:SetupSalesTracking',0,'',NULL,'N;'),('Setting:SysInfo',0,'',NULL,'N;'),('Setting:Update1ItemAverageCost',0,'',NULL,'N;'),('Setting:UpdateAllItemAverageCost',0,'',NULL,'N;'),('Setting:UpdateDbSchema',0,'',NULL,'N;'),('Setting:UpdateDebtorTransLastPaidDate',0,'',NULL,'N;'),('Setting:UpdateItemAverageCost',0,'',NULL,'N;'),('Setting:UpdateVoidCreditorTrans',0,'',NULL,'N;'),('Setting:UpdateVoidDebtorTrans',0,'',NULL,'N;'),('Setting:UpdateVoidStkTrans',0,'',NULL,'N;'),('Setting:VerifyCreditorTrans',0,'',NULL,'N;'),('Setting:VerifyDebtorTrans',0,'',NULL,'N;'),('Setting:VerifyDebtorTransKo',0,'',NULL,'N;'),('Setting:VerifyInventoryWithStkTrans',0,'',NULL,'N;'),('Setting:ViewFinanceSetting',0,'',NULL,'N;'),('Setting:ViewIntgAutoCount',0,'',NULL,'N;'),('Setting:ViewIntgEmas',0,'',NULL,'N;'),('Setting:ViewIntgKao',0,'',NULL,'N;'),('Setting:ViewIntgLucia',0,'',NULL,'N;'),('Setting:ViewIntgNewspageRB',0,'',NULL,'N;'),('Setting:ViewIntgNewspageSCJ',0,'',NULL,'N;'),('Setting:ViewIntgSqlAccount',0,'',NULL,'N;'),('Setting:ViewIntgUBSAccounting',0,'',NULL,'N;'),('Setting:ViewInventorySetting',0,'',NULL,'N;'),('Setting:ViewPurchaseSetting',0,'',NULL,'N;'),('Setting:ViewSalesSetting',0,'',NULL,'N;'),('Setting:VoidAllDocuments2VerifyInventory',0,'',NULL,'N;'),('Setting:VoidAllSalesOrderVerifyReserved',0,'',NULL,'N;'),('Shelf',1,'',NULL,'N;'),('Shelf:Create',0,'',NULL,'N;'),('Shelf:Delete',0,'',NULL,'N;'),('Shelf:Update',0,'',NULL,'N;'),('ShelfAisle',1,'',NULL,'N;'),('ShelfAisle:Admin',0,'',NULL,'N;'),('ShelfAisle:Create',0,'',NULL,'N;'),('ShelfAisle:Delete',0,'',NULL,'N;'),('ShelfAisle:Update',0,'',NULL,'N;'),('ShelfBay',1,'',NULL,'N;'),('ShelfBay:Admin',0,'',NULL,'N;'),('ShelfBay:Create',0,'',NULL,'N;'),('ShelfBay:Delete',0,'',NULL,'N;'),('ShelfBay:Update',0,'',NULL,'N;'),('ShelfLevel',1,'',NULL,'N;'),('ShelfLevel:Admin',0,'',NULL,'N;'),('ShelfLevel:Create',0,'',NULL,'N;'),('ShelfLevel:Delete',0,'',NULL,'N;'),('ShelfLevel:Update',0,'',NULL,'N;'),('Shipping Authorize Personnel',2,'Shipping Authorize Personnel',NULL,'N;'),('Shipping Processing',2,'Shipping Processing',NULL,'N;'),('Site',1,'',NULL,'N;'),('Site:Captcha',0,'',NULL,'N;'),('Site:CCaptchaAction',0,'',NULL,'N;'),('Site:Contact',0,'',NULL,'N;'),('Site:CreateDefaultRole',0,'',NULL,'N;'),('Site:Error',0,'',NULL,'N;'),('Site:Index',0,'',NULL,'N;'),('Site:InventoryIndex',0,'',NULL,'N;'),('Site:Login',0,'',NULL,'N;'),('Site:Logout',0,'',NULL,'N;'),('Site:MobileError',0,'',NULL,'N;'),('Site:PortalIndex',0,'',NULL,'N;'),('Site:PurchaseIndex',0,'',NULL,'N;'),('Site:ReportsIndex',0,'',NULL,'N;'),('Site:SalesIndex',0,'',NULL,'N;'),('StkAdjDtl',1,'',NULL,'N;'),('StkAdjDtl:BatchDelete',0,'',NULL,'N;'),('StkAdjDtl:CalculateAmt',0,'',NULL,'N;'),('StkAdjDtl:Create',0,'',NULL,'N;'),('StkAdjDtl:Delete',0,'',NULL,'N;'),('StkAdjDtl:Update',0,'',NULL,'N;'),('StkAdjDtl:UpdateInventory',0,'',NULL,'N;'),('StkAdjDtl:UpdateItem',0,'',NULL,'N;'),('StkAdjDtl:UpdateUOM',0,'',NULL,'N;'),('StkAdjDtl:View',0,'',NULL,'N;'),('StkAdjHdr',1,'',NULL,'N;'),('StkAdjHdr:Admin',0,'',NULL,'N;'),('StkAdjHdr:Confirm',0,'',NULL,'N;'),('StkAdjHdr:Create',0,'',NULL,'N;'),('StkAdjHdr:Delete',0,'',NULL,'N;'),('StkAdjHdr:Transfer',0,'',NULL,'N;'),('StkAdjHdr:Update',0,'',NULL,'N;'),('StkAdjHdr:View',0,'',NULL,'N;'),('StkAdjHdr:Void',0,'',NULL,'N;'),('StkCountDtl',1,'',NULL,'N;'),('StkCountDtl:BatchDelete',0,'',NULL,'N;'),('StkCountDtl:Create',0,'',NULL,'N;'),('StkCountDtl:Delete',0,'',NULL,'N;'),('StkCountDtl:Update',0,'',NULL,'N;'),('StkCountDtl:UpdateInventory',0,'',NULL,'N;'),('StkCountDtl:UpdateItem',0,'',NULL,'N;'),('StkCountDtl:UpdateUOM',0,'',NULL,'N;'),('StkCountDtl:View',0,'',NULL,'N;'),('StkCountHdr',1,'',NULL,'N;'),('StkCountHdr:Admin',0,'',NULL,'N;'),('StkCountHdr:Confirm',0,'',NULL,'N;'),('StkCountHdr:Create',0,'',NULL,'N;'),('StkCountHdr:ImportFromExcel2007',0,'',NULL,'N;'),('StkCountHdr:PreviewInExcel2007',0,'',NULL,'N;'),('StkCountHdr:ReverseToDraft',0,'',NULL,'N;'),('StkCountHdr:Update',0,'',NULL,'N;'),('StkCountHdr:View',0,'',NULL,'N;'),('StkCountHdr:Void',0,'',NULL,'N;'),('StkIssueDtl',1,'',NULL,'N;'),('StkIssueDtl:CalculateAmt',0,'',NULL,'N;'),('StkIssueDtl:Create',0,'',NULL,'N;'),('StkIssueDtl:Delete',0,'',NULL,'N;'),('StkIssueDtl:Update',0,'',NULL,'N;'),('StkIssueDtl:UpdateInventory',0,'',NULL,'N;'),('StkIssueDtl:UpdateItem',0,'',NULL,'N;'),('StkIssueDtl:UpdateUOM',0,'',NULL,'N;'),('StkIssueDtl:View',0,'',NULL,'N;'),('StkIssueHdr',1,'',NULL,'N;'),('StkIssueHdr:Admin',0,'',NULL,'N;'),('StkIssueHdr:Confirm',0,'',NULL,'N;'),('StkIssueHdr:Create',0,'',NULL,'N;'),('StkIssueHdr:Delete',0,'',NULL,'N;'),('StkIssueHdr:Update',0,'',NULL,'N;'),('StkIssueHdr:View',0,'',NULL,'N;'),('StkTransferDtl',1,'',NULL,'N;'),('StkTransferDtl:BatchDelete',0,'',NULL,'N;'),('StkTransferDtl:CalculateAmt',0,'',NULL,'N;'),('StkTransferDtl:Create',0,'',NULL,'N;'),('StkTransferDtl:Delete',0,'',NULL,'N;'),('StkTransferDtl:Update',0,'',NULL,'N;'),('StkTransferDtl:UpdateFrInventory',0,'',NULL,'N;'),('StkTransferDtl:UpdateItem',0,'',NULL,'N;'),('StkTransferDtl:UpdateToInventory',0,'',NULL,'N;'),('StkTransferDtl:UpdateUOM',0,'',NULL,'N;'),('StkTransferDtl:View',0,'',NULL,'N;'),('StkTransferHdr',1,'',NULL,'N;'),('StkTransferHdr:Admin',0,'',NULL,'N;'),('StkTransferHdr:BatchPrint',0,'',NULL,'N;'),('StkTransferHdr:Confirm',0,'',NULL,'N;'),('StkTransferHdr:Create',0,'',NULL,'N;'),('StkTransferHdr:Delete',0,'',NULL,'N;'),('StkTransferHdr:Update',0,'',NULL,'N;'),('StkTransferHdr:View',0,'',NULL,'N;'),('StkTransferHdr:Void',0,'',NULL,'N;'),('StockRotation',1,'',NULL,'N;'),('StockRotation:Create',0,'',NULL,'N;'),('StockRotation:Update',0,'',NULL,'N;'),('Super User',2,'Super User','','s:0:\"\";'),('SystemSettings',1,'',NULL,'N;'),('SystemSettings:Admin',0,'',NULL,'N;'),('SystemSettings:BatchDelete',0,'',NULL,'N;'),('SystemSettings:Create',0,'',NULL,'N;'),('SystemSettings:Delete',0,'',NULL,'N;'),('SystemSettings:Update',0,'',NULL,'N;'),('TableLog',1,'',NULL,'N;'),('TableLog:CheckTableLog',0,'',NULL,'N;'),('Tax',1,'',NULL,'N;'),('Tax:Admin',0,'',NULL,'N;'),('Tax:BatchDelete',0,'',NULL,'N;'),('Tax:Create',0,'',NULL,'N;'),('Tax:Delete',0,'',NULL,'N;'),('Tax:Update',0,'',NULL,'N;'),('TaxGroup',1,'',NULL,'N;'),('TaxGroup:Admin',0,'',NULL,'N;'),('TaxGroup:BatchDelete',0,'',NULL,'N;'),('TaxGroup:Create',0,'',NULL,'N;'),('TaxGroup:Delete',0,'',NULL,'N;'),('TaxGroup:Update',0,'',NULL,'N;'),('TaxGroup:View',0,'',NULL,'N;'),('TaxReport',1,'',NULL,'N;'),('TaxReport:PrintTaxDetailed',0,'',NULL,'N;'),('TaxReport:PrintTaxSummary',0,'',NULL,'N;'),('TaxReport:ViewReports',0,'',NULL,'N;'),('Terms',1,'',NULL,'N;'),('Terms:Admin',0,'',NULL,'N;'),('Terms:BatchDelete',0,'',NULL,'N;'),('Terms:Create',0,'',NULL,'N;'),('Terms:Delete',0,'',NULL,'N;'),('Terms:Update',0,'',NULL,'N;'),('TransferDetailsForm',1,'',NULL,'N;'),('TransferDetailsForm:UpdateCustomerInfo',0,'',NULL,'N;'),('TransferDetailsForm:UpdateVendorInfo',0,'',NULL,'N;'),('Uom',1,'',NULL,'N;'),('Uom:Admin',0,'',NULL,'N;'),('Uom:BatchDelete',0,'',NULL,'N;'),('Uom:Create',0,'',NULL,'N;'),('Uom:Delete',0,'',NULL,'N;'),('Uom:Update',0,'',NULL,'N;'),('User',1,'User',NULL,'N;'),('User:Admin',0,'User:Admin',NULL,'N;'),('UserCustomer',1,'',NULL,'N;'),('UserCustomer:Admin',0,'',NULL,'N;'),('UserCustomer:BatchDelete',0,'',NULL,'N;'),('UserCustomer:Create',0,'',NULL,'N;'),('UserCustomer:Delete',0,'',NULL,'N;'),('UserCustomer:Update',0,'',NULL,'N;'),('UserCustomer:View',0,'',NULL,'N;'),('UserDivision',1,'',NULL,'N;'),('UserDivision:Delete',0,'',NULL,'N;'),('UserItemGroup',1,'',NULL,'N;'),('UserItemGroup:Admin',0,'',NULL,'N;'),('UserItemGroup:Create',0,'',NULL,'N;'),('UserItemGroup:Delete',0,'',NULL,'N;'),('UserItemGroup:Index',0,'',NULL,'N;'),('UserItemGroup:Update',0,'',NULL,'N;'),('UserItemGroup:View',0,'',NULL,'N;'),('Vendor',1,'',NULL,'N;'),('VENDOR  MASTER ADMIN',2,'VENDOR  MASTER ADMIN','','s:0:\"\";'),('Vendor:Admin',0,'',NULL,'N;'),('Vendor:BatchDelete',0,'',NULL,'N;'),('Vendor:Create',0,'',NULL,'N;'),('Vendor:Delete',0,'',NULL,'N;'),('Vendor:FakeDelete',0,'',NULL,'N;'),('Vendor:LoadImage',0,'',NULL,'N;'),('Vendor:Update',0,'',NULL,'N;'),('Vendor:View',0,'',NULL,'N;'),('VendorBranch',1,'',NULL,'N;'),('VendorBranch:Admin',0,'',NULL,'N;'),('VendorBranch:BatchDelete',0,'',NULL,'N;'),('VendorBranch:Create',0,'',NULL,'N;'),('VendorBranch:Delete',0,'',NULL,'N;'),('VendorBranch:Index',0,'',NULL,'N;'),('VendorBranch:Update',0,'',NULL,'N;'),('VendorCategory',1,'',NULL,'N;'),('VendorCategory:Admin',0,'',NULL,'N;'),('VendorCategory:BatchDelete',0,'',NULL,'N;'),('VendorCategory:Create',0,'',NULL,'N;'),('VendorCategory:Delete',0,'',NULL,'N;'),('VendorCategory:Update',0,'',NULL,'N;'),('VendorContact',1,'',NULL,'N;'),('VendorContact:Admin',0,'',NULL,'N;'),('VendorContact:BatchDelete',0,'',NULL,'N;'),('VendorContact:Create',0,'',NULL,'N;'),('VendorContact:Delete',0,'',NULL,'N;'),('VendorContact:Index',0,'',NULL,'N;'),('VendorContact:Update',0,'',NULL,'N;'),('VendorDivision',1,'',NULL,'N;'),('VendorDivision:Assign',0,'',NULL,'N;'),('VendorDivision:BatchDelete',0,'',NULL,'N;'),('VendorDivision:Create',0,'',NULL,'N;'),('VendorDivision:Delete',0,'',NULL,'N;'),('VendorDivision:Update',0,'',NULL,'N;'),('VendorDivision:ViewAssign',0,'',NULL,'N;'),('VisitDtl',1,'',NULL,'N;'),('VisitDtl:Admin',0,'',NULL,'N;'),('VisitDtl:Create',0,'',NULL,'N;'),('VisitDtl:Delete',0,'',NULL,'N;'),('VisitDtl:Index',0,'',NULL,'N;'),('VisitDtl:Update',0,'',NULL,'N;'),('VisitDtl:View',0,'',NULL,'N;'),('VisitHdr',1,'',NULL,'N;'),('VisitHdr:Admin',0,'',NULL,'N;'),('VisitHdr:Create',0,'',NULL,'N;'),('VisitHdr:Delete',0,'',NULL,'N;'),('VisitHdr:Index',0,'',NULL,'N;'),('VisitHdr:Update',0,'',NULL,'N;'),('VisitHdr:View',0,'',NULL,'N;'),('Warehouse Authorize Personnel',2,'Warehouse Authorize Personnel','','s:0:\"\";'),('Warehouse Processing',2,'Warehouse Processing','','s:0:\"\";'),('Warehouse Reporting',2,'Warehouse Reporting',NULL,'N;'),('WorkflowNode',1,'',NULL,'N;'),('WorkflowNode:AdminSalesOdr',0,'',NULL,'N;'),('WorkflowNode:Update0',0,'',NULL,'N;'),('WorkflowNode:Update3',0,'',NULL,'N;'),('WorkflowNode:Update5',0,'',NULL,'N;'),('WorkflowNode:Update7',0,'',NULL,'N;');

/*Table structure for table `authitemchild` */

DROP TABLE IF EXISTS `authitemchild`;

CREATE TABLE `authitemchild` (
  `parent` varchar(64) NOT NULL,
  `child` varchar(64) NOT NULL,
  PRIMARY KEY (`parent`,`child`),
  KEY `child` (`child`),
  CONSTRAINT `authitemchild_ibfk_1` FOREIGN KEY (`parent`) REFERENCES `authitem` (`name`) ON DELETE CASCADE ON UPDATE CASCADE,
  CONSTRAINT `authitemchild_ibfk_2` FOREIGN KEY (`child`) REFERENCES `authitem` (`name`) ON DELETE CASCADE ON UPDATE CASCADE
) ENGINE=InnoDB DEFAULT CHARSET=latin1;

/*Data for the table `authitemchild` */

insert  into `authitemchild`(`parent`,`child`) values ('A/R Authorize Personnel','A/R Processing'),('User','Admin:Admin'),('Purchase CN Processing','ApCnDtl'),('Super User','ApCnDtl'),('ApCnDtl','ApCnDtl:Admin'),('ApCnDtl','ApCnDtl:BatchCreate'),('ApCnDtl','ApCnDtl:BatchDelete'),('ApCnDtl','ApCnDtl:CalculateNetAmt'),('ApCnDtl','ApCnDtl:CalculateNetAmtBatch'),('ApCnDtl','ApCnDtl:CalculateOdrAmt'),('ApCnDtl','ApCnDtl:CalculateTaxAmt'),('ApCnDtl','ApCnDtl:Create'),('ApCnDtl','ApCnDtl:Delete'),('ApCnDtl','ApCnDtl:MoveLineDown'),('ApCnDtl','ApCnDtl:MoveLineUp'),('ApCnDtl','ApCnDtl:Update'),('ApCnDtl','ApCnDtl:UpdateInventory'),('ApCnDtl','ApCnDtl:UpdateItem'),('ApCnDtl','ApCnDtl:UpdateItemBatch'),('ApCnDtl','ApCnDtl:UpdateTax'),('ApCnDtl','ApCnDtl:UpdateTaxBatch'),('ApCnDtl','ApCnDtl:UpdateUOM'),('ApCnDtl','ApCnDtl:UpdateUOMBatch'),('ApCnDtl','ApCnDtl:ValidateBatch'),('ApCnDtl','ApCnDtl:View'),('Super User','ApCnHdr'),('ApCnHdr','ApCnHdr:Admin'),('Purchase CN Processing','ApCnHdr:Admin'),('ApCnHdr','ApCnHdr:CalculateDiscAmt'),('ApCnHdr','ApCnHdr:CalculateDiscLocalAmt'),('ApCnHdr','ApCnHdr:CalculateNetAmt'),('ApCnHdr','ApCnHdr:CalculateNetLocalAmt'),('ApCnHdr','ApCnHdr:CalculateTaxAmt'),('ApCnHdr','ApCnHdr:CalculateTaxLocalAmt'),('ApCnHdr','ApCnHdr:Confirm'),('Purchase CN Processing','ApCnHdr:Confirm'),('ApCnHdr','ApCnHdr:Create'),('Purchase CN Processing','ApCnHdr:Create'),('ApCnHdr','ApCnHdr:Delete'),('Purchase CN Authorize Personnel','ApCnHdr:Delete'),('ApCnHdr','ApCnHdr:Update'),('Purchase CN Processing','ApCnHdr:Update'),('ApCnHdr','ApCnHdr:UpdateArea'),('ApCnHdr','ApCnHdr:UpdateBranchInfo'),('ApCnHdr','ApCnHdr:UpdateCurrency'),('ApCnHdr','ApCnHdr:UpdateTax'),('ApCnHdr','ApCnHdr:UpdateTerm'),('ApCnHdr','ApCnHdr:UpdateVendorInfo'),('ApCnHdr','ApCnHdr:View'),('Purchase CN Processing','ApCnHdr:View'),('ApCnHdr','ApCnHdr:Void'),('Purchase CN Authorize Personnel','ApCnHdr:Void'),('Super User','ApPaymentDtl'),('ApPaymentDtl','ApPaymentDtl:Admin'),('ApPaymentDtl','ApPaymentDtl:BatchDelete'),('ApPaymentDtl','ApPaymentDtl:CalculateKoAmt'),('ApPaymentDtl','ApPaymentDtl:Create'),('ApPaymentDtl','ApPaymentDtl:Delete'),('ApPaymentDtl','ApPaymentDtl:Transfer'),('ApPaymentDtl','ApPaymentDtl:Update'),('ApPaymentDtl','ApPaymentDtl:View'),('Super User','ApPaymentHdr'),('ApPaymentHdr','ApPaymentHdr:Admin'),('ApPaymentHdr','ApPaymentHdr:Confirm'),('ApPaymentHdr','ApPaymentHdr:Create'),('ApPaymentHdr','ApPaymentHdr:Delete'),('ApPaymentHdr','ApPaymentHdr:Update'),('ApPaymentHdr','ApPaymentHdr:UpdateCurrency'),('ApPaymentHdr','ApPaymentHdr:UpdateVendorInfo'),('ApPaymentHdr','ApPaymentHdr:View'),('ApPaymentHdr','ApPaymentHdr:Void'),('Sales DN Processing','ArDnDtl'),('Super User','ArDnDtl'),('ArDnDtl','ArDnDtl:Admin'),('ArDnDtl','ArDnDtl:BatchCreate'),('ArDnDtl','ArDnDtl:BatchDelete'),('ArDnDtl','ArDnDtl:CalculateNetAmt'),('ArDnDtl','ArDnDtl:CalculateNetAmtBatch'),('ArDnDtl','ArDnDtl:CalculateOdrAmt'),('ArDnDtl','ArDnDtl:CalculateTaxAmt'),('ArDnDtl','ArDnDtl:Create'),('ArDnDtl','ArDnDtl:Delete'),('ArDnDtl','ArDnDtl:MoveLineDown'),('ArDnDtl','ArDnDtl:MoveLineUp'),('ArDnDtl','ArDnDtl:Update'),('ArDnDtl','ArDnDtl:UpdateInventory'),('ArDnDtl','ArDnDtl:UpdateItem'),('ArDnDtl','ArDnDtl:UpdateItemBatch'),('ArDnDtl','ArDnDtl:UpdateTax'),('ArDnDtl','ArDnDtl:UpdateTaxBatch'),('ArDnDtl','ArDnDtl:UpdateUOM'),('ArDnDtl','ArDnDtl:UpdateUOMBatch'),('ArDnDtl','ArDnDtl:ValidateBatch'),('A/R Processing','ArDnDtl:View'),('A/R Reporting','ArDnDtl:View'),('ArDnDtl','ArDnDtl:View'),('Super User','ArDnHdr'),('A/R Processing','ArDnHdr:Admin'),('A/R Reporting','ArDnHdr:Admin'),('ArDnHdr','ArDnHdr:Admin'),('Sales DN Processing','ArDnHdr:Admin'),('Sales Reporting','ArDnHdr:Admin'),('ArDnHdr','ArDnHdr:CalculateDiscAmt'),('ArDnHdr','ArDnHdr:CalculateDiscLocalAmt'),('ArDnHdr','ArDnHdr:CalculateNetAmt'),('ArDnHdr','ArDnHdr:CalculateNetLocalAmt'),('ArDnHdr','ArDnHdr:CalculateTaxAmt'),('ArDnHdr','ArDnHdr:CalculateTaxLocalAmt'),('ArDnHdr','ArDnHdr:Confirm'),('Sales DN Processing','ArDnHdr:Confirm'),('ArDnHdr','ArDnHdr:Create'),('Sales DN Processing','ArDnHdr:Create'),('ArDnHdr','ArDnHdr:Delete'),('Sales DN Authorize Personnel','ArDnHdr:Delete'),('ArDnHdr','ArDnHdr:Update'),('Sales DN Processing','ArDnHdr:Update'),('ArDnHdr','ArDnHdr:UpdateArea'),('ArDnHdr','ArDnHdr:UpdateBranchInfo'),('ArDnHdr','ArDnHdr:UpdateCurrency'),('ArDnHdr','ArDnHdr:UpdateCustomerInfo'),('ArDnHdr','ArDnHdr:UpdateTax'),('ArDnHdr','ArDnHdr:UpdateTerm'),('A/R Processing','ArDnHdr:View'),('A/R Reporting','ArDnHdr:View'),('ArDnHdr','ArDnHdr:View'),('Sales DN Processing','ArDnHdr:View'),('Sales Reporting','ArDnHdr:View'),('ArDnHdr','ArDnHdr:Void'),('Sales DN Authorize Personnel','ArDnHdr:Void'),('CUSTOMER MASTER ADMIN','Area'),('Super User','Area'),('Area','Area:Admin'),('Area','Area:BatchDelete'),('Area','Area:Create'),('Area','Area:Delete'),('Area','Area:Update'),('A/R Processing','ArPaymentDtl'),('Super User','ArPaymentDtl'),('ArPaymentDtl','ArPaymentDtl:Admin'),('ArPaymentDtl','ArPaymentDtl:BatchDelete'),('ArPaymentDtl','ArPaymentDtl:CalculateKoAmt'),('ArPaymentDtl','ArPaymentDtl:Create'),('ArPaymentDtl','ArPaymentDtl:Delete'),('ArPaymentDtl','ArPaymentDtl:Transfer'),('ArPaymentDtl','ArPaymentDtl:Update'),('ArPaymentDtl','ArPaymentDtl:View'),('A/R Processing','ArPaymentHdr'),('Super User','ArPaymentHdr'),('ArPaymentHdr','ArPaymentHdr:Admin'),('ArPaymentHdr','ArPaymentHdr:BatchConfirm'),('ArPaymentHdr','ArPaymentHdr:ChangeToBatch'),('ArPaymentHdr','ArPaymentHdr:Confirm'),('ArPaymentHdr','ArPaymentHdr:Create'),('A/R Authorize Personnel','ArPaymentHdr:Delete'),('Super User','ArPaymentHdr:Delete'),('ArPaymentHdr','ArPaymentHdr:EditRemarkView'),('A/R Authorize Personnel','ArPaymentHdr:FixBatchVoid'),('Super User','ArPaymentHdr:FixBatchVoid'),('ArPaymentHdr','ArPaymentHdr:RemoveBalance'),('ArPaymentHdr','ArPaymentHdr:Update'),('ArPaymentHdr','ArPaymentHdr:UpdateCurrency'),('ArPaymentHdr','ArPaymentHdr:UpdateCustomerInfo'),('ArPaymentHdr','ArPaymentHdr:View'),('A/R Authorize Personnel','ArPaymentHdr:Void'),('Super User','ArPaymentHdr:Void'),('A/R Processing','ArPaymentRef'),('Super User','ArPaymentRef'),('ArPaymentRef','ArPaymentRef:Admin'),('A/R Authorize Personnel','ArPaymentRef:BatchDelete'),('Super User','ArPaymentRef:BatchDelete'),('ArPaymentRef','ArPaymentRef:CalculateKoAmt'),('ArPaymentRef','ArPaymentRef:Create'),('A/R Authorize Personnel','ArPaymentRef:Delete'),('Super User','ArPaymentRef:Delete'),('ArPaymentRef','ArPaymentRef:Transfer'),('ArPaymentRef','ArPaymentRef:Update'),('ArPaymentRef','ArPaymentRef:View'),('RBAC Manager','Auth Assignments Manager'),('RBAC Manager','Auth Items Manager'),('Super User','AutoComplete'),('AutoComplete','AutoComplete:AutocompleteSource'),('AutoComplete','AutoComplete:FindAreaCode'),('AutoComplete','AutoComplete:FindCurrencyCode'),('AutoComplete','AutoComplete:FindCustomerCategory'),('AutoComplete','AutoComplete:FindCustomerCode'),('AutoComplete','AutoComplete:FindDivision'),('AutoComplete','AutoComplete:FindItemCode'),('AutoComplete','AutoComplete:FindItemGroup'),('AutoComplete','AutoComplete:FindLocationCode'),('AutoComplete','AutoComplete:FindPaymentMethod'),('AutoComplete','AutoComplete:FindPriceGroup'),('AutoComplete','AutoComplete:FindPromotionGroup'),('AutoComplete','AutoComplete:FindReasonCode'),('AutoComplete','AutoComplete:FindTermsCode'),('AutoComplete','AutoComplete:FindUOMCode'),('AutoComplete','AutoComplete:FindUser'),('AutoComplete','AutoComplete:FindVendorCategory'),('Super User','BarcodeApp'),('BarcodeApp','BarcodeApp:CheckBarcode'),('BarcodeApp','BarcodeApp:CheckInvoice'),('BarcodeApp','BarcodeApp:ConfirmDoc'),('BarcodeApp','BarcodeApp:GetDocSet'),('Super User','CallCardDtl'),('CallCardDtl','CallCardDtl:UpdateInventory'),('CallCardDtl','CallCardDtl:UpdateItem'),('CallCardDtl','CallCardDtl:UpdateTax'),('CallCardDtl','CallCardDtl:UpdateUOM'),('CallCardDtl','CallCardDtl:View'),('Super User','CallCardHdr'),('CallCardHdr','CallCardHdr:Admin'),('CallCardHdr','CallCardHdr:BatchPrint'),('CallCardHdr','CallCardHdr:CalculateDiscAmt'),('CallCardHdr','CallCardHdr:CalculateDiscLocalAmt'),('CallCardHdr','CallCardHdr:CalculateNetAmt'),('CallCardHdr','CallCardHdr:CalculateNetLocalAmt'),('CallCardHdr','CallCardHdr:CalculateTaxAmt'),('CallCardHdr','CallCardHdr:CalculateTaxLocalAmt'),('CallCardHdr','CallCardHdr:Confirm'),('CallCardHdr','CallCardHdr:Create'),('CallCardHdr','CallCardHdr:Delete'),('CallCardHdr','CallCardHdr:PrintSalesOrder'),('CallCardHdr','CallCardHdr:ReverseToDraft'),('CallCardHdr','CallCardHdr:Update'),('CallCardHdr','CallCardHdr:UpdateArea'),('CallCardHdr','CallCardHdr:UpdateBranchInfo'),('CallCardHdr','CallCardHdr:UpdateCurrency'),('CallCardHdr','CallCardHdr:UpdateCustomerInfo'),('CallCardHdr','CallCardHdr:UpdateTax'),('CallCardHdr','CallCardHdr:UpdateTerm'),('CallCardHdr','CallCardHdr:View'),('CallCardHdr','CallCardHdr:Void'),('Super User','CallCardHdrC'),('CallCardHdrC','CallCardHdrC:Admin'),('CallCardHdrC','CallCardHdrC:View'),('Super User','Company'),('Company','Company:Admin'),('Company','Company:Create'),('Company','Company:Update'),('Super User','CopyDocument'),('CopyDocument','CopyDocument:CopyTo'),('Super User','CreditorTrans'),('CreditorTrans','CreditorTrans:Admin'),('CreditorTrans','CreditorTrans:UpdateVendorInfo'),('A/R MASTER ADMIN','Currency'),('Super User','Currency'),('Currency','Currency:Admin'),('Currency','Currency:BatchDelete'),('Currency','Currency:Create'),('Currency','Currency:Delete'),('Currency','Currency:Update'),('Currency','Currency:View'),('A/R MASTER ADMIN','CurrencyRate'),('Super User','CurrencyRate'),('CurrencyRate','CurrencyRate:BatchDelete'),('CurrencyRate','CurrencyRate:Create'),('CurrencyRate','CurrencyRate:Delete'),('CurrencyRate','CurrencyRate:Update'),('CUSTOMER MASTER ADMIN','Customer'),('Super User','Customer'),('Customer','Customer:Admin'),('Customer','Customer:AdminDeleted'),('Customer','Customer:AdminTools'),('Customer','Customer:AssignSubsidiary'),('Customer','Customer:AssignUser'),('Customer','Customer:BatchDelete'),('Customer','Customer:Create'),('Customer','Customer:CustomerStockCard'),('Customer','Customer:Delete'),('Customer','Customer:DeleteSubsidiary'),('Customer','Customer:DsoAnalysis'),('Customer','Customer:FakeDelete'),('Customer','Customer:Index'),('Customer','Customer:LoadImage'),('Customer','Customer:RemoveSubsidiary'),('Customer','Customer:Restore'),('Customer','Customer:Update'),('Customer','Customer:View'),('A/R Authorize Personnel','CustomerBlacklist'),('Super User','CustomerBlacklist'),('CustomerBlacklist','CustomerBlacklist:AddCustomer'),('CustomerBlacklist','CustomerBlacklist:AddToBlacklist'),('CustomerBlacklist','CustomerBlacklist:AddToWhitelist'),('CustomerBlacklist','CustomerBlacklist:Admin'),('CustomerBlacklist','CustomerBlacklist:BatchDelete'),('CustomerBlacklist','CustomerBlacklist:ExportToExcel2007'),('CUSTOMER MASTER ADMIN','CustomerBranch'),('Super User','CustomerBranch'),('CustomerBranch','CustomerBranch:BatchDelete'),('CustomerBranch','CustomerBranch:Create'),('CustomerBranch','CustomerBranch:Delete'),('CustomerBranch','CustomerBranch:Update'),('CustomerBranch','CustomerBranch:View'),('CUSTOMER MASTER ADMIN','CustomerCategory'),('Super User','CustomerCategory'),('CUSTOMER MASTER ADMIN','CustomerCategory1'),('Super User','CustomerCategory1'),('CustomerCategory1','CustomerCategory1:Admin'),('CustomerCategory1','CustomerCategory1:BatchDelete'),('CustomerCategory1','CustomerCategory1:Create'),('CustomerCategory1','CustomerCategory1:Delete'),('CustomerCategory1','CustomerCategory1:Update'),('CUSTOMER MASTER ADMIN','CustomerCategory2'),('Super User','CustomerCategory2'),('CustomerCategory2','CustomerCategory2:Admin'),('CustomerCategory2','CustomerCategory2:BatchDelete'),('CustomerCategory2','CustomerCategory2:Create'),('CustomerCategory2','CustomerCategory2:Delete'),('CustomerCategory2','CustomerCategory2:Update'),('CustomerCategory','CustomerCategory:Admin'),('CustomerCategory','CustomerCategory:BatchDelete'),('CustomerCategory','CustomerCategory:Create'),('CustomerCategory','CustomerCategory:Delete'),('CustomerCategory','CustomerCategory:Update'),('CUSTOMER MASTER ADMIN','CustomerContact'),('Super User','CustomerContact'),('CustomerContact','CustomerContact:BatchDelete'),('CustomerContact','CustomerContact:Create'),('CustomerContact','CustomerContact:Delete'),('CustomerContact','CustomerContact:Update'),('CustomerContact','CustomerContact:View'),('Super User','CustomerDivision'),('CustomerDivision','CustomerDivision:Assign'),('CustomerDivision','CustomerDivision:BatchDelete'),('CustomerDivision','CustomerDivision:Create'),('CustomerDivision','CustomerDivision:Delete'),('CustomerDivision','CustomerDivision:DeletePriceGroup'),('CustomerDivision','CustomerDivision:Update'),('CustomerDivision','CustomerDivision:ViewAssign'),('Super User','CustomerPriceGroup'),('CustomerPriceGroup','CustomerPriceGroup:Admin'),('CustomerPriceGroup','CustomerPriceGroup:Assign'),('CustomerPriceGroup','CustomerPriceGroup:Create'),('CustomerPriceGroup','CustomerPriceGroup:Delete'),('CustomerPriceGroup','CustomerPriceGroup:Index'),('CustomerPriceGroup','CustomerPriceGroup:Update'),('CustomerPriceGroup','CustomerPriceGroup:UpdateViewByDivision'),('CustomerPriceGroup','CustomerPriceGroup:View'),('CustomerPriceGroup','CustomerPriceGroup:ViewAssign'),('Super User','CustomerPromotion'),('CustomerPromotion','CustomerPromotion:AssignCategory'),('CustomerPromotion','CustomerPromotion:AssignChannel'),('CustomerPromotion','CustomerPromotion:AssignCustomer'),('CustomerPromotion','CustomerPromotion:AssignCustomerFile'),('CustomerPromotion','CustomerPromotion:Delete'),('CustomerPromotion','CustomerPromotion:RemoveCustomer'),('CustomerPromotion','CustomerPromotion:SelectFile'),('Super User','CustomerPromotionGroup'),('CustomerPromotionGroup','CustomerPromotionGroup:Admin'),('CustomerPromotionGroup','CustomerPromotionGroup:Assign'),('CustomerPromotionGroup','CustomerPromotionGroup:Create'),('CustomerPromotionGroup','CustomerPromotionGroup:Delete'),('CustomerPromotionGroup','CustomerPromotionGroup:Index'),('CustomerPromotionGroup','CustomerPromotionGroup:Update'),('CustomerPromotionGroup','CustomerPromotionGroup:View'),('CustomerPromotionGroup','CustomerPromotionGroup:ViewAssign'),('A/R Reporting','DebtorReport'),('Super User','DebtorReport'),('DebtorReport','DebtorReport:PrintBankLedger'),('DebtorReport','DebtorReport:PrintDebtorAging'),('DebtorReport','DebtorReport:PrintDebtorCollectionAnalysis'),('DebtorReport','DebtorReport:PrintDebtorDetailAging'),('DebtorReport','DebtorReport:PrintDebtorInvColAging'),('DebtorReport','DebtorReport:PrintDebtorLedger'),('DebtorReport','DebtorReport:PrintDebtorSalesmanAging'),('DebtorReport','DebtorReport:PrintDebtorShortPaid'),('DebtorReport','DebtorReport:PrintDebtorStatement'),('DebtorReport','DebtorReport:ViewDebtorReports'),('A/R Processing','DebtorTrans'),('Super User','DebtorTrans'),('DebtorTrans','DebtorTrans:Admin'),('DebtorTrans','DebtorTrans:AdminAdjustment'),('DebtorTrans','DebtorTrans:AdminJournal'),('A/R Authorize Personnel','DebtorTrans:BatchReverseKnockOff'),('Super User','DebtorTrans:BatchReverseKnockOff'),('DebtorTrans','DebtorTrans:CreateAdjustment'),('DebtorTrans','DebtorTrans:CreateJournal'),('A/R Authorize Personnel','DebtorTrans:DeleteAdjustment'),('Super User','DebtorTrans:DeleteAdjustment'),('A/R Authorize Personnel','DebtorTrans:DeleteJournal'),('Super User','DebtorTrans:DeleteJournal'),('DebtorTrans','DebtorTrans:KnockOff'),('DebtorTrans','DebtorTrans:KnockOffHistory'),('DebtorTrans','DebtorTrans:KnockOffPartialView'),('DebtorTrans','DebtorTrans:KnockOffRemarkView'),('A/R Authorize Personnel','DebtorTrans:ReverseKnockOff'),('Super User','DebtorTrans:ReverseKnockOff'),('DebtorTrans','DebtorTrans:TransferDivision'),('DebtorTrans','DebtorTrans:TransferSalesman'),('DebtorTrans','DebtorTrans:UpdateAdjustment'),('DebtorTrans','DebtorTrans:UpdateCurrency'),('DebtorTrans','DebtorTrans:UpdateCustomerInfo'),('DebtorTrans','DebtorTrans:UpdateDebtorHistory'),('DebtorTrans','DebtorTrans:UpdateJournal'),('DebtorTrans','DebtorTrans:ViewDebtorHistory'),('DebtorTrans','DebtorTrans:ViewLedger'),('Super User','Division'),('Division','Division:Admin'),('Division','Division:AssignCustomer'),('Division','Division:AssignItem'),('Division','Division:AssignLocation'),('Division','Division:AssignUser'),('Division','Division:AssignVendor'),('Division','Division:BatchDelete'),('Division','Division:BlockCustomer'),('Division','Division:Create'),('Division','Division:DecrementLocationSequence'),('Division','Division:Delete'),('Division','Division:IncrementLocationSequence'),('Division','Division:RemoveCustomer'),('Division','Division:RemoveItem'),('Division','Division:RemoveUser'),('Division','Division:RemoveVendor'),('Division','Division:Update'),('Division','Division:View'),('Division','Division:ViewAssignLocation'),('Super User','DmsReport'),('DmsReport','DmsReport:ExportCNReport'),('DmsReport','DmsReport:ExportReportsAuditLogin'),('DmsReport','DmsReport:ExportReportsAuditTrail'),('DmsReport','DmsReport:ExportSalesOutReport'),('DmsReport','DmsReport:ExportTrackingBySchedule'),('DmsReport','DmsReport:PrintChannelClassificationSummaryByDivision'),('DmsReport','DmsReport:PrintChannelClassificationSummaryBySalesman'),('DmsReport','DmsReport:PrintPenetrationDetailedReportByDivision'),('DmsReport','DmsReport:PrintPenetrationDetailedReportBySalesman'),('DmsReport','DmsReport:PrintPenetrationSummaryReportByDivision'),('DmsReport','DmsReport:PrintPenetrationSummaryReportBySalesman'),('DmsReport','DmsReport:PrintSalesHistoryPromo'),('DmsReport','DmsReport:PrintSalesReachByDivisionSummary'),('DmsReport','DmsReport:PrintSalesReachBySalesmanSummary'),('DmsReport','DmsReport:PrintSalesReachDetailedByDivision'),('DmsReport','DmsReport:PrintSalesReachDetailedBySalesman'),('DmsReport','DmsReport:UpdateCustomerInfo'),('DmsReport','DmsReport:UpdateItem'),('DmsReport','DmsReport:UpdateItemInfo'),('DmsReport','DmsReport:ViewManagementReports'),('DmsReport','DmsReport:ViewPrincipleReports'),('Super User','Document'),('Document','Document:DocumentDetailsListing'),('Document','Document:QuickCreateDocument'),('Sales Return Processing','Document:QuickCreateDocument'),('Sales Order Authorize Personnel','DocumentApprove'),('Super User','DocumentApprove'),('DocumentApprove','DocumentApprove:Approve'),('DocumentApprove','DocumentApprove:TagView'),('Super User','DocumentNo'),('DocumentNo','DocumentNo:Admin'),('DocumentNo','DocumentNo:BatchDelete'),('DocumentNo','DocumentNo:Create'),('DocumentNo','DocumentNo:Delete'),('DocumentNo','DocumentNo:GetLatestDocNumber'),('DocumentNo','DocumentNo:Update'),('Invoice Processing','DoInvDtl'),('Picking Processing','DoInvDtl'),('Super User','DoInvDtl'),('DoInvDtl','DoInvDtl:Admin'),('DoInvDtl','DoInvDtl:BatchCreate'),('DoInvDtl','DoInvDtl:BatchDelete'),('DoInvDtl','DoInvDtl:CalculateNetAmt'),('DoInvDtl','DoInvDtl:CalculateNetAmtBatch'),('DoInvDtl','DoInvDtl:CalculateOdrAmt'),('DoInvDtl','DoInvDtl:CalculateTaxAmt'),('DoInvDtl','DoInvDtl:Create'),('DoInvDtl','DoInvDtl:CreateFromPromotion'),('DoInvDtl','DoInvDtl:Delete'),('DoInvDtl','DoInvDtl:GetPackingInfo'),('DoInvDtl','DoInvDtl:GetPromotionItems'),('DoInvDtl','DoInvDtl:MoveLineDown'),('DoInvDtl','DoInvDtl:MoveLineUp'),('DoInvDtl','DoInvDtl:Transfer'),('DoInvDtl','DoInvDtl:Update'),('DoInvDtl','DoInvDtl:UpdateFromPromotion'),('DoInvDtl','DoInvDtl:UpdateInventory'),('DoInvDtl','DoInvDtl:UpdateItem'),('DoInvDtl','DoInvDtl:UpdateItemBatch'),('DoInvDtl','DoInvDtl:UpdateTax'),('DoInvDtl','DoInvDtl:UpdateTaxBatch'),('DoInvDtl','DoInvDtl:UpdateUOM'),('DoInvDtl','DoInvDtl:UpdateUOMBatch'),('DoInvDtl','DoInvDtl:ValidateBatch'),('A/R Processing','DoInvDtl:View'),('A/R Reporting','DoInvDtl:View'),('DoInvDtl','DoInvDtl:View'),('Sales DN Processing','DoInvDtl:View'),('Warehouse Processing','DoInvDtl:View'),('Super User','DoInvHdr'),('DoInvHdr','DoInvHdr:AddInvoiceToPicking'),('DoInvHdr','DoInvHdr:AddPickingRemark2'),('DoInvHdr','DoInvHdr:AddSalesOdrToPicking'),('DoInvHdr','DoInvHdr:Admin'),('Invoice Processing','DoInvHdr:Admin'),('Sales Order Processing','DoInvHdr:Admin'),('DoInvHdr','DoInvHdr:AdminCashInvoice'),('A/R Processing','DoInvHdr:AdminInvoice'),('A/R Reporting','DoInvHdr:AdminInvoice'),('DoInvHdr','DoInvHdr:AdminInvoice'),('Invoice Processing','DoInvHdr:AdminInvoice'),('Picking Processing','DoInvHdr:AdminInvoice'),('Sales CN Processing','DoInvHdr:AdminInvoice'),('Sales DN Processing','DoInvHdr:AdminInvoice'),('Sales Order Processing','DoInvHdr:AdminInvoice'),('Sales Reporting','DoInvHdr:AdminInvoice'),('DoInvHdr','DoInvHdr:AdminMyDeliveryOrder'),('DoInvHdr','DoInvHdr:AdminMyInvoice'),('Invoice Processing','DoInvHdr:AdminMyInvoice'),('DoInvHdr','DoInvHdr:AdminPicking'),('Invoice Processing','DoInvHdr:AdminPicking'),('Picking Processing','DoInvHdr:AdminPicking'),('Sales Order Processing','DoInvHdr:AdminPicking'),('Sales Reporting','DoInvHdr:AdminPicking'),('Warehouse Processing','DoInvHdr:AdminPicking'),('DoInvHdr','DoInvHdr:AdminShipment'),('Shipping Processing','DoInvHdr:AdminShipment'),('DoInvHdr','DoInvHdr:BatchPrintInvoiceAsDO'),('DoInvHdr','DoInvHdr:BatchPrintSalesInvoice'),('Invoice Processing','DoInvHdr:BatchPrintSalesInvoice'),('DoInvHdr','DoInvHdr:BulkConfirmInvoice'),('Invoice Processing','DoInvHdr:BulkConfirmInvoice'),('DoInvHdr','DoInvHdr:BulkConfirmPicking'),('DoInvHdr','DoInvHdr:CalculateDiscAmt'),('DoInvHdr','DoInvHdr:CalculateDiscLocalAmt'),('DoInvHdr','DoInvHdr:CalculateNetAmt'),('DoInvHdr','DoInvHdr:CalculateNetLocalAmt'),('DoInvHdr','DoInvHdr:CalculateTaxAmt'),('DoInvHdr','DoInvHdr:CalculateTaxLocalAmt'),('DoInvHdr','DoInvHdr:Confirm'),('Invoice Authorize Personnel','DoInvHdr:Confirm'),('DoInvHdr','DoInvHdr:Create'),('DoInvHdr','DoInvHdr:Create2'),('DoInvHdr','DoInvHdr:CreateCashInvoice'),('DoInvHdr','DoInvHdr:CreateInvoice'),('Invoice Processing','DoInvHdr:CreateInvoice'),('DoInvHdr','DoInvHdr:CreateInvoice2'),('Invoice Processing','DoInvHdr:CreateInvoice2'),('DoInvHdr','DoInvHdr:DeleteDraft'),('Invoice Authorize Personnel','DoInvHdr:DeleteDraft'),('DoInvHdr','DoInvHdr:DeleteInvoiceFromPicking'),('DoInvHdr','DoInvHdr:DeleteInvoiceFromShipment'),('DoInvHdr','DoInvHdr:DeleteInvoiceWIP'),('Invoice Authorize Personnel','DoInvHdr:DeleteInvoiceWIP'),('DoInvHdr','DoInvHdr:DeletePicking'),('Picking Processing','DoInvHdr:DeletePicking'),('DoInvHdr','DoInvHdr:DeleteShipment'),('Shipping Authorize Personnel','DoInvHdr:DeleteShipment'),('DoInvHdr','DoInvHdr:DeliveryPicking'),('DoInvHdr','DoInvHdr:EditSalesman'),('DoInvHdr','DoInvHdr:Invoice'),('Invoice Processing','DoInvHdr:Invoice'),('DoInvHdr','DoInvHdr:InvoiceFrDeliveryOrder'),('Invoice Processing','DoInvHdr:InvoiceFrDeliveryOrder'),('DoInvHdr','DoInvHdr:InvoiceFrSalesOrder'),('DoInvHdr','DoInvHdr:Picking'),('Picking Processing','DoInvHdr:Picking'),('Sales Reporting','DoInvHdr:Picking'),('DoInvHdr','DoInvHdr:PrintDoInvHdrByPicking'),('Picking Processing','DoInvHdr:PrintDoInvHdrByPicking'),('DoInvHdr','DoInvHdr:PrintSalesInvoice'),('DoInvHdr','DoInvHdr:ReverseToDraft'),('Invoice Authorize Personnel','DoInvHdr:ReverseToDraft'),('DoInvHdr','DoInvHdr:Shipment'),('Shipping Processing','DoInvHdr:Shipment'),('DoInvHdr','DoInvHdr:ShipmentRemark'),('DoInvHdr','DoInvHdr:SortByItemCode'),('DoInvHdr','DoInvHdr:Transfer'),('DoInvHdr','DoInvHdr:TransferView'),('DoInvHdr','DoInvHdr:Update'),('Invoice Processing','DoInvHdr:Update'),('DoInvHdr','DoInvHdr:UpdateArea'),('DoInvHdr','DoInvHdr:UpdateBranchInfo'),('DoInvHdr','DoInvHdr:UpdateCashInvoice'),('DoInvHdr','DoInvHdr:UpdateCurrency'),('DoInvHdr','DoInvHdr:UpdateCustomerInfo'),('DoInvHdr','DoInvHdr:UpdateCustomerInfo2'),('DoInvHdr','DoInvHdr:UpdateInvoice'),('Invoice Authorize Personnel','DoInvHdr:UpdateInvoice'),('DoInvHdr','DoInvHdr:UpdateItem2'),('DoInvHdr','DoInvHdr:UpdateShipment'),('Shipping Processing','DoInvHdr:UpdateShipment'),('DoInvHdr','DoInvHdr:UpdateTax'),('DoInvHdr','DoInvHdr:UpdateTerm'),('DoInvHdr','DoInvHdr:View'),('Invoice Processing','DoInvHdr:View'),('Picking Processing','DoInvHdr:View'),('Sales Order Processing','DoInvHdr:View'),('Sales Reporting','DoInvHdr:View'),('DoInvHdr','DoInvHdr:ViewCashInvoice'),('A/R Processing','DoInvHdr:ViewInvoice'),('A/R Reporting','DoInvHdr:ViewInvoice'),('DoInvHdr','DoInvHdr:ViewInvoice'),('Invoice Processing','DoInvHdr:ViewInvoice'),('Picking Processing','DoInvHdr:ViewInvoice'),('Sales CN Processing','DoInvHdr:ViewInvoice'),('Sales DN Processing','DoInvHdr:ViewInvoice'),('Sales Order Processing','DoInvHdr:ViewInvoice'),('Sales Reporting','DoInvHdr:ViewInvoice'),('DoInvHdr','DoInvHdr:ViewPicking'),('Invoice Processing','DoInvHdr:ViewPicking'),('Picking Processing','DoInvHdr:ViewPicking'),('Sales Order Processing','DoInvHdr:ViewPicking'),('Sales Reporting','DoInvHdr:ViewPicking'),('Warehouse Processing','DoInvHdr:ViewPicking'),('DoInvHdr','DoInvHdr:ViewShipment'),('Shipping Processing','DoInvHdr:ViewShipment'),('DoInvHdr','DoInvHdr:Void'),('Invoice Authorize Personnel','DoInvHdr:Void'),('DoInvHdr','DoInvHdr:VoidDO'),('Purchase Invoice Authorize Personnel','GrPiDtl'),('Purchase Invoice Processing','GrPiDtl'),('Purchase Receiving Authorize Personnel','GrPiDtl'),('Purchase Receiving Processing','GrPiDtl'),('Purchase Report','GrPiDtl'),('Super User','GrPiDtl'),('GrPiDtl','GrPiDtl:Admin'),('GrPiDtl','GrPiDtl:BatchCreate'),('GrPiDtl','GrPiDtl:BatchDelete'),('GrPiDtl','GrPiDtl:CalculateNetAmt'),('GrPiDtl','GrPiDtl:CalculateNetAmtBatch'),('GrPiDtl','GrPiDtl:CalculateOdrAmt'),('GrPiDtl','GrPiDtl:CalculateTaxAmt'),('GrPiDtl','GrPiDtl:Create'),('GrPiDtl','GrPiDtl:Delete'),('GrPiDtl','GrPiDtl:MoveLineDown'),('GrPiDtl','GrPiDtl:MoveLineUp'),('GrPiDtl','GrPiDtl:Transfer'),('GrPiDtl','GrPiDtl:Update'),('GrPiDtl','GrPiDtl:UpdateInventory'),('GrPiDtl','GrPiDtl:UpdateInventoryBatch'),('GrPiDtl','GrPiDtl:UpdateItem'),('GrPiDtl','GrPiDtl:UpdateItemBatch'),('GrPiDtl','GrPiDtl:UpdateTax'),('GrPiDtl','GrPiDtl:UpdateTaxBatch'),('GrPiDtl','GrPiDtl:UpdateUOM'),('GrPiDtl','GrPiDtl:UpdateUOMBatch'),('GrPiDtl','GrPiDtl:ValidateBatch'),('GrPiDtl','GrPiDtl:View'),('Super User','GrPiHdr'),('GrPiHdr','GrPiHdr:Admin'),('Purchase Receiving Authorize Personnel','GrPiHdr:Admin'),('Purchase Receiving Processing','GrPiHdr:Admin'),('Purchase Report','GrPiHdr:Admin'),('GrPiHdr','GrPiHdr:AdminCashInvoice'),('GrPiHdr','GrPiHdr:AdminInvoice'),('Purchase Invoice Authorize Personnel','GrPiHdr:AdminInvoice'),('Purchase Invoice Processing','GrPiHdr:AdminInvoice'),('Purchase Report','GrPiHdr:AdminInvoice'),('GrPiHdr','GrPiHdr:BatchPrintPurchaseInvoice'),('Purchase Invoice Authorize Personnel','GrPiHdr:BatchPrintPurchaseInvoice'),('Purchase Invoice Processing','GrPiHdr:BatchPrintPurchaseInvoice'),('GrPiHdr','GrPiHdr:BulkConfirmInvoice'),('GrPiHdr','GrPiHdr:CalculateDiscAmt'),('GrPiHdr','GrPiHdr:CalculateDiscLocalAmt'),('GrPiHdr','GrPiHdr:CalculateNetAmt'),('GrPiHdr','GrPiHdr:CalculateNetLocalAmt'),('GrPiHdr','GrPiHdr:CalculateTaxAmt'),('GrPiHdr','GrPiHdr:CalculateTaxLocalAmt'),('GrPiHdr','GrPiHdr:Confirm'),('Purchase Invoice Authorize Personnel','GrPiHdr:Confirm'),('Purchase Invoice Processing','GrPiHdr:Confirm'),('Purchase Receiving Authorize Personnel','GrPiHdr:Confirm'),('Purchase Receiving Processing','GrPiHdr:Confirm'),('GrPiHdr','GrPiHdr:Create'),('GrPiHdr','GrPiHdr:CreateCashInvoice'),('GrPiHdr','GrPiHdr:CreateInvoice'),('Purchase Invoice Authorize Personnel','GrPiHdr:CreateInvoice'),('Purchase Invoice Processing','GrPiHdr:CreateInvoice'),('Purchase Receiving Authorize Personnel','GrPiHdr:Delete'),('Super User','GrPiHdr:Delete'),('Purchase Receiving Authorize Personnel','GrPiHdr:DeleteInvoiceWIP'),('Super User','GrPiHdr:DeleteInvoiceWIP'),('GrPiHdr','GrPiHdr:ImportFromExcel'),('GrPiHdr','GrPiHdr:Invoice'),('GrPiHdr','GrPiHdr:InvoiceFrGoodReceived'),('Purchase Invoice Authorize Personnel','GrPiHdr:InvoiceFrGoodReceived'),('Purchase Invoice Processing','GrPiHdr:InvoiceFrGoodReceived'),('GrPiHdr','GrPiHdr:InvoiceFrPrchOdr'),('GrPiHdr','GrPiHdr:PrintPurchaseInvoice'),('GrPiHdr','GrPiHdr:Transfer'),('Purchase Receiving Authorize Personnel','GrPiHdr:Transfer'),('Purchase Receiving Processing','GrPiHdr:Transfer'),('GrPiHdr','GrPiHdr:TransferView'),('Purchase Receiving Authorize Personnel','GrPiHdr:TransferView'),('Purchase Receiving Processing','GrPiHdr:TransferView'),('GrPiHdr','GrPiHdr:Update'),('Purchase Receiving Authorize Personnel','GrPiHdr:Update'),('Purchase Receiving Processing','GrPiHdr:Update'),('GrPiHdr','GrPiHdr:UpdateArea'),('GrPiHdr','GrPiHdr:UpdateBranchInfo'),('GrPiHdr','GrPiHdr:UpdateCashInvoice'),('GrPiHdr','GrPiHdr:UpdateCurrency'),('GrPiHdr','GrPiHdr:UpdateInvoice'),('Purchase Invoice Authorize Personnel','GrPiHdr:UpdateInvoice'),('Purchase Invoice Processing','GrPiHdr:UpdateInvoice'),('GrPiHdr','GrPiHdr:UpdateLocation'),('GrPiHdr','GrPiHdr:UpdateTax'),('GrPiHdr','GrPiHdr:UpdateTerm'),('GrPiHdr','GrPiHdr:UpdateVendorInfo'),('GrPiHdr','GrPiHdr:View'),('Purchase Invoice Authorize Personnel','GrPiHdr:View'),('Purchase Invoice Processing','GrPiHdr:View'),('Purchase Receiving Authorize Personnel','GrPiHdr:View'),('Purchase Receiving Processing','GrPiHdr:View'),('GrPiHdr','GrPiHdr:ViewCashInvoice'),('GrPiHdr','GrPiHdr:ViewInvoice'),('Purchase Invoice Authorize Personnel','GrPiHdr:ViewInvoice'),('Purchase Invoice Processing','GrPiHdr:ViewInvoice'),('Purchase Report','GrPiHdr:ViewInvoice'),('Purchase Invoice Authorize Personnel','GrPiHdr:Void'),('Purchase Receiving Authorize Personnel','GrPiHdr:Void'),('Super User','GrPiHdr:Void'),('Super User','Integration'),('Integration','Integration:SetExportedStatus'),('Super User','IntgAceSoftware'),('IntgAceSoftware','IntgAceSoftware:ExportSalesOrder'),('Super User','IntgASoft'),('IntgASoft','IntgASoft:ExportTransaction'),('IntgASoft','IntgASoft:TestUpload'),('Super User','IntgAutoCount'),('IntgAutoCount','IntgAutoCount:ExportApCreditNote'),('IntgAutoCount','IntgAutoCount:ExportApInvoice'),('IntgAutoCount','IntgAutoCount:ExportArCreditNote'),('IntgAutoCount','IntgAutoCount:ExportArDebitNote'),('IntgAutoCount','IntgAutoCount:ExportArInvoice'),('IntgAutoCount','IntgAutoCount:ExportArReceive'),('IntgAutoCount','IntgAutoCount:ExportSalesInvoice'),('IntgAutoCount','IntgAutoCount:ImportBranches'),('IntgAutoCount','IntgAutoCount:ImportCustomer'),('IntgAutoCount','IntgAutoCount:ImportItems'),('IntgAutoCount','IntgAutoCount:SyncDebtorTrans'),('Super User','IntgBigEast'),('IntgBigEast','IntgBigEast:ExportTransaction'),('IntgBigEast','IntgBigEast:TestUpload'),('Super User','IntgChoonEng'),('IntgChoonEng','IntgChoonEng:ExportTransaction'),('Super User','IntgCustomer'),('IntgCustomer','IntgCustomer:ImportCustomer'),('IntgCustomer','IntgCustomer:ImportCustomer2'),('IntgCustomer','IntgCustomer:ImportCustomer3'),('IntgCustomer','IntgCustomer:ImportCustomer4'),('IntgCustomer','IntgCustomer:ImportCustomer5'),('IntgCustomer','IntgCustomer:ImportCustomerCredit'),('IntgCustomer','IntgCustomer:ImportCustomerService'),('Super User','IntgDKSH'),('IntgDKSH','IntgDKSH:ExportTransaction'),('IntgDKSH','IntgDKSH:ExportTransactionBySchedule'),('IntgDKSH','IntgDKSH:ImportItems'),('IntgDKSH','IntgDKSH:ImportItemsByExcel'),('Super User','IntgDms'),('IntgDms','IntgDms:ExportTrans'),('IntgDms','IntgDms:ImportTrans'),('IntgDms','IntgDms:ViewImportDtl'),('Super User','IntgEmas'),('IntgEmas','IntgEmas:ImportCustomers'),('IntgEmas','IntgEmas:ImportInvoiceHistory'),('IntgEmas','IntgEmas:ImportItems'),('IntgEmas','IntgEmas:ImportVendors'),('IntgEmas','IntgEmas:PostCollection'),('IntgEmas','IntgEmas:PostToAccount'),('IntgEmas','IntgEmas:SyncDebtorTrans'),('IntgEmas','IntgEmas:SyncDebtorTransBySchedule'),('Super User','IntgGst'),('IntgGst','IntgGst:AdminTaxFiling'),('IntgGst','IntgGst:CreateTaxFiling'),('IntgGst','IntgGst:DeleteTaxFiling'),('IntgGst','IntgGst:ExportGaf'),('IntgGst','IntgGst:ExportGst03'),('IntgGst','IntgGst:SubmitTaxFiling'),('IntgGst','IntgGst:ViewTaxFiling'),('Super User','IntgHockJu'),('IntgHockJu','IntgHockJu:ExportTransaction'),('Super User','IntgItem'),('IntgItem','IntgItem:ImportCBPPrice'),('IntgItem','IntgItem:ImportGrossWeight'),('IntgItem','IntgItem:ImportItemCost'),('IntgItem','IntgItem:ImportItemMinOdrQty'),('IntgItem','IntgItem:ImportItems'),('IntgItem','IntgItem:ImportItems2'),('IntgItem','IntgItem:ImportItemSalesUom'),('IntgItem','IntgItem:ImportItemsImages'),('IntgItem','IntgItem:ImportItemStatus'),('IntgItem','IntgItem:ImportPurchasePrice'),('IntgItem','IntgItem:ImportSalesPrice'),('IntgItem','IntgItem:ImportService'),('IntgItem','IntgItem:ImportStockReorder'),('Super User','IntgKao'),('IntgKao','IntgKao:ExportSalesOrder'),('IntgKao','IntgKao:ImportConfirmedItems'),('IntgKao','IntgKao:ImportCustomers'),('IntgKao','IntgKao:ImportItems'),('IntgKao','IntgKao:ImportStockBalance'),('IntgKao','IntgKao:ImportTransactions'),('Super User','IntgLucia'),('IntgLucia','IntgLucia:ExportSalesOrderAsInvoice'),('IntgLucia','IntgLucia:ImportInvoice'),('IntgLucia','IntgLucia:PostInvoiceToUBSAcct'),('Super User','IntgMunchys'),('IntgMunchys','IntgMunchys:ExportSales'),('Super User','IntgNewspageRB'),('IntgNewspageRB','IntgNewspageRB:ExportSalesOrder'),('IntgNewspageRB','IntgNewspageRB:ExportSalesReturn'),('IntgNewspageRB','IntgNewspageRB:ImportConfirmedItems'),('IntgNewspageRB','IntgNewspageRB:PostOpenItemsToLucia'),('Super User','IntgNewspageSCJ'),('IntgNewspageSCJ','IntgNewspageSCJ:ConvertSalesCreditNoteToHwpSqlAccount'),('IntgNewspageSCJ','IntgNewspageSCJ:ConvertSalesInvoiceToHwpSqlAccount'),('IntgNewspageSCJ','IntgNewspageSCJ:ConvertSalesNonProductCreditNoteToHwpSqlAccount'),('IntgNewspageSCJ','IntgNewspageSCJ:ExportSalesOrder'),('IntgNewspageSCJ','IntgNewspageSCJ:ExportSalesReturn'),('IntgNewspageSCJ','IntgNewspageSCJ:ImportConfirmedItems'),('IntgNewspageSCJ','IntgNewspageSCJ:PostOpenItemsToLucia'),('Super User','IntgNewspageYeos'),('IntgNewspageYeos','IntgNewspageYeos:ImportTransaction'),('Super User','IntgQne'),('IntgQne','IntgQne:ExportTrans'),('Super User','IntgSalesExpress'),('IntgSalesExpress','IntgSalesExpress:ImportCustomers'),('IntgSalesExpress','IntgSalesExpress:ImportPriceGroup'),('IntgSalesExpress','IntgSalesExpress:ImportSalesmanCust'),('IntgSalesExpress','IntgSalesExpress:ImportStockMaster'),('IntgSalesExpress','IntgSalesExpress:SyncDebtorTrans'),('Super User','IntgSamSystem'),('IntgSamSystem','IntgSamSystem:BatchPrintSalesInvoice'),('IntgSamSystem','IntgSamSystem:CopyTransaction'),('IntgSamSystem','IntgSamSystem:ExportInvoice'),('IntgSamSystem','IntgSamSystem:ExportMamyPoko'),('IntgSamSystem','IntgSamSystem:ExportReceipt'),('IntgSamSystem','IntgSamSystem:ImportCustomers'),('IntgSamSystem','IntgSamSystem:ImportItems'),('IntgSamSystem','IntgSamSystem:ImportStockBalance'),('IntgSamSystem','IntgSamSystem:ImportVendors'),('IntgSamSystem','IntgSamSystem:SyncDebtorTrans'),('IntgSamSystem','IntgSamSystem:SyncDebtorTransBySchedule'),('Super User','IntgSqlAccount'),('IntgSqlAccount','IntgSqlAccount:ExportPurchaseDebitNote'),('IntgSqlAccount','IntgSqlAccount:ExportPurchaseInvoice'),('IntgSqlAccount','IntgSqlAccount:ExportSalesCreditNote'),('IntgSqlAccount','IntgSqlAccount:ExportSalesDebitNote'),('IntgSqlAccount','IntgSqlAccount:ExportSalesInvoice'),('IntgSqlAccount','IntgSqlAccount:SyncDebtorTrans'),('A/R Authorize Personnel','IntgUBSAccounting'),('Super User','IntgUBSAccounting'),('IntgUBSAccounting','IntgUBSAccounting:ExportCustomers'),('IntgUBSAccounting','IntgUBSAccounting:FixGlpost9Desc'),('IntgUBSAccounting','IntgUBSAccounting:ImportCreditorTrans'),('IntgUBSAccounting','IntgUBSAccounting:ImportDebtorLedger'),('IntgUBSAccounting','IntgUBSAccounting:ImportDebtorTrans'),('IntgUBSAccounting','IntgUBSAccounting:OldPostToDaccount'),('IntgUBSAccounting','IntgUBSAccounting:PostCollection'),('IntgUBSAccounting','IntgUBSAccounting:PostToDaccount'),('IntgUBSAccounting','IntgUBSAccounting:SyncDebtorTrans'),('IntgUBSAccounting','IntgUBSAccounting:SyncDebtorTransBySchedule'),('Super User','IntgUBSStockControl'),('IntgUBSStockControl','IntgUBSStockControl:CopyTransaction'),('IntgUBSStockControl','IntgUBSStockControl:ExportItems'),('IntgUBSStockControl','IntgUBSStockControl:ExportTransaction'),('IntgUBSStockControl','IntgUBSStockControl:ImportBatchNo'),('IntgUBSStockControl','IntgUBSStockControl:ImportBatchNoBySchedule'),('IntgUBSStockControl','IntgUBSStockControl:ImportBranches'),('IntgUBSStockControl','IntgUBSStockControl:ImportCustomers'),('IntgUBSStockControl','IntgUBSStockControl:ImportItems'),('IntgUBSStockControl','IntgUBSStockControl:ImportStockBalance'),('IntgUBSStockControl','IntgUBSStockControl:ImportVendors'),('IntgUBSStockControl','IntgUBSStockControl:OldImportCustomers'),('IntgUBSStockControl','IntgUBSStockControl:OldImportItems'),('IntgUBSStockControl','IntgUBSStockControl:OldImportVendors'),('IntgUBSStockControl','IntgUBSStockControl:Remark1ToUserfield'),('IntgUBSStockControl','IntgUBSStockControl:TestUpload'),('Super User','IntgUrc'),('IntgUrc','IntgUrc:ExportSales'),('Super User','IntgWahHoong'),('IntgWahHoong','IntgWahHoong:ExportTransaction'),('IntgWahHoong','IntgWahHoong:ImportCustomers'),('IntgWahHoong','IntgWahHoong:ImportItems'),('IntgWahHoong','IntgWahHoong:SyncDebtorTrans'),('Super User','Inventory'),('Inventory','Inventory:Create'),('Inventory','Inventory:Delete'),('Inventory','Inventory:ImportOpeningQuantity'),('Inventory','Inventory:OpeningQuantity'),('Inventory','Inventory:StockReplenishment'),('Inventory','Inventory:TestImage'),('Inventory','Inventory:TransListing'),('Inventory','Inventory:Update'),('Inventory','Inventory:UpdateInventory'),('Inventory','Inventory:UpdateItem'),('Invoice Authorize Personnel','Invoice Processing'),('ITEM MASTER ADMIN','Item'),('Super User','Item'),('Item','Item:Admin'),('Item','Item:AdminAverageCost'),('Item','Item:AdminDeleted'),('Item','Item:AdminTools'),('Item','Item:BatchDelete'),('Item','Item:Copy'),('Item','Item:Create'),('Item','Item:Delete'),('Item','Item:DeleteImage'),('Item','Item:FakeDelete'),('Item','Item:LoadImage'),('Item','Item:OpeningCost'),('Item','Item:Restore'),('Item','Item:SelectImage'),('Item','Item:TraceAverageCost'),('Item','Item:Update'),('Item','Item:UpdateOpeningCost'),('Item','Item:UpdateUOM'),('Item','Item:View'),('ITEM MASTER ADMIN','ItemCost'),('Super User','ItemCost'),('ItemCost','ItemCost:Admin'),('ItemCost','ItemCost:BatchDelete'),('ItemCost','ItemCost:Create'),('ItemCost','ItemCost:Delete'),('ItemCost','ItemCost:Update'),('ItemCost','ItemCost:View'),('ITEM MASTER ADMIN','ItemDivision'),('Super User','ItemDivision'),('ItemDivision','ItemDivision:Admin'),('ItemDivision','ItemDivision:Assign'),('ItemDivision','ItemDivision:BatchDelete'),('ItemDivision','ItemDivision:BlockItem'),('ItemDivision','ItemDivision:Create'),('ItemDivision','ItemDivision:Delete'),('ItemDivision','ItemDivision:Index'),('ItemDivision','ItemDivision:UnblockItem'),('ItemDivision','ItemDivision:Update'),('ItemDivision','ItemDivision:View'),('ItemDivision','ItemDivision:ViewAssign'),('ITEM MASTER ADMIN','ItemGroup'),('Super User','ItemGroup'),('ITEM MASTER ADMIN','ItemGroup1'),('Super User','ItemGroup1'),('ItemGroup1','ItemGroup1:Admin'),('ItemGroup1','ItemGroup1:AssignItem'),('ItemGroup1','ItemGroup1:BatchDelete'),('ItemGroup1','ItemGroup1:CleanUp'),('ItemGroup1','ItemGroup1:Create'),('ItemGroup1','ItemGroup1:Delete'),('ItemGroup1','ItemGroup1:Update'),('ITEM MASTER ADMIN','ItemGroup2'),('Super User','ItemGroup2'),('ItemGroup2','ItemGroup2:Admin'),('ItemGroup2','ItemGroup2:AssignItem'),('ItemGroup2','ItemGroup2:BatchDelete'),('ItemGroup2','ItemGroup2:CleanUp'),('ItemGroup2','ItemGroup2:Create'),('ItemGroup2','ItemGroup2:Delete'),('ItemGroup2','ItemGroup2:Update'),('ItemGroup','ItemGroup:Admin'),('ItemGroup','ItemGroup:AssignItem'),('ItemGroup','ItemGroup:BatchDelete'),('ItemGroup','ItemGroup:CleanUp'),('ItemGroup','ItemGroup:Create'),('ItemGroup','ItemGroup:Delete'),('ItemGroup','ItemGroup:Update'),('ITEM MASTER ADMIN','ItemImage'),('Super User','ItemImage'),('ItemImage','ItemImage:Admin'),('ItemImage','ItemImage:Create'),('ItemImage','ItemImage:Delete'),('ItemImage','ItemImage:Index'),('ItemImage','ItemImage:Update'),('ItemImage','ItemImage:View'),('ITEM MASTER ADMIN','ItemPrice'),('Super User','ItemPrice'),('ItemPrice','ItemPrice:Admin'),('ItemPrice','ItemPrice:BatchDelete'),('ItemPrice','ItemPrice:Create'),('ItemPrice','ItemPrice:CreatePriceGroup'),('ItemPrice','ItemPrice:Delete'),('ItemPrice','ItemPrice:Update'),('ItemPrice','ItemPrice:UpdateItem'),('ItemPrice','ItemPrice:UpdatePriceGroup'),('ItemPrice','ItemPrice:View'),('ITEM MASTER ADMIN','ItemPriceCbp'),('Super User','ItemPriceCbp'),('ItemPriceCbp','ItemPriceCbp:Admin'),('ItemPriceCbp','ItemPriceCbp:BatchDelete'),('ItemPriceCbp','ItemPriceCbp:Create'),('ItemPriceCbp','ItemPriceCbp:CreatePriceGroup'),('ItemPriceCbp','ItemPriceCbp:Delete'),('ItemPriceCbp','ItemPriceCbp:Update'),('ItemPriceCbp','ItemPriceCbp:UpdateItem'),('ItemPriceCbp','ItemPriceCbp:UpdatePriceGroup'),('ItemPriceCbp','ItemPriceCbp:View'),('ITEM MASTER ADMIN','ItemUOM'),('Super User','ItemUOM'),('ItemUOM','ItemUOM:Admin'),('ItemUOM','ItemUOM:BatchDelete'),('ItemUOM','ItemUOM:Create'),('ItemUOM','ItemUOM:Delete'),('ItemUOM','ItemUOM:Update'),('ItemUOM','ItemUOM:View'),('Super User','Location'),('Location','Location:Admin'),('Location','Location:BatchDelete'),('Location','Location:Create'),('Location','Location:Delete'),('Location','Location:Update'),('Super User','LocationCheckIn'),('LocationCheckIn','LocationCheckIn:Action1'),('LocationCheckIn','LocationCheckIn:Action2'),('LocationCheckIn','LocationCheckIn:CheckinPhoto'),('LocationCheckIn','LocationCheckIn:CheckoutPhoto'),('LocationCheckIn','LocationCheckIn:Index'),('Super User','LocationReport'),('LocationReport','LocationReport:ExportDailyOrderDetailsFulfillment'),('LocationReport','LocationReport:ExportDailyOrderFulfillment'),('LocationReport','LocationReport:ExportDailyOrderFulfillmentCSV'),('LocationReport','LocationReport:ExportNewCustomerListing'),('LocationReport','LocationReport:ExportSalesmanAttendance'),('LocationReport','LocationReport:ExportSalesmanCreditBlacklist'),('LocationReport','LocationReport:ExportSalesmanDailyCollection'),('LocationReport','LocationReport:ExportSalesmanDailySales'),('LocationReport','LocationReport:ExportSalesmanDailySalesDetails'),('LocationReport','LocationReport:PrintLocationReportByAgent'),('LocationReport','LocationReport:PrintLocationReports'),('LocationReport','LocationReport:TestTerm'),('LocationReport','LocationReport:UpdateCustomerInfo'),('LocationReport','LocationReport:UpdateItem'),('LocationReport','LocationReport:UpdateItemInfo'),('LocationReport','LocationReport:ViewLocationReportByDivision'),('LocationReport','LocationReport:ViewLocationReports'),('Salesteam Manager','MobileBulletin'),('Super User','MobileBulletin'),('MobileBulletin','MobileBulletin:Admin'),('MobileBulletin','MobileBulletin:Create'),('MobileBulletin','MobileBulletin:Delete'),('MobileBulletin','MobileBulletin:LoadImage'),('MobileBulletin','MobileBulletin:Update'),('MobileBulletin','MobileBulletin:View'),('Super User','MobileProfile'),('MobileProfile','MobileProfile:Admin'),('MobileProfile','MobileProfile:Delete'),('MobileProfile','MobileProfile:DeleteMobileProfile'),('MobileProfile','MobileProfile:Update'),('Super User','MobileStockSync'),('MobileStockSync','MobileStockSync:CheckRequirement'),('MobileStockSync','MobileStockSync:CreateMobileProfile'),('MobileStockSync','MobileStockSync:DeleteMobileDownload'),('MobileStockSync','MobileStockSync:DeleteServerMobileSync'),('MobileStockSync','MobileStockSync:DoUploadFileToServer'),('MobileStockSync','MobileStockSync:DownloadDocumentToDelete'),('MobileStockSync','MobileStockSync:DownloadEnforcedDocNo'),('MobileStockSync','MobileStockSync:GetMobileDbSchema'),('MobileStockSync','MobileStockSync:GetMobileDownload'),('MobileStockSync','MobileStockSync:GetMobileDownloadItemImage'),('MobileStockSync','MobileStockSync:GetMobileUploadv2'),('MobileStockSync','MobileStockSync:GetUpdateMobileDbSchema'),('MobileStockSync','MobileStockSync:GetUpdateVersionCode'),('MobileStockSync','MobileStockSync:ResetEnforcedDocNo'),('MobileStockSync','MobileStockSync:StartSyncAll'),('MobileStockSync','MobileStockSync:StartSyncAllBackground'),('MobileStockSync','MobileStockSync:StartSyncCustomerBackground'),('MobileStockSync','MobileStockSync:StartSyncItem'),('MobileStockSync','MobileStockSync:StartSyncItemBackground'),('MobileStockSync','MobileStockSync:TestJson'),('MobileStockSync','MobileStockSync:TestStartSync'),('MobileStockSync','MobileStockSync:TestStartSyncBackground'),('MobileStockSync','MobileStockSync:TestTableData'),('MobileStockSync','MobileStockSync:UploadDocNo'),('Super User','MobileSync'),('MobileSync','MobileSync:CheckRequirement'),('MobileSync','MobileSync:CreateMobileProfile'),('MobileSync','MobileSync:DeleteMobileDownload'),('MobileSync','MobileSync:DeleteServerMobileSync'),('MobileSync','MobileSync:DoUploadFileToServer'),('MobileSync','MobileSync:DownloadDocumentToDelete'),('MobileSync','MobileSync:DownloadEnforcedDocNo'),('MobileSync','MobileSync:GetMobileDbSchema'),('MobileSync','MobileSync:GetMobileDownload'),('MobileSync','MobileSync:GetMobileDownloadItemImage'),('MobileSync','MobileSync:GetMobileDownloadPromotion'),('MobileSync','MobileSync:GetMobileUpload'),('MobileSync','MobileSync:GetMobileUploadv2'),('MobileSync','MobileSync:GetUpdateMobileDbSchema'),('MobileSync','MobileSync:GetUpdateVersionCode'),('MobileSync','MobileSync:ResetEnforcedDocNo'),('MobileSync','MobileSync:StartSyncAll'),('MobileSync','MobileSync:StartSyncAllBackground'),('MobileSync','MobileSync:StartSyncCustomer'),('MobileSync','MobileSync:StartSyncCustomerBackground'),('MobileSync','MobileSync:StartSyncItem'),('MobileSync','MobileSync:StartSyncItemBackground'),('MobileSync','MobileSync:StartSyncItemImages'),('MobileSync','MobileSync:StartSyncItemImagesBackground'),('MobileSync','MobileSync:StartSyncPromotion'),('MobileSync','MobileSync:StartSyncPromotionBackground'),('MobileSync','MobileSync:TestJson'),('MobileSync','MobileSync:TestStartSync'),('MobileSync','MobileSync:TestStartSyncBackground'),('MobileSync','MobileSync:TestTableData'),('MobileSync','MobileSync:UploadDocNo'),('A/R MASTER ADMIN','PaymentMethod'),('Super User','PaymentMethod'),('PaymentMethod','PaymentMethod:Admin'),('PaymentMethod','PaymentMethod:BatchDelete'),('PaymentMethod','PaymentMethod:Create'),('PaymentMethod','PaymentMethod:Delete'),('PaymentMethod','PaymentMethod:Update'),('Purchase Authorize Personnel','PrchOdrDtl'),('Purchase Processing','PrchOdrDtl'),('Super User','PrchOdrDtl'),('PrchOdrDtl','PrchOdrDtl:Admin'),('PrchOdrDtl','PrchOdrDtl:BatchCreate'),('PrchOdrDtl','PrchOdrDtl:BatchDelete'),('PrchOdrDtl','PrchOdrDtl:CalculateNetAmt'),('PrchOdrDtl','PrchOdrDtl:CalculateNetAmtBatch'),('PrchOdrDtl','PrchOdrDtl:CalculateOdrAmt'),('PrchOdrDtl','PrchOdrDtl:CalculateTaxAmt'),('PrchOdrDtl','PrchOdrDtl:Create'),('PrchOdrDtl','PrchOdrDtl:Delete'),('PrchOdrDtl','PrchOdrDtl:MoveLineDown'),('PrchOdrDtl','PrchOdrDtl:MoveLineUp'),('PrchOdrDtl','PrchOdrDtl:Update'),('PrchOdrDtl','PrchOdrDtl:UpdateInventory'),('PrchOdrDtl','PrchOdrDtl:UpdateItem'),('PrchOdrDtl','PrchOdrDtl:UpdateItemBatch'),('PrchOdrDtl','PrchOdrDtl:UpdateTax'),('PrchOdrDtl','PrchOdrDtl:UpdateTaxBatch'),('PrchOdrDtl','PrchOdrDtl:UpdateUOM'),('PrchOdrDtl','PrchOdrDtl:UpdateUOMBatch'),('PrchOdrDtl','PrchOdrDtl:ValidateBatch'),('PrchOdrDtl','PrchOdrDtl:View'),('Purchase Authorize Personnel','PrchOdrHdr'),('Purchase Processing','PrchOdrHdr'),('Super User','PrchOdrHdr'),('PrchOdrHdr','PrchOdrHdr:Admin'),('Purchase Report','PrchOdrHdr:Admin'),('PrchOdrHdr','PrchOdrHdr:AdminMyPrchOdr'),('PrchOdrHdr','PrchOdrHdr:CalculateDiscAmt'),('PrchOdrHdr','PrchOdrHdr:CalculateDiscLocalAmt'),('PrchOdrHdr','PrchOdrHdr:CalculateNetAmt'),('PrchOdrHdr','PrchOdrHdr:CalculateNetLocalAmt'),('PrchOdrHdr','PrchOdrHdr:CalculateTaxAmt'),('PrchOdrHdr','PrchOdrHdr:CalculateTaxLocalAmt'),('PrchOdrHdr','PrchOdrHdr:Complete'),('PrchOdrHdr','PrchOdrHdr:CompleteRemark'),('PrchOdrHdr','PrchOdrHdr:Confirm'),('PrchOdrHdr','PrchOdrHdr:Create'),('Purchase Authorize Personnel','PrchOdrHdr:Delete'),('Super User','PrchOdrHdr:Delete'),('PrchOdrHdr','PrchOdrHdr:Index'),('PrchOdrHdr','PrchOdrHdr:Update'),('PrchOdrHdr','PrchOdrHdr:UpdateArea'),('PrchOdrHdr','PrchOdrHdr:UpdateBranchInfo'),('PrchOdrHdr','PrchOdrHdr:UpdateCurrency'),('PrchOdrHdr','PrchOdrHdr:UpdateMyPrchOrder'),('PrchOdrHdr','PrchOdrHdr:UpdateTax'),('PrchOdrHdr','PrchOdrHdr:UpdateTerm'),('PrchOdrHdr','PrchOdrHdr:UpdateVendorInfo'),('PrchOdrHdr','PrchOdrHdr:View'),('Purchase Receiving Authorize Personnel','PrchOdrHdr:View'),('Purchase Receiving Processing','PrchOdrHdr:View'),('Purchase Report','PrchOdrHdr:View'),('Purchase Authorize Personnel','PrchOdrHdr:Void'),('Super User','PrchOdrHdr:Void'),('Purchase Return Processing','PrchRetDtl'),('Super User','PrchRetDtl'),('PrchRetDtl','PrchRetDtl:Admin'),('PrchRetDtl','PrchRetDtl:BatchCreate'),('PrchRetDtl','PrchRetDtl:BatchDelete'),('PrchRetDtl','PrchRetDtl:CalculateNetAmt'),('PrchRetDtl','PrchRetDtl:CalculateNetAmtBatch'),('PrchRetDtl','PrchRetDtl:CalculateOdrAmt'),('PrchRetDtl','PrchRetDtl:CalculateTaxAmt'),('PrchRetDtl','PrchRetDtl:Create'),('PrchRetDtl','PrchRetDtl:Delete'),('PrchRetDtl','PrchRetDtl:MoveLineDown'),('PrchRetDtl','PrchRetDtl:MoveLineUp'),('PrchRetDtl','PrchRetDtl:Update'),('PrchRetDtl','PrchRetDtl:UpdateInventory'),('PrchRetDtl','PrchRetDtl:UpdateItem'),('PrchRetDtl','PrchRetDtl:UpdateItemBatch'),('PrchRetDtl','PrchRetDtl:UpdateTax'),('PrchRetDtl','PrchRetDtl:UpdateTaxBatch'),('PrchRetDtl','PrchRetDtl:UpdateUOM'),('PrchRetDtl','PrchRetDtl:UpdateUOMBatch'),('PrchRetDtl','PrchRetDtl:ValidateBatch'),('PrchRetDtl','PrchRetDtl:View'),('Super User','PrchRetHdr'),('PrchRetHdr','PrchRetHdr:Admin'),('Purchase Return Processing','PrchRetHdr:Admin'),('PrchRetHdr','PrchRetHdr:CalculateDiscAmt'),('PrchRetHdr','PrchRetHdr:CalculateDiscLocalAmt'),('PrchRetHdr','PrchRetHdr:CalculateNetAmt'),('PrchRetHdr','PrchRetHdr:CalculateNetLocalAmt'),('PrchRetHdr','PrchRetHdr:CalculateTaxAmt'),('PrchRetHdr','PrchRetHdr:CalculateTaxLocalAmt'),('PrchRetHdr','PrchRetHdr:Complete'),('PrchRetHdr','PrchRetHdr:CompleteRemark'),('PrchRetHdr','PrchRetHdr:Confirm'),('Purchase Return Processing','PrchRetHdr:Confirm'),('PrchRetHdr','PrchRetHdr:Create'),('Purchase Return Processing','PrchRetHdr:Create'),('PrchRetHdr','PrchRetHdr:Delete'),('Purchase Return Authorize Personnel','PrchRetHdr:Delete'),('PrchRetHdr','PrchRetHdr:Update'),('Purchase Return Processing','PrchRetHdr:Update'),('PrchRetHdr','PrchRetHdr:UpdateArea'),('PrchRetHdr','PrchRetHdr:UpdateBranchInfo'),('PrchRetHdr','PrchRetHdr:UpdateCurrency'),('PrchRetHdr','PrchRetHdr:UpdateTerm'),('PrchRetHdr','PrchRetHdr:UpdateVendorInfo'),('PrchRetHdr','PrchRetHdr:View'),('Purchase Return Processing','PrchRetHdr:View'),('Return Delivery Processing','PrchRetHdr:View'),('PrchRetHdr','PrchRetHdr:Void'),('Purchase Return Authorize Personnel','PrchRetHdr:Void'),('Promotion Processing','PriceGroup'),('Super User','PriceGroup'),('PriceGroup','PriceGroup:Admin'),('Sales Order Processing','PriceGroup:Admin'),('Sales Reporting','PriceGroup:Admin'),('PriceGroup','PriceGroup:AssignCustomer'),('Promotion Authorize Personnel','PriceGroup:BatchDelete'),('Super User','PriceGroup:BatchDelete'),('PriceGroup','PriceGroup:Create'),('Promotion Authorize Personnel','PriceGroup:Delete'),('Super User','PriceGroup:Delete'),('PriceGroup','PriceGroup:ImportFromExcel2007'),('PriceGroup','PriceGroup:Update'),('PriceGroup','PriceGroup:View'),('Sales Order Processing','PriceGroup:View'),('Sales Reporting','PriceGroup:View'),('PriceGroup','PriceGroup:ViewAssignCustomer'),('Super User','Project'),('Project','Project:Admin'),('Project','Project:BatchDelete'),('Project','Project:Create'),('Project','Project:Delete'),('Project','Project:Update'),('Promotion Authorize Personnel','Promotion Processing'),('Super User','PromotionAlloc'),('PromotionAlloc','PromotionAlloc:Admin'),('PromotionAlloc','PromotionAlloc:Create'),('PromotionAlloc','PromotionAlloc:Delete'),('PromotionAlloc','PromotionAlloc:Index'),('PromotionAlloc','PromotionAlloc:Update'),('PromotionAlloc','PromotionAlloc:View'),('Promotion Processing','PromotionDivision'),('Super User','PromotionDivision'),('PromotionDivision','PromotionDivision:Admin'),('PromotionDivision','PromotionDivision:AssignDivision'),('PromotionDivision','PromotionDivision:Create'),('PromotionDivision','PromotionDivision:Delete'),('PromotionDivision','PromotionDivision:Index'),('PromotionDivision','PromotionDivision:Update'),('PromotionDivision','PromotionDivision:View'),('Promotion Processing','PromotionDtl'),('Super User','PromotionDtl'),('PromotionDtl','PromotionDtl:Admin'),('PromotionDtl','PromotionDtl:BatchDelete'),('PromotionDtl','PromotionDtl:CalculateDiscAmt'),('PromotionDtl','PromotionDtl:Create'),('PromotionDtl','PromotionDtl:Delete'),('PromotionDtl','PromotionDtl:Group'),('PromotionDtl','PromotionDtl:MoveLineDown'),('PromotionDtl','PromotionDtl:MoveLineUp'),('PromotionDtl','PromotionDtl:Ungroup'),('PromotionDtl','PromotionDtl:Update'),('PromotionDtl','PromotionDtl:UpdateItem'),('PromotionDtl','PromotionDtl:UpdateUOM'),('Promotion Processing','PromotionHdr'),('Super User','PromotionHdr'),('PromotionHdr','PromotionHdr:Admin'),('Sales Order Processing','PromotionHdr:Admin'),('Sales Reporting','PromotionHdr:Admin'),('Promotion Authorize Personnel','PromotionHdr:BatchDelete'),('Super User','PromotionHdr:BatchDelete'),('PromotionHdr','PromotionHdr:Create'),('Promotion Authorize Personnel','PromotionHdr:Delete'),('Super User','PromotionHdr:Delete'),('PromotionHdr','PromotionHdr:DeleteImage'),('PromotionHdr','PromotionHdr:ImportFromExcel2007'),('PromotionHdr','PromotionHdr:Index'),('PromotionHdr','PromotionHdr:LoadImage'),('PromotionHdr','PromotionHdr:SelectImage'),('PromotionHdr','PromotionHdr:Update'),('PromotionHdr','PromotionHdr:View'),('Sales Order Processing','PromotionHdr:View'),('Sales Reporting','PromotionHdr:View'),('Purchase CN Authorize Personnel','Purchase CN Processing'),('Purchase DN Authorize Personnel','Purchase DN Processing'),('Purchase Return Authorize Personnel','Purchase Return Processing'),('Super User','Query'),('Query','Query:QueryAging'),('Query','Query:QueryInventory'),('Query','Query:QueryOpenBills'),('Query','Query:QueryReservedQty'),('Query','Query:UpdateItem'),('Purchase DN Processing','RdDnDtl'),('Return Delivery Processing','RdDnDtl'),('Super User','RdDnDtl'),('RdDnDtl','RdDnDtl:Admin'),('RdDnDtl','RdDnDtl:BatchCreate'),('RdDnDtl','RdDnDtl:BatchDelete'),('RdDnDtl','RdDnDtl:CalculateNetAmt'),('RdDnDtl','RdDnDtl:CalculateNetAmtBatch'),('RdDnDtl','RdDnDtl:CalculateOdrAmt'),('RdDnDtl','RdDnDtl:CalculateTaxAmt'),('RdDnDtl','RdDnDtl:Create'),('RdDnDtl','RdDnDtl:Delete'),('RdDnDtl','RdDnDtl:GetPackingInfo'),('RdDnDtl','RdDnDtl:MoveLineDown'),('RdDnDtl','RdDnDtl:MoveLineUp'),('RdDnDtl','RdDnDtl:Transfer'),('RdDnDtl','RdDnDtl:Update'),('RdDnDtl','RdDnDtl:UpdateInventory'),('RdDnDtl','RdDnDtl:UpdateItem'),('RdDnDtl','RdDnDtl:UpdateItemBatch'),('RdDnDtl','RdDnDtl:UpdateTax'),('RdDnDtl','RdDnDtl:UpdateTaxBatch'),('RdDnDtl','RdDnDtl:UpdateUOM'),('RdDnDtl','RdDnDtl:UpdateUOMBatch'),('RdDnDtl','RdDnDtl:ValidateBatch'),('RdDnDtl','RdDnDtl:View'),('Super User','RdDnHdr'),('RdDnHdr','RdDnHdr:Admin'),('Return Delivery Processing','RdDnHdr:Admin'),('Purchase DN Processing','RdDnHdr:AdminDN'),('RdDnHdr','RdDnHdr:AdminDN'),('Purchase DN Processing','RdDnHdr:BatchPrintDN'),('RdDnHdr','RdDnHdr:BatchPrintDN'),('Purchase DN Processing','RdDnHdr:BulkConfirmDN'),('RdDnHdr','RdDnHdr:BulkConfirmDN'),('RdDnHdr','RdDnHdr:CalculateDiscAmt'),('RdDnHdr','RdDnHdr:CalculateDiscLocalAmt'),('RdDnHdr','RdDnHdr:CalculateNetAmt'),('RdDnHdr','RdDnHdr:CalculateNetLocalAmt'),('RdDnHdr','RdDnHdr:CalculateTaxAmt'),('RdDnHdr','RdDnHdr:CalculateTaxLocalAmt'),('Purchase DN Processing','RdDnHdr:Confirm'),('RdDnHdr','RdDnHdr:Confirm'),('Return Delivery Processing','RdDnHdr:Confirm'),('RdDnHdr','RdDnHdr:Create'),('Return Delivery Processing','RdDnHdr:Create'),('Purchase DN Processing','RdDnHdr:CreateDN'),('RdDnHdr','RdDnHdr:CreateDN'),('RdDnHdr','RdDnHdr:Delete'),('Return Delivery Authorize Personnel','RdDnHdr:Delete'),('Purchase DN Authorize Personnel','RdDnHdr:DeleteDNWIP'),('RdDnHdr','RdDnHdr:DeleteDNWIP'),('RdDnHdr','RdDnHdr:DnFrPrchReturn'),('Purchase DN Processing','RdDnHdr:DnFrReturnDelivery'),('RdDnHdr','RdDnHdr:DnFrReturnDelivery'),('RdDnHdr','RdDnHdr:GenerateDN'),('RdDnHdr','RdDnHdr:PrintDN'),('RdDnHdr','RdDnHdr:Transfer'),('Return Delivery Processing','RdDnHdr:Transfer'),('RdDnHdr','RdDnHdr:TransferView'),('Return Delivery Processing','RdDnHdr:TransferView'),('RdDnHdr','RdDnHdr:Update'),('Return Delivery Processing','RdDnHdr:Update'),('RdDnHdr','RdDnHdr:UpdateArea'),('RdDnHdr','RdDnHdr:UpdateBranchInfo'),('RdDnHdr','RdDnHdr:UpdateCurrency'),('Purchase DN Processing','RdDnHdr:UpdateDN'),('RdDnHdr','RdDnHdr:UpdateDN'),('RdDnHdr','RdDnHdr:UpdateTax'),('RdDnHdr','RdDnHdr:UpdateTerm'),('RdDnHdr','RdDnHdr:UpdateVendorInfo'),('Purchase DN Processing','RdDnHdr:View'),('RdDnHdr','RdDnHdr:View'),('Return Delivery Processing','RdDnHdr:View'),('Purchase DN Processing','RdDnHdr:ViewDN'),('RdDnHdr','RdDnHdr:ViewDN'),('Purchase DN Authorize Personnel','RdDnHdr:Void'),('RdDnHdr','RdDnHdr:Void'),('Super User','Reason'),('Reason','Reason:Admin'),('Reason','Reason:BatchDelete'),('Reason','Reason:Create'),('Reason','Reason:Delete'),('Reason','Reason:Update'),('Super User','Report'),('Report','Report:DMSCustomerListing'),('Report','Report:ExportCarbonSoVsInv'),('Report','Report:ExportItemListingByPriceGroup'),('Report','Report:ExportItemListingCostPrice'),('Report','Report:ExportMonthlySalesReport'),('Report','Report:ExportReturnAnalysisByCustomerByItemByReasonXls'),('Report','Report:ExportReturnAnalysisByItemByReasonXls'),('Report','Report:ExportReturnAnalysisByLocationByCustomerByItemByReasonXls'),('Report','Report:ExportReturnAnalysisByLocationByItemByReasonXls'),('Report','Report:ExportReturnAnalysisByLocationBySalesmanByItemByReasonXls'),('Report','Report:ExportReturnAnalysisBySalesmanByItemByReasonXls'),('Report','Report:ExportSalesReportByItemGroupByItem'),('Report','Report:ExportSalesReportByItemGroupByItem2'),('Report','Report:ListCustomerReport'),('Report','Report:Pdfviewerjs'),('Report','Report:PrintCashInvoice'),('Report','Report:PrintCashInvoiceListing'),('Report','Report:PrintCreditInvoiceListing'),('Report','Report:PrintCreditNote'),('Report','Report:PrintCreditNoteListing'),('Report','Report:PrintCustomerListing'),('Report','Report:PrintCustomerListingBySalesman'),('Report','Report:PrintDebitNote'),('Report','Report:PrintDebitNoteListing'),('Report','Report:PrintDeliveryOrder'),('Report','Report:PrintDeliveryOrderListing'),('Report','Report:PrintDeliverySummaryByItem'),('Report','Report:PrintGRN'),('Report','Report:PrintInventoryWorksheet'),('Report','Report:PrintInvoiceWeightSummary'),('Report','Report:PrintItemListing'),('Report','Report:PrintItemListingWithCostPrice'),('Report','Report:PrintItemListingWithPrice'),('Report','Report:PrintPickingOrder'),('Report','Report:PrintPickingSummaryList'),('Report','Report:PrintPrchDN'),('Purchase Authorize Personnel','Report:PrintPrchOrder'),('Purchase Processing','Report:PrintPrchOrder'),('Report','Report:PrintPrchOrder'),('Report','Report:PrintPrchRD'),('Report','Report:PrintPrchReturn'),('Report','Report:PrintPurchaseAnalysisByDoc'),('Report','Report:PrintPurchaseAnalysisByItemByDoc'),('Report','Report:PrintPurchaseAnalysisByVendorByDoc'),('Report','Report:PrintPurchaseAnalysisByVendorByItem'),('Report','Report:PrintPurchaseReportByDivision'),('Report','Report:PrintPurchaseReportByItemGroupByItem'),('Report','Report:PrintPurchaseReportByVendor'),('Report','Report:PrintReturnReceipt'),('Report','Report:PrintSalesAnalysisByCustomerByDoc'),('Report','Report:PrintSalesAnalysisByDoc'),('Report','Report:PrintSalesAnalysisByItemByDoc'),('Report','Report:PrintSalesAnalysisSoInv'),('Report','Report:PrintSalesHistoryDiscount'),('Report','Report:PrintSalesHistoryFOC'),('Report','Report:PrintSalesHistoryFooterDiscount'),('Report','Report:PrintSalesHistoryPromo'),('Report','Report:PrintSalesInvoice'),('Report','Report:PrintSalesMonthlyByCustomer'),('Report','Report:PrintSalesOrder'),('Report','Report:PrintSalesPLByCustomerByItem'),('Report','Report:PrintSalesPLByItemGroupByItem'),('Report','Report:PrintSalesReportByCustomer'),('Report','Report:PrintSalesReportByCustomerCategory'),('Report','Report:PrintSalesReportByDivision'),('Report','Report:PrintSalesReportByItemGroupByItem'),('Report','Report:PrintSalesReportBySalesman'),('Report','Report:PrintSalesReturn'),('Report','Report:PrintSalesSummaryByCustomerByItem'),('Report','Report:PrintSalesSummaryByCustomerYearly'),('Report','Report:PrintSalesSummaryByItem'),('Report','Report:PrintSalesSummaryByItemByCustomer'),('Report','Report:PrintSalesSummaryByItemGroupBySalesman'),('Report','Report:PrintSalesSummaryByItemYearly'),('Report','Report:PrintSalesSummaryByLevel'),('Report','Report:PrintSalesSummaryBySalesman'),('Report','Report:PrintSalesSummaryBySalesmanByCustomer'),('Report','Report:PrintSalesSummaryBySalesmanByItem'),('Report','Report:PrintShipment'),('Report','Report:PrintShipmentListing'),('Report','Report:PrintStkIssue'),('Report','Report:PrintStkTransfer'),('Report','Report:PrintStockAdjustment'),('Report','Report:PrintStockBalance'),('Report','Report:PrintStockBalanceByItemGroup'),('Report','Report:PrintStockCard'),('Report','Report:PrintStockCardReserved'),('Report','Report:PrintStockSummaryMonthly'),('Report','Report:PrintVendorListing'),('Report','Report:SalesSummaryByItemByArea'),('Report','Report:UpdateCustomerInfo'),('Report','Report:UpdateItem'),('Report','Report:UpdateItemInfo'),('Report','Report:ViewCreditorReports'),('Report','Report:ViewDmsSalesReports'),('Report','Report:ViewDmsStockReports'),('Report','Report:ViewLocationReports'),('Report','Report:ViewPortalSalesReports'),('Report','Report:ViewPortalStockReports'),('Purchase Report','Report:ViewPurchaseReports'),('Report','Report:ViewPurchaseReports'),('A/R Reporting','Report:ViewSalesReports'),('Invoice Authorize Personnel','Report:ViewSalesReports'),('Report','Report:ViewSalesReports'),('Sales CN Authorize Personnel','Report:ViewSalesReports'),('Sales Reporting','Report:ViewSalesReports'),('Report','Report:ViewStockReports'),('Warehouse Reporting','Report:ViewStockReports'),('Return Delivery Authorize Personnel','Return Delivery Processing'),('Return Receiving Personnel','Return Receiving Processing'),('Super User','Route'),('Route','Route:Admin'),('Route','Route:AutoAssignAllRoute'),('Route','Route:AutoAssignRoute'),('Route','Route:BatchDeleteCriteria'),('Route','Route:Create'),('Route','Route:CreateCriteria'),('Route','Route:Delete'),('Route','Route:ImportFromExcel2007'),('Route','Route:Update'),('Salesteam Manager','RoutePlan'),('Super User','RoutePlan'),('RoutePlan','RoutePlan:Admin'),('RoutePlan','RoutePlan:Create'),('RoutePlan','RoutePlan:Delete'),('RoutePlan','RoutePlan:ImportRouteplan'),('RoutePlan','RoutePlan:Index'),('RoutePlan','RoutePlan:RepeatType'),('RoutePlan','RoutePlan:Update'),('RoutePlan','RoutePlan:UpdateCustomerInfo'),('RoutePlan','RoutePlan:View'),('Return Receiving Processing','RrCnDtl'),('Sales CN Processing','RrCnDtl'),('Super User','RrCnDtl'),('RrCnDtl','RrCnDtl:Admin'),('RrCnDtl','RrCnDtl:BatchCreate'),('RrCnDtl','RrCnDtl:BatchDelete'),('RrCnDtl','RrCnDtl:CalculateNetAmt'),('RrCnDtl','RrCnDtl:CalculateNetAmtBatch'),('RrCnDtl','RrCnDtl:CalculateOdrAmt'),('RrCnDtl','RrCnDtl:CalculateTaxAmt'),('RrCnDtl','RrCnDtl:Create'),('RrCnDtl','RrCnDtl:Delete'),('RrCnDtl','RrCnDtl:GetPackingInfo'),('RrCnDtl','RrCnDtl:MoveLineDown'),('RrCnDtl','RrCnDtl:MoveLineUp'),('RrCnDtl','RrCnDtl:Transfer'),('RrCnDtl','RrCnDtl:Update'),('RrCnDtl','RrCnDtl:UpdateInventory'),('RrCnDtl','RrCnDtl:UpdateItem'),('RrCnDtl','RrCnDtl:UpdateItemBatch'),('RrCnDtl','RrCnDtl:UpdateTax'),('RrCnDtl','RrCnDtl:UpdateTaxBatch'),('RrCnDtl','RrCnDtl:UpdateUOM'),('RrCnDtl','RrCnDtl:UpdateUOMBatch'),('RrCnDtl','RrCnDtl:ValidateBatch'),('A/R Processing','RrCnDtl:View'),('A/R Reporting','RrCnDtl:View'),('RrCnDtl','RrCnDtl:View'),('Super User','RrCnHdr'),('Return Receiving Processing','RrCnHdr:Admin'),('RrCnHdr','RrCnHdr:Admin'),('Sales CN Processing','RrCnHdr:Admin'),('A/R Processing','RrCnHdr:AdminCN'),('A/R Reporting','RrCnHdr:AdminCN'),('RrCnHdr','RrCnHdr:AdminCN'),('Sales CN Processing','RrCnHdr:AdminCN'),('RrCnHdr','RrCnHdr:BatchPrintCN'),('Sales CN Processing','RrCnHdr:BatchPrintCN'),('RrCnHdr','RrCnHdr:BulkConfirmCn'),('Sales CN Processing','RrCnHdr:BulkConfirmCn'),('RrCnHdr','RrCnHdr:CalculateDiscAmt'),('RrCnHdr','RrCnHdr:CalculateDiscLocalAmt'),('RrCnHdr','RrCnHdr:CalculateNetAmt'),('RrCnHdr','RrCnHdr:CalculateNetLocalAmt'),('RrCnHdr','RrCnHdr:CalculateTaxAmt'),('RrCnHdr','RrCnHdr:CalculateTaxLocalAmt'),('RrCnHdr','RrCnHdr:CnFrReturnReceive'),('Sales CN Processing','RrCnHdr:CnFrReturnReceive'),('RrCnHdr','RrCnHdr:CnFrSalesReturn'),('Return Receiving Processing','RrCnHdr:Confirm'),('RrCnHdr','RrCnHdr:Confirm'),('Sales CN Processing','RrCnHdr:Confirm'),('Return Receiving Processing','RrCnHdr:Create'),('RrCnHdr','RrCnHdr:Create'),('RrCnHdr','RrCnHdr:CreateCN'),('Sales CN Processing','RrCnHdr:CreateCN'),('Return Receiving Personnel','RrCnHdr:Delete'),('RrCnHdr','RrCnHdr:Delete'),('RrCnHdr','RrCnHdr:DeleteCNWIP'),('Sales CN Authorize Personnel','RrCnHdr:DeleteCNWIP'),('RrCnHdr','RrCnHdr:EditSalesman'),('Sales CN Processing','RrCnHdr:EditSalesman'),('RrCnHdr','RrCnHdr:GenerateCN'),('Sales CN Processing','RrCnHdr:GenerateCN'),('RrCnHdr','RrCnHdr:ImportFromExcel2007'),('RrCnHdr','RrCnHdr:PrintCN'),('Sales CN Processing','RrCnHdr:PrintCN'),('Return Receiving Personnel','RrCnHdr:ReverseToDraft'),('RrCnHdr','RrCnHdr:ReverseToDraft'),('Sales CN Authorize Personnel','RrCnHdr:ReverseToDraft'),('Return Receiving Processing','RrCnHdr:Transfer'),('RrCnHdr','RrCnHdr:Transfer'),('Return Receiving Processing','RrCnHdr:TransferView'),('RrCnHdr','RrCnHdr:TransferView'),('Return Receiving Processing','RrCnHdr:Update'),('RrCnHdr','RrCnHdr:Update'),('RrCnHdr','RrCnHdr:UpdateArea'),('RrCnHdr','RrCnHdr:UpdateBranchInfo'),('RrCnHdr','RrCnHdr:UpdateCN'),('Sales CN Processing','RrCnHdr:UpdateCN'),('RrCnHdr','RrCnHdr:UpdateCurrency'),('RrCnHdr','RrCnHdr:UpdateCustomerInfo'),('RrCnHdr','RrCnHdr:UpdateTax'),('RrCnHdr','RrCnHdr:UpdateTerm'),('Return Receiving Processing','RrCnHdr:View'),('RrCnHdr','RrCnHdr:View'),('Sales CN Processing','RrCnHdr:View'),('A/R Processing','RrCnHdr:ViewCN'),('A/R Reporting','RrCnHdr:ViewCN'),('RrCnHdr','RrCnHdr:ViewCN'),('Sales CN Processing','RrCnHdr:ViewCN'),('Return Receiving Personnel','RrCnHdr:Void'),('RrCnHdr','RrCnHdr:Void'),('Sales CN Authorize Personnel','RrCnHdr:Void'),('Sales CN Authorize Personnel','Sales CN Processing'),('Sales DN Authorize Personnel','Sales DN Processing'),('Sales Order Authorize Personnel','Sales Order Processing'),('Sales Return Authorize Personnel','Sales Return Processing'),('Sales Order Processing','SalesOdrDtl'),('Super User','SalesOdrDtl'),('SalesOdrDtl','SalesOdrDtl:Admin'),('SalesOdrDtl','SalesOdrDtl:BatchCreate'),('SalesOdrDtl','SalesOdrDtl:BatchDelete'),('SalesOdrDtl','SalesOdrDtl:CalculateNetAmt'),('SalesOdrDtl','SalesOdrDtl:CalculateNetAmtBatch'),('SalesOdrDtl','SalesOdrDtl:CalculateOdrAmt'),('SalesOdrDtl','SalesOdrDtl:CalculateTaxAmt'),('SalesOdrDtl','SalesOdrDtl:Create'),('SalesOdrDtl','SalesOdrDtl:CreateFromPromotion'),('SalesOdrDtl','SalesOdrDtl:Delete'),('SalesOdrDtl','SalesOdrDtl:GetPromotionItems'),('SalesOdrDtl','SalesOdrDtl:MoveLineDown'),('SalesOdrDtl','SalesOdrDtl:MoveLineUp'),('SalesOdrDtl','SalesOdrDtl:Update'),('SalesOdrDtl','SalesOdrDtl:UpdateFromPromotion'),('SalesOdrDtl','SalesOdrDtl:UpdateInventory'),('SalesOdrDtl','SalesOdrDtl:UpdateInventoryBatch'),('SalesOdrDtl','SalesOdrDtl:UpdateItem'),('SalesOdrDtl','SalesOdrDtl:UpdateItemBatch'),('SalesOdrDtl','SalesOdrDtl:UpdatePromoInventory'),('SalesOdrDtl','SalesOdrDtl:UpdatePromoItem'),('SalesOdrDtl','SalesOdrDtl:UpdateTax'),('SalesOdrDtl','SalesOdrDtl:UpdateTaxBatch'),('SalesOdrDtl','SalesOdrDtl:UpdateUOM'),('SalesOdrDtl','SalesOdrDtl:UpdateUOMBatch'),('SalesOdrDtl','SalesOdrDtl:ValidateBatch'),('SalesOdrDtl','SalesOdrDtl:View'),('Sales Order Processing','SalesOdrDtlC'),('Super User','SalesOdrDtlC'),('SalesOdrDtlC','SalesOdrDtlC:View'),('Sales Order Processing','SalesOdrHdr'),('Super User','SalesOdrHdr'),('SalesOdrHdr','SalesOdrHdr:AddRemark2'),('Invoice Processing','SalesOdrHdr:Admin'),('Sales Reporting','SalesOdrHdr:Admin'),('SalesOdrHdr','SalesOdrHdr:Admin'),('SalesOdrHdr','SalesOdrHdr:AdminMySalesOdr'),('SalesOdrHdr','SalesOdrHdr:BatchPrint'),('SalesOdrHdr','SalesOdrHdr:CalculateDiscAmt'),('SalesOdrHdr','SalesOdrHdr:CalculateDiscLocalAmt'),('SalesOdrHdr','SalesOdrHdr:CalculateNetAmt'),('SalesOdrHdr','SalesOdrHdr:CalculateNetLocalAmt'),('SalesOdrHdr','SalesOdrHdr:CalculateTaxAmt'),('SalesOdrHdr','SalesOdrHdr:CalculateTaxLocalAmt'),('SalesOdrHdr','SalesOdrHdr:CheckOutOfStock'),('SalesOdrHdr','SalesOdrHdr:CheckOutOfStockFrSalesOdr'),('SalesOdrHdr','SalesOdrHdr:Confirm'),('SalesOdrHdr','SalesOdrHdr:Create'),('Sales Order Authorize Personnel','SalesOdrHdr:Delete'),('Super User','SalesOdrHdr:Delete'),('Picking Processing','SalesOdrHdr:Picking'),('SalesOdrHdr','SalesOdrHdr:Picking'),('SalesOdrHdr','SalesOdrHdr:PrintPickingPreview'),('SalesOdrHdr','SalesOdrHdr:PrintSalesOrder'),('SalesOdrHdr','SalesOdrHdr:PrintSoAsPickingPreview'),('SalesOdrHdr','SalesOdrHdr:RetagStockAllocation'),('Sales Order Authorize Personnel','SalesOdrHdr:ReverseToDraft'),('Super User','SalesOdrHdr:ReverseToDraft'),('SalesOdrHdr','SalesOdrHdr:Running'),('SalesOdrHdr','SalesOdrHdr:SortByItemCode'),('SalesOdrHdr','SalesOdrHdr:SortLineUp'),('SalesOdrHdr','SalesOdrHdr:SplitView'),('SalesOdrHdr','SalesOdrHdr:TransferView'),('SalesOdrHdr','SalesOdrHdr:Update'),('SalesOdrHdr','SalesOdrHdr:UpdateArea'),('SalesOdrHdr','SalesOdrHdr:UpdateBranchInfo'),('SalesOdrHdr','SalesOdrHdr:UpdateCurrency'),('SalesOdrHdr','SalesOdrHdr:UpdateCustomerInfo'),('SalesOdrHdr','SalesOdrHdr:UpdateMySalesOrder'),('SalesOdrHdr','SalesOdrHdr:UpdateTax'),('SalesOdrHdr','SalesOdrHdr:UpdateTerm'),('Invoice Processing','SalesOdrHdr:View'),('Sales Reporting','SalesOdrHdr:View'),('SalesOdrHdr','SalesOdrHdr:View'),('Sales Order Authorize Personnel','SalesOdrHdr:Void'),('Super User','SalesOdrHdr:Void'),('Sales Order Processing','SalesOdrHdrC'),('Super User','SalesOdrHdrC'),('SalesOdrHdrC','SalesOdrHdrC:Admin'),('SalesOdrHdrC','SalesOdrHdrC:View'),('Sales Return Processing','SalesRetDtl'),('Super User','SalesRetDtl'),('SalesRetDtl','SalesRetDtl:Admin'),('SalesRetDtl','SalesRetDtl:BatchCreate'),('SalesRetDtl','SalesRetDtl:BatchDelete'),('SalesRetDtl','SalesRetDtl:CalculateNetAmt'),('SalesRetDtl','SalesRetDtl:CalculateNetAmtBatch'),('SalesRetDtl','SalesRetDtl:CalculateOdrAmt'),('SalesRetDtl','SalesRetDtl:CalculateTaxAmt'),('SalesRetDtl','SalesRetDtl:Create'),('SalesRetDtl','SalesRetDtl:Delete'),('SalesRetDtl','SalesRetDtl:MoveLineDown'),('SalesRetDtl','SalesRetDtl:MoveLineUp'),('SalesRetDtl','SalesRetDtl:Update'),('SalesRetDtl','SalesRetDtl:UpdateInventory'),('SalesRetDtl','SalesRetDtl:UpdateInventoryBatch'),('SalesRetDtl','SalesRetDtl:UpdateItem'),('SalesRetDtl','SalesRetDtl:UpdateItemBatch'),('SalesRetDtl','SalesRetDtl:UpdateTax'),('SalesRetDtl','SalesRetDtl:UpdateTaxBatch'),('SalesRetDtl','SalesRetDtl:UpdateUOM'),('SalesRetDtl','SalesRetDtl:UpdateUOMBatch'),('SalesRetDtl','SalesRetDtl:ValidateBatch'),('SalesRetDtl','SalesRetDtl:View'),('Super User','SalesRetHdr'),('Return Receiving Processing','SalesRetHdr:Admin'),('Sales CN Processing','SalesRetHdr:Admin'),('Sales Reporting','SalesRetHdr:Admin'),('Sales Return Processing','SalesRetHdr:Admin'),('SalesRetHdr','SalesRetHdr:Admin'),('Sales Return Processing','SalesRetHdr:BatchPrint'),('SalesRetHdr','SalesRetHdr:BatchPrint'),('SalesRetHdr','SalesRetHdr:CalculateDiscAmt'),('SalesRetHdr','SalesRetHdr:CalculateDiscLocalAmt'),('SalesRetHdr','SalesRetHdr:CalculateNetAmt'),('SalesRetHdr','SalesRetHdr:CalculateNetLocalAmt'),('SalesRetHdr','SalesRetHdr:CalculateTaxAmt'),('SalesRetHdr','SalesRetHdr:CalculateTaxLocalAmt'),('Sales Return Processing','SalesRetHdr:Confirm'),('SalesRetHdr','SalesRetHdr:Confirm'),('Sales Return Processing','SalesRetHdr:Create'),('SalesRetHdr','SalesRetHdr:Create'),('Sales Return Authorize Personnel','SalesRetHdr:Delete'),('SalesRetHdr','SalesRetHdr:Delete'),('Sales Return Authorize Personnel','SalesRetHdr:ReverseToDraft'),('SalesRetHdr','SalesRetHdr:ReverseToDraft'),('Sales Return Processing','SalesRetHdr:Update'),('SalesRetHdr','SalesRetHdr:Update'),('SalesRetHdr','SalesRetHdr:UpdateArea'),('SalesRetHdr','SalesRetHdr:UpdateBranchInfo'),('SalesRetHdr','SalesRetHdr:UpdateCurrency'),('SalesRetHdr','SalesRetHdr:UpdateCustomerInfo'),('SalesRetHdr','SalesRetHdr:UpdateTerm'),('Return Receiving Processing','SalesRetHdr:View'),('Sales CN Processing','SalesRetHdr:View'),('Sales Reporting','SalesRetHdr:View'),('Sales Return Processing','SalesRetHdr:View'),('SalesRetHdr','SalesRetHdr:View'),('Sales Return Authorize Personnel','SalesRetHdr:Void'),('SalesRetHdr','SalesRetHdr:Void'),('Salesteam Manager','SalesTeam'),('Super User','SalesTeam'),('SalesTeam','SalesTeam:Admin'),('SalesTeam','SalesTeam:AssignUser'),('SalesTeam','SalesTeam:BatchDelete'),('SalesTeam','SalesTeam:BatchRemoveMember'),('SalesTeam','SalesTeam:Create'),('SalesTeam','SalesTeam:Delete'),('SalesTeam','SalesTeam:RemoveMember'),('SalesTeam','SalesTeam:Update'),('SalesTeam','SalesTeam:View'),('Invoice Authorize Personnel','SalesTracking'),('Picking Processing','SalesTracking'),('Sales Order Processing','SalesTracking'),('Sales Reporting','SalesTracking'),('Shipping Processing','SalesTracking'),('Super User','SalesTracking'),('SalesTracking','SalesTracking:MobileTrack'),('SalesTracking','SalesTracking:Track'),('SalesTracking','SalesTracking:View'),('SalesTracking','SalesTracking:ViewDeliveryTracking'),('Super User','Setting'),('Setting','Setting:AssignServiceAccount'),('Setting','Setting:AssignSuperUserToAll'),('Setting','Setting:CleanUpItemGroup'),('Setting','Setting:ConvertCallCard'),('Setting','Setting:DeleteItemGroup2'),('Setting','Setting:FixCnEmptyBillAddr'),('Setting','Setting:FixReserveTrans'),('Setting','Setting:FixReserveTransO1'),('Setting','Setting:FixReserveTransO2'),('Setting','Setting:FoxProSqlCommand'),('Setting','Setting:Printing'),('Setting','Setting:PurgeStkTrans'),('Setting','Setting:RecalculateAverageCost'),('Setting','Setting:Reporting'),('Setting','Setting:RepostCNStkTrans'),('Setting','Setting:ResetReservedStock'),('Setting','Setting:SetupSalesTracking'),('Setting','Setting:SysInfo'),('Setting','Setting:Update1ItemAverageCost'),('Setting','Setting:UpdateAllItemAverageCost'),('Setting','Setting:UpdateDbSchema'),('Setting','Setting:UpdateDebtorTransLastPaidDate'),('Setting','Setting:UpdateItemAverageCost'),('Setting','Setting:UpdateVoidCreditorTrans'),('Setting','Setting:UpdateVoidDebtorTrans'),('Setting','Setting:UpdateVoidStkTrans'),('Setting','Setting:VerifyCreditorTrans'),('Setting','Setting:VerifyDebtorTrans'),('Setting','Setting:VerifyDebtorTransKo'),('Setting','Setting:VerifyInventoryWithStkTrans'),('Setting','Setting:ViewFinanceSetting'),('Setting','Setting:ViewIntgAutoCount'),('Setting','Setting:ViewIntgEmas'),('Setting','Setting:ViewIntgKao'),('Setting','Setting:ViewIntgLucia'),('Setting','Setting:ViewIntgNewspageRB'),('Setting','Setting:ViewIntgNewspageSCJ'),('Setting','Setting:ViewIntgSqlAccount'),('Setting','Setting:ViewIntgUBSAccounting'),('Setting','Setting:ViewInventorySetting'),('Setting','Setting:ViewPurchaseSetting'),('Setting','Setting:ViewSalesSetting'),('Setting','Setting:VoidAllDocuments2VerifyInventory'),('Setting','Setting:VoidAllSalesOrderVerifyReserved'),('Super User','Shelf'),('Shelf','Shelf:Create'),('Shelf','Shelf:Delete'),('Shelf','Shelf:Update'),('Super User','ShelfAisle'),('ShelfAisle','ShelfAisle:Admin'),('ShelfAisle','ShelfAisle:Create'),('ShelfAisle','ShelfAisle:Delete'),('ShelfAisle','ShelfAisle:Update'),('Super User','ShelfBay'),('ShelfBay','ShelfBay:Admin'),('ShelfBay','ShelfBay:Create'),('ShelfBay','ShelfBay:Delete'),('ShelfBay','ShelfBay:Update'),('Super User','ShelfLevel'),('ShelfLevel','ShelfLevel:Admin'),('ShelfLevel','ShelfLevel:Create'),('ShelfLevel','ShelfLevel:Delete'),('ShelfLevel','ShelfLevel:Update'),('Shipping Authorize Personnel','Shipping Processing'),('Super User','Site'),('Site','Site:Captcha'),('Site','Site:CCaptchaAction'),('Site','Site:Contact'),('Site','Site:CreateDefaultRole'),('Site','Site:Error'),('Site','Site:Index'),('Site','Site:InventoryIndex'),('Warehouse Processing','Site:InventoryIndex'),('Warehouse Reporting','Site:InventoryIndex'),('Site','Site:Login'),('Site','Site:Logout'),('Site','Site:MobileError'),('Site','Site:PortalIndex'),('Purchase Authorize Personnel','Site:PurchaseIndex'),('Purchase CN Processing','Site:PurchaseIndex'),('Purchase DN Processing','Site:PurchaseIndex'),('Purchase Invoice Authorize Personnel','Site:PurchaseIndex'),('Purchase Invoice Processing','Site:PurchaseIndex'),('Purchase Processing','Site:PurchaseIndex'),('Purchase Receiving Authorize Personnel','Site:PurchaseIndex'),('Purchase Receiving Processing','Site:PurchaseIndex'),('Purchase Report','Site:PurchaseIndex'),('Purchase Return Processing','Site:PurchaseIndex'),('Return Delivery Processing','Site:PurchaseIndex'),('Site','Site:PurchaseIndex'),('Site','Site:ReportsIndex'),('A/R Processing','Site:SalesIndex'),('A/R Reporting','Site:SalesIndex'),('Invoice Processing','Site:SalesIndex'),('Picking Processing','Site:SalesIndex'),('Promotion Processing','Site:SalesIndex'),('Return Receiving Processing','Site:SalesIndex'),('Sales CN Processing','Site:SalesIndex'),('Sales DN Processing','Site:SalesIndex'),('Sales Order Processing','Site:SalesIndex'),('Sales Reporting','Site:SalesIndex'),('Sales Return Processing','Site:SalesIndex'),('Salesteam Manager','Site:SalesIndex'),('Shipping Processing','Site:SalesIndex'),('Site','Site:SalesIndex'),('Warehouse Processing','Site:SalesIndex'),('Super User','StkAdjDtl'),('Warehouse Processing','StkAdjDtl'),('StkAdjDtl','StkAdjDtl:BatchDelete'),('StkAdjDtl','StkAdjDtl:CalculateAmt'),('StkAdjDtl','StkAdjDtl:Create'),('StkAdjDtl','StkAdjDtl:Delete'),('StkAdjDtl','StkAdjDtl:Update'),('StkAdjDtl','StkAdjDtl:UpdateInventory'),('StkAdjDtl','StkAdjDtl:UpdateItem'),('StkAdjDtl','StkAdjDtl:UpdateUOM'),('StkAdjDtl','StkAdjDtl:View'),('Super User','StkAdjHdr'),('Warehouse Processing','StkAdjHdr'),('StkAdjHdr','StkAdjHdr:Admin'),('StkAdjHdr','StkAdjHdr:Confirm'),('StkAdjHdr','StkAdjHdr:Create'),('Super User','StkAdjHdr:Delete'),('Warehouse Authorize Personnel','StkAdjHdr:Delete'),('StkAdjHdr','StkAdjHdr:Transfer'),('StkAdjHdr','StkAdjHdr:Update'),('StkAdjHdr','StkAdjHdr:View'),('Super User','StkAdjHdr:Void'),('Warehouse Authorize Personnel','StkAdjHdr:Void'),('Super User','StkCountDtl'),('Warehouse Processing','StkCountDtl'),('StkCountDtl','StkCountDtl:BatchDelete'),('StkCountDtl','StkCountDtl:Create'),('StkCountDtl','StkCountDtl:Delete'),('StkCountDtl','StkCountDtl:Update'),('StkCountDtl','StkCountDtl:UpdateInventory'),('StkCountDtl','StkCountDtl:UpdateItem'),('StkCountDtl','StkCountDtl:UpdateUOM'),('StkCountDtl','StkCountDtl:View'),('Super User','StkCountHdr'),('Warehouse Processing','StkCountHdr'),('StkCountHdr','StkCountHdr:Admin'),('StkCountHdr','StkCountHdr:Confirm'),('StkCountHdr','StkCountHdr:Create'),('StkCountHdr','StkCountHdr:ImportFromExcel2007'),('StkCountHdr','StkCountHdr:PreviewInExcel2007'),('Super User','StkCountHdr:ReverseToDraft'),('Warehouse Authorize Personnel','StkCountHdr:ReverseToDraft'),('StkCountHdr','StkCountHdr:Update'),('StkCountHdr','StkCountHdr:View'),('Super User','StkCountHdr:Void'),('Warehouse Authorize Personnel','StkCountHdr:Void'),('Super User','StkIssueDtl'),('StkIssueDtl','StkIssueDtl:CalculateAmt'),('StkIssueDtl','StkIssueDtl:Create'),('StkIssueDtl','StkIssueDtl:Delete'),('StkIssueDtl','StkIssueDtl:Update'),('StkIssueDtl','StkIssueDtl:UpdateInventory'),('StkIssueDtl','StkIssueDtl:UpdateItem'),('StkIssueDtl','StkIssueDtl:UpdateUOM'),('StkIssueDtl','StkIssueDtl:View'),('Super User','StkIssueHdr'),('StkIssueHdr','StkIssueHdr:Admin'),('StkIssueHdr','StkIssueHdr:Confirm'),('StkIssueHdr','StkIssueHdr:Create'),('StkIssueHdr','StkIssueHdr:Delete'),('StkIssueHdr','StkIssueHdr:Update'),('StkIssueHdr','StkIssueHdr:View'),('Super User','StkTransferDtl'),('Warehouse Processing','StkTransferDtl'),('StkTransferDtl','StkTransferDtl:BatchDelete'),('StkTransferDtl','StkTransferDtl:CalculateAmt'),('StkTransferDtl','StkTransferDtl:Create'),('StkTransferDtl','StkTransferDtl:Delete'),('StkTransferDtl','StkTransferDtl:Update'),('StkTransferDtl','StkTransferDtl:UpdateFrInventory'),('StkTransferDtl','StkTransferDtl:UpdateItem'),('StkTransferDtl','StkTransferDtl:UpdateToInventory'),('StkTransferDtl','StkTransferDtl:UpdateUOM'),('StkTransferDtl','StkTransferDtl:View'),('Super User','StkTransferHdr'),('Warehouse Processing','StkTransferHdr'),('StkTransferHdr','StkTransferHdr:Admin'),('StkTransferHdr','StkTransferHdr:BatchPrint'),('StkTransferHdr','StkTransferHdr:Confirm'),('StkTransferHdr','StkTransferHdr:Create'),('Super User','StkTransferHdr:Delete'),('Warehouse Authorize Personnel','StkTransferHdr:Delete'),('StkTransferHdr','StkTransferHdr:Update'),('StkTransferHdr','StkTransferHdr:View'),('Super User','StkTransferHdr:Void'),('Warehouse Authorize Personnel','StkTransferHdr:Void'),('Super User','StockRotation'),('StockRotation','StockRotation:Create'),('StockRotation','StockRotation:Update'),('Super User','SystemSettings'),('SystemSettings','SystemSettings:Admin'),('SystemSettings','SystemSettings:BatchDelete'),('SystemSettings','SystemSettings:Create'),('SystemSettings','SystemSettings:Delete'),('SystemSettings','SystemSettings:Update'),('Super User','TableLog'),('TableLog','TableLog:CheckTableLog'),('Super User','Tax'),('Tax','Tax:Admin'),('Tax','Tax:BatchDelete'),('Tax','Tax:Create'),('Tax','Tax:Delete'),('Tax','Tax:Update'),('Super User','TaxGroup'),('TaxGroup','TaxGroup:Admin'),('TaxGroup','TaxGroup:BatchDelete'),('TaxGroup','TaxGroup:Create'),('TaxGroup','TaxGroup:Delete'),('TaxGroup','TaxGroup:Update'),('TaxGroup','TaxGroup:View'),('Super User','TaxReport'),('TaxReport','TaxReport:PrintTaxDetailed'),('TaxReport','TaxReport:PrintTaxSummary'),('TaxReport','TaxReport:ViewReports'),('CUSTOMER MASTER ADMIN','Terms'),('Super User','Terms'),('Terms','Terms:Admin'),('Terms','Terms:BatchDelete'),('Terms','Terms:Create'),('Terms','Terms:Delete'),('Terms','Terms:Update'),('Super User','TransferDetailsForm'),('TransferDetailsForm','TransferDetailsForm:UpdateCustomerInfo'),('TransferDetailsForm','TransferDetailsForm:UpdateVendorInfo'),('ITEM MASTER ADMIN','Uom'),('Super User','Uom'),('Uom','Uom:Admin'),('Uom','Uom:BatchDelete'),('Uom','Uom:Create'),('Uom','Uom:Delete'),('Uom','Uom:Update'),('SALEMAN MASTER ADMIN','User'),('Super User','User'),('User','User:Admin'),('Super User','UserCustomer'),('UserCustomer','UserCustomer:Admin'),('UserCustomer','UserCustomer:BatchDelete'),('UserCustomer','UserCustomer:Create'),('UserCustomer','UserCustomer:Delete'),('UserCustomer','UserCustomer:Update'),('UserCustomer','UserCustomer:View'),('Super User','UserDivision'),('UserDivision','UserDivision:Delete'),('Super User','UserItemGroup'),('UserItemGroup','UserItemGroup:Admin'),('UserItemGroup','UserItemGroup:Create'),('UserItemGroup','UserItemGroup:Delete'),('UserItemGroup','UserItemGroup:Index'),('UserItemGroup','UserItemGroup:Update'),('UserItemGroup','UserItemGroup:View'),('Super User','Vendor'),('VENDOR  MASTER ADMIN','Vendor'),('Vendor','Vendor:Admin'),('Vendor','Vendor:BatchDelete'),('Vendor','Vendor:Create'),('Vendor','Vendor:Delete'),('Vendor','Vendor:FakeDelete'),('Vendor','Vendor:LoadImage'),('Vendor','Vendor:Update'),('Vendor','Vendor:View'),('Super User','VendorBranch'),('VENDOR  MASTER ADMIN','VendorBranch'),('VendorBranch','VendorBranch:Admin'),('VendorBranch','VendorBranch:BatchDelete'),('VendorBranch','VendorBranch:Create'),('VendorBranch','VendorBranch:Delete'),('VendorBranch','VendorBranch:Index'),('VendorBranch','VendorBranch:Update'),('Super User','VendorCategory'),('VENDOR  MASTER ADMIN','VendorCategory'),('VendorCategory','VendorCategory:Admin'),('VendorCategory','VendorCategory:BatchDelete'),('VendorCategory','VendorCategory:Create'),('VendorCategory','VendorCategory:Delete'),('VendorCategory','VendorCategory:Update'),('Super User','VendorContact'),('VENDOR  MASTER ADMIN','VendorContact'),('VendorContact','VendorContact:Admin'),('VendorContact','VendorContact:BatchDelete'),('VendorContact','VendorContact:Create'),('VendorContact','VendorContact:Delete'),('VendorContact','VendorContact:Index'),('VendorContact','VendorContact:Update'),('Super User','VendorDivision'),('VENDOR  MASTER ADMIN','VendorDivision'),('VendorDivision','VendorDivision:Assign'),('VendorDivision','VendorDivision:BatchDelete'),('VendorDivision','VendorDivision:Create'),('VendorDivision','VendorDivision:Delete'),('VendorDivision','VendorDivision:Update'),('VendorDivision','VendorDivision:ViewAssign'),('Super User','VisitDtl'),('VisitDtl','VisitDtl:Admin'),('VisitDtl','VisitDtl:Create'),('VisitDtl','VisitDtl:Delete'),('VisitDtl','VisitDtl:Index'),('VisitDtl','VisitDtl:Update'),('VisitDtl','VisitDtl:View'),('Super User','VisitHdr'),('VisitHdr','VisitHdr:Admin'),('VisitHdr','VisitHdr:Create'),('VisitHdr','VisitHdr:Delete'),('VisitHdr','VisitHdr:Index'),('VisitHdr','VisitHdr:Update'),('VisitHdr','VisitHdr:View'),('Warehouse Authorize Personnel','Warehouse Processing'),('Super User','WorkflowNode'),('WorkflowNode','WorkflowNode:AdminSalesOdr'),('WorkflowNode','WorkflowNode:Update0'),('WorkflowNode','WorkflowNode:Update3'),('WorkflowNode','WorkflowNode:Update5'),('WorkflowNode','WorkflowNode:Update7');

/*!40101 SET SQL_MODE=@OLD_SQL_MODE */;
/*!40014 SET FOREIGN_KEY_CHECKS=@OLD_FOREIGN_KEY_CHECKS */;
/*!40014 SET UNIQUE_CHECKS=@OLD_UNIQUE_CHECKS */;
/*!40111 SET SQL_NOTES=@OLD_SQL_NOTES */;
